864
CXUS53 KLMK 010810
CF6LEX
PRELIMINARY LOCAL CLIMATOLOGICAL DATA (WS FORM: F-6)
STATION: LEXINGTON KY
MONTH: DECEMBER
YEAR: 2020
LATITUDE: 38 1 N
LONGITUDE: 84 36 W
TEMPERATURE IN F: :PCPN: SNOW: WIND :SUNSHINE: SKY :PK WND
================================================================================
1 2 3 4 5 6A 6B 7 8 9 10 11 12 13 14 15 16 17 18
12Z AVG MX 2MIN
DY MAX MIN AVG DEP HDD CDD WTR SNW DPTH SPD SPD DIR MIN PSBL S-S WX SPD DR
================================================================================
1 30 22 26 -14 39 0 0.04 1.5 2 10.5 20 270 M M 8 1 26 260
2 40 18 29 -11 36 0 0.00 0.0 1 4.8 10 250 M M 0 12 250
3 42 22 32 -7 33 0 T 0.0 0 4.8 9 130 M M 5 11 130
4 43 39 41 2 24 0 0.04 0.0 0 5.3 15 270 M M 10 1 23 260
5 45 28 37 -2 28 0 0.00 0.0 0 4.7 12 250 M M 2 18 15 260
6 47 24 36 -2 29 0 0.02 0.0 0 4.8 10 60 M M 6 1 13 360
7 34 29 32 -6 33 0 0.00 0.0 0 8.2 13 330 M M 10 1 19 320
8 33 24 29 -9 36 0 0.00 0.0 0 4.0 9 190 M M 8 14 190
9 54 28 41 4 24 0 0.00 0.0 0 9.2 17 220 M M 0 24 220
10 60 29 45 8 20 0 0.00 0.0 0 7.0 14 190 M M 0 20 170
11 65 42 54 17 11 0 0.00 0.0 0 9.4 18 210 M M 0 25 210
12 60 37 49 13 16 0 0.06 0.0 0 12.7 25 210 M M 6 1 35 210
13 44 33 39 3 26 0 0.05 0.0 0 3.9 8 340 M M 8 1 10 220
14 39 25 32 -4 33 0 0.22 0.0 0 8.6 18 320 M M 10 1 24 320
15 37 20 29 -7 36 0 0.00 0.0 0 9.9 18 80 M M 2 24 60
16 39 31 35 -1 30 0 0.25 T 0 7.0 14 290 M M 10 14 21 280
17 31 29 30 -5 35 0 T T 0 7.1 13 280 M M 10 1 17 280
18 38 22 30 -5 35 0 0.00 0.0 0 3.9 9 170 M M 2 1 13 180
19 45 28 37 2 28 0 0.11 0.0 0 8.7 15 190 M M 5 22 190
20 44 31 38 3 27 0 0.41 0.0 0 8.1 21 210 M M 7 1 27 220
21 48 31 40 6 25 0 0.00 0.0 0 13.6 26 230 M M 5 1 36 220
22 45 32 39 5 26 0 0.00 0.0 0 7.9 23 280 M M 1 36 310
23 58 31 45 11 20 0 0.04 0.0 0 17.1 30 180 M M 3 48 170
24 49 18 34 0 31 0 0.41 1.6 0 11.7 29 170 M M 10 16 48 170
25 18 10 14 -20 51 0 0.02 0.5 1 11.1 20 290 M M 9 1 28 250
26 36 9 23 -11 42 0 0.00 0.0 1 9.3 16 220 M M 0 22 210
27 54 29 42 8 23 0 0.00 0.0 0 12.9 21 200 M M 1 33 190
28 50 25 38 4 27 0 0.00 0.0 0 10.1 24 220 M M 6 35 220
29 39 23 31 -2 34 0 0.00 0.0 0 8.7 16 80 M M 3 21 120
30 60 32 46 13 19 0 0.28 0.0 0 14.6 28 190 M M 6 1 42 200
31 39 32 36 3 29 0 0.64 0.0 0 10.2 18 50 M M 10 1 24 70
================================================================================
SM 1366 833 906 0 2.59 3.6 269.8 M 163
================================================================================
AV 44.1 26.9 8.7 FASTST M M 5 MAX(MPH)
MISC ----> 30 180 # 48 170
================================================================================
NOTES:
# LAST OF SEVERAL OCCURRENCES
COLUMN 17 PEAK WIND IN M.P.H.
PRELIMINARY LOCAL CLIMATOLOGICAL DATA (WS FORM: F-6) , PAGE 2
STATION: LEXINGTON KY
MONTH: DECEMBER
YEAR: 2020
LATITUDE: 38 1 N
LONGITUDE: 84 36 W
[TEMPERATURE DATA] [PRECIPITATION DATA] SYMBOLS USED IN COLUMN 16
AVERAGE MONTHLY: 35.5 TOTAL FOR MONTH: 2.59 1 = FOG OR MIST
DPTR FM NORMAL: -0.5 DPTR FM NORMAL: -1.34 2 = FOG REDUCING VISIBILITY
HIGHEST: 65 ON 11 GRTST 24HR 0.92 ON 30-31 TO 1/4 MILE OR LESS
LOWEST: 9 ON 26 3 = THUNDER
SNOW, ICE PELLETS, HAIL 4 = ICE PELLETS
TOTAL MONTH: 5.9 INCHES 5 = HAIL
GRTST 24HR 1.6 ON 24-24 6 = FREEZING RAIN OR DRIZZLE
GRTST DEPTH: 2 ON 1 7 = DUSTSTORM OR SANDSTORM:
VSBY 1/2 MILE OR LESS
8 = SMOKE OR HAZE
[NO. OF DAYS WITH] [WEATHER - DAYS WITH] 9 = BLOWING SNOW
X = TORNADO
MAX 32 OR BELOW: 3 0.01 INCH OR MORE: 14
MAX 90 OR ABOVE: 0 0.10 INCH OR MORE: 7
MIN 32 OR BELOW: 27 0.50 INCH OR MORE: 1
MIN 0 OR BELOW: 0 1.00 INCH OR MORE: 0
[HDD (BASE 65) ]
TOTAL THIS MO. 906 CLEAR (SCALE 0-3) 11
DPTR FM NORMAL 5 PTCLDY (SCALE 4-7) 11
TOTAL FM JUL 1 1735 CLOUDY (SCALE 8-10) 9
DPTR FM NORMAL -52
[CDD (BASE 65) ]
TOTAL THIS MO. 0
DPTR FM NORMAL 0 [PRESSURE DATA]
TOTAL FM JAN 1 1163 HIGHEST SLP 30.60 ON 29
DPTR FM NORMAL -27 LOWEST SLP 29.70 ON 24
[REMARKS]
#FINAL-12-20#