000
CXUS51 KOKX 010910
CF6LGA
PRELIMINARY LOCAL CLIMATOLOGICAL DATA (WS FORM: F-6)
STATION: LAGUARDIA NY
MONTH: MARCH
YEAR: 2023
LATITUDE: 40 46 N
LONGITUDE: 73 54 W
TEMPERATURE IN F: :PCPN: SNOW: WIND :SUNSHINE: SKY :PK WND
================================================================================
1 2 3 4 5 6A 6B 7 8 9 10 11 12 13 14 15 16 17 18
12Z AVG MX 2MIN
DY MAX MIN AVG DEP HDD CDD WTR SNW DPTH SPD SPD DIR MIN PSBL S-S WX SPD DR
================================================================================
1 44 33 39 0 26 0 0.01 0.0 T 8.7 20 160 M M 8 1 24 140
2 53 39 46 7 19 0 T 0.0 0 12.3 26 330 M M 9 18 32 340
3 46 38 42 2 23 0 0.15 T 0 11.8 28 100 M M 8 4 35 100
4 46 38 42 2 23 0 1.13 0.0 0 15.6 35 50 M M 9 13 45 90
5 53 39 46 6 19 0 0.00 0.0 0 15.4 30 330 M M 6 38 320
6 53 40 47 7 18 0 0.00 0.0 0 13.8 23 320 M M 5 25 310
7 47 33 40 0 25 0 0.05 T 0 18.6 35 320 M M 8 8 45 320
8 47 32 40 -1 25 0 0.00 0.0 0 16.9 28 330 M M 4 36 330
9 50 34 42 1 23 0 0.00 0.0 0 14.1 24 20 M M 3 30 330
10 46 35 41 0 24 0 0.34 0.0 0 8.6 14 130 M M 8 1 19 60
11 44 36 40 -2 25 0 0.31 T 0 15.2 23 340 M M 9 1 28 40
12 46 34 40 -2 25 0 0.00 0.0 0 9.0 16 350 M M 6 21 350
13 46 39 43 1 22 0 0.72 0.0 0 12.7 22 50 M M 10 18 27 50
14 40 35 38 -4 27 0 0.10 0.1 T 22.2 32 290 M M 10 1 45 300
15 45 35 40 -3 25 0 0.00 0.0 0 25.7 36 320 M M 6 46 320
16 59 36 48 5 17 0 0.00 0.0 0 9.6 23 300 M M 4 27 300
17 59 45 52 9 13 0 T 0.0 0 7.6 18 240 M M 9 23 230
18 56 41 49 6 16 0 0.01 0.0 0 14.5 28 330 M M 7 34 320
19 41 31 36 -8 29 0 0.00 0.0 0 16.6 29 270 M M 3 38 260
20 50 34 42 -2 23 0 0.00 0.0 0 9.5 18 170 M M 1 23 170
21 62 40 51 7 14 0 0.00 0.0 0 9.2 21 170 M M 3 26 170
22 59 48 54 9 11 0 0.00 0.0 M 10.7 22 180 M M 7 8 29 180
23 61 47 54 9 11 0 0.07 0.0 0 9.5 23 300 M M 9 128 29 310
24 58 44 51 6 14 0 0.00 0.0 0 8.7 24 310 M M 8 30 310
25 46 42 44 -2 21 0 0.17 0.0 0 14.2 25 90 M M 9 18 33 100
26 63 42 53 7 12 0 T 0.0 0 11.3 23 260 M M 3 18 30 290
27 58 43 51 5 14 0 0.20 0.0 0 9.9 21 60 M M 6 23 60
28 52 42 47 0 18 0 0.00 0.0 0 7.9 18 360 M M 8 22 360
29 55 40 48 1 17 0 0.01 0.0 0 9.5 31 310 M M 5 41 300
30 46 32 39 -8 26 0 0.02 0.0 0 15.5 32 310 M M 3 41 310
31 56 38 47 -1 18 0 0.00 0.0 0 8.3 23 180 M M 8 29 190
================================================================================
SM 1587 1185 623 0 3.29 0.1 393.1 M 202
================================================================================
AV 51.2 38.2 12.7 FASTST M M 7 MAX(MPH)
MISC ----> 36 320 46 320
================================================================================
NOTES:
# LAST OF SEVERAL OCCURRENCES
COLUMN 17 PEAK WIND IN M.P.H.
PRELIMINARY LOCAL CLIMATOLOGICAL DATA (WS FORM: F-6) , PAGE 2
STATION: LAGUARDIA NY
MONTH: MARCH
YEAR: 2023
LATITUDE: 40 46 N
LONGITUDE: 73 54 W
[TEMPERATURE DATA] [PRECIPITATION DATA] SYMBOLS USED IN COLUMN 16
AVERAGE MONTHLY: 44.7 TOTAL FOR MONTH: 3.29 1 = FOG OR MIST
DPTR FM NORMAL: 1.6 DPTR FM NORMAL: -0.72 2 = FOG REDUCING VISIBILITY
HIGHEST: 63 ON 26 GRTST 24HR 1.28 ON 3- 4 TO 1/4 MILE OR LESS
LOWEST: 31 ON 19 3 = THUNDER
SNOW, ICE PELLETS, HAIL 4 = ICE PELLETS
TOTAL MONTH: 1.7 INCHES 5 = HAIL
GRTST 24HR 0.1 ON 14-14 6 = FREEZING RAIN OR DRIZZLE
GRTST DEPTH: 2 ON M 7 = DUSTSTORM OR SANDSTORM:
VSBY 1/2 MILE OR LESS
8 = SMOKE OR HAZE
[NO. OF DAYS WITH] [WEATHER - DAYS WITH] 9 = BLOWING SNOW
X = TORNADO
MAX 32 OR BELOW: 0 0.01 INCH OR MORE: 14
MAX 90 OR ABOVE: 0 0.10 INCH OR MORE: 8
MIN 32 OR BELOW: 3 0.50 INCH OR MORE: 2
MIN 0 OR BELOW: 0 1.00 INCH OR MORE: 1
[HDD (BASE 65) ]
TOTAL THIS MO. 623 CLEAR (SCALE 0-3) 5
DPTR FM NORMAL -58 PTCLDY (SCALE 4-7) 16
TOTAL FM JUL 1 3399 CLOUDY (SCALE 8-10) 10
DPTR FM NORMAL -505
[CDD (BASE 65) ]
TOTAL THIS MO. 0
DPTR FM NORMAL -1 [PRESSURE DATA]
TOTAL FM JAN 1 0 HIGHEST SLP M ON M
DPTR FM NORMAL -1 LOWEST SLP 29.26 ON 4
[REMARKS]
#FINAL-03-23#