000
CXUS51 KOKX 011433
CLSLGA
CLIMATE REPORT
NATIONAL WEATHER SERVICE NEW YORK, NY
923 AM EST THU DEC 01 2022
...................................
...THE LAGUARDIA NY CLIMATE SUMMARY FOR THE SEASON, FROM
9/1/2022 TO 11/30/2022...
CLIMATE NORMAL PERIOD 1991 TO 2020
CLIMATE RECORD PERIOD 1939 TO 2022
WEATHER OBSERVED NORMAL DEPART LAST YEAR`S
VALUE DATE(S) VALUE FROM VALUE
NORMAL
..............................................................
TEMPERATURE (F)
RECORD
HIGH 102 09/02/1953
LOW 17 11/23/2018
11/29/1955
HIGHEST 89 09/04 MM MM
LOWEST 29 11/21 MM MM
AVG. MAXIMUM 66.9 66.0 0.9
AVG. MINIMUM 53.8 53.6 0.2
MEAN 60.3 59.8 0.5
DAYS MAX >= 90 0 1.0 -1.0
DAYS MAX <= 32 0 0.0 0.0
DAYS MIN <= 32 3 2.6 0.4
DAYS MIN <= 0 0 0.0 0.0
PRECIPITATION (INCHES)
RECORD
MAXIMUM 18.94 1977
MINIMUM 3.99 1965
TOTALS 13.31 10.84 2.47 13.56
DAILY AVG. 0.15 0.12 0.03
DAYS >= .01 30 26.1 3.9
DAYS >= .10 20 16.5 3.5
DAYS >= .50 9 7.5 1.5
DAYS >= 1.00 4 3.1 0.9
GREATEST
24 HR. TOTAL 2.27 09/12 TO 09/13
STORM TOTAL 1.77
(MM/DD(HH))
SNOWFALL (INCHES)
RECORDS
TOTAL 6.1 1989
24 HR TOTAL MM
TOTALS 0.0 0.4 -0.4
LIQUID EQUIV 0.00 0.00 0.00
SINCE 7/1 0.0 0.4 -0.4
LIQUID 7/1 0.00
DAYS >= TRACE 0 0.0 0.0
DAYS >= 1.0 0 0.0 0.0
GREATEST
SNOW DEPTH 0
24 HR TOTAL MM
STORM TOTAL 0.0
(MM/DD(HH))
DEGREE DAYS
HEATING TOTAL 630 696 -66
SINCE 7/1 630 696 -66
COOLING TOTAL 226 228 -2
SINCE 1/1 1538 1408 130
..............................................................
WIND (MPH)
AVERAGE WIND SPEED 10.2
HIGHEST WIND SPEED/DIRECTION 36/180 DATE 10/02
HIGHEST GUST SPEED/DIRECTION 48/180 DATE 11/30
SKY COVER
POSSIBLE SUNSHINE (PERCENT) MM
AVERAGE SKY COVER 0.53
NUMBER OF DAYS FAIR 29
NUMBER OF DAYS PC 34
NUMBER OF DAYS CLOUDY 28
AVERAGE RH (PERCENT) 58
WEATHER CONDITIONS. NUMBER OF DAYS WITH
THUNDERSTORM 8 MIXED PRECIP 0
HEAVY RAIN 11 RAIN 16
LIGHT RAIN 35 FREEZING RAIN 0
LT FREEZING RAIN 0 HAIL 0
HEAVY SNOW 0 SNOW 0
LIGHT SNOW 0 SLEET 0
FOG 22 FOG W/VIS <= 1/4 MILE 3
HAZE 8
- INDICATES NEGATIVE NUMBERS.
R INDICATES RECORD WAS SET OR TIED.
MM INDICATES DATA IS MISSING.
T INDICATES TRACE AMOUNT.
$$