000
CXUS56 KLOX 011155
CF6LGB
PRELIMINARY LOCAL CLIMATOLOGICAL DATA (WS FORM: F-6)
STATION: LONG BEACH AIRPORT CA
MONTH: MARCH
YEAR: 2022
LATITUDE: 33 49 N
LONGITUDE: 118 9 W
TEMPERATURE IN F: :PCPN: SNOW: WIND :SUNSHINE: SKY :PK WND
================================================================================
1 2 3 4 5 6A 6B 7 8 9 10 11 12 13 14 15 16 17 18
12Z AVG MX 2MIN
DY MAX MIN AVG DEP HDD CDD WTR SNW DPTH SPD SPD DIR MIN PSBL S-S WX SPD DR
================================================================================
1 85 48 67 8 0 2 0.00 M M 4.1 16 290 M M 0 19 300
2 76 49 63 4 2 0 0.00 M M 3.5 10 190 M M 0 1 14 180
3 62 52 57 -2 8 0 0.00 M M 6.9 15 180 M M 8 128 21 160
4 65 52 59 0 6 0 0.01 M M 7.2 17 280 M M 6 26 270
5 59 49 54 -5 11 0 T M M 13.3 32 290 M M 4 37 290
6 60 42 51 -8 14 0 0.00 M M 5.4 13 180 M M 0 15 180
7 72 44 58 -1 7 0 0.00 M M 3.8 18 290 M M 0 22 290
8 72 46 59 0 6 0 0.00 M M 4.5 18 300 M M 0 22 310
9 64 45 55 -4 10 0 0.00 M M 4.9 13 210 M M 1 17 190
10 68 53 61 2 4 0 0.00 M M 5.1 15 300 M M 2 19 210
11 75 47 61 1 4 0 0.00 M M 6.3 18 290 M M 0 21 300
12 78 48 63 3 2 0 0.00 M M 6.4 20 290 M M 0 24 290
13 70 49 60 0 5 0 0.00 M M 5.1 15 290 M M 0 17 290
14 74 54 64 4 1 0 0.00 M M 5.4 13 290 M M 3 M M
15 74 51 63 3 2 0 0.00 M M 4.6 9 290 M M 0 18 M M
16 75 55 65 5 0 0 0.00 M M 6.8 18 280 M M 2 20 270
17 84 53 69 9 0 4 0.00 M M 6.9 21 280 M M 0 25 280
18 73 52 63 3 2 0 0.00 M M 4.0 10 290 M M 0 M M
19 66 54 60 0 5 0 0.14 M M 5.8 14 290 M M 3 1 M M
20 72 54 63 3 2 0 T M M 11.7 24 290 M M 1 32 290
21 76 52 64 4 1 0 0.00 M M 3.6 17 300 M M 0 23 160
22 87 53 70 10 0 5 0.00 M M 3.9 15 300 M M 0 18 150
23 85 57 71 11 0 6 0.00 M M 5.0 17 290 M M 0 21 290
24 84 57 71 10 0 6 0.00 M M 5.0 14 290 M M 0 8 17 300
25 80 53 67 6 0 2 0.00 M M 4.2 15 290 M M 2 128 17 280
26 66 54 60 -1 5 0 0.00 M M 4.9 9 200 M M 4 18 M M
27 64 57 61 0 4 0 0.00 M M 7.2 10 220 M M 7 M M
28 63 56 60 -1 5 0 0.72 M M 9.1 23 150 M M 8 13 31 130
29 67 52 60 -1 5 0 0.03 M M 4.8 16 280 M M 2 1 21 290
30 71 55 63 2 2 0 0.00 M M 5.2 14 300 M M 4 19 300
31 64 57 61 0 4 0 T M M 5.3 12 200 M M 10 1 16 180
================================================================================
SM 2231 1600 117 25 0.90 M 179.9 M 67
================================================================================
AV 72.0 51.6 5.8 FASTST M M 2 MAX(MPH)
MISC ----> 32 290 37 290
================================================================================
NOTES:
# LAST OF SEVERAL OCCURRENCES
COLUMN 17 PEAK WIND IN M.P.H.
PRELIMINARY LOCAL CLIMATOLOGICAL DATA (WS FORM: F-6) , PAGE 2
STATION: LONG BEACH AIRPORT CA
MONTH: MARCH
YEAR: 2022
LATITUDE: 33 49 N
LONGITUDE: 118 9 W
[TEMPERATURE DATA] [PRECIPITATION DATA] SYMBOLS USED IN COLUMN 16
AVERAGE MONTHLY: 61.8 TOTAL FOR MONTH: 0.90 1 = FOG OR MIST
DPTR FM NORMAL: 1.9 DPTR FM NORMAL: -0.75 2 = FOG REDUCING VISIBILITY
HIGHEST: 87 ON 22 GRTST 24HR 0.75 ON 28-29 TO 1/4 MILE OR LESS
LOWEST: 42 ON 6 3 = THUNDER
SNOW, ICE PELLETS, HAIL 4 = ICE PELLETS
TOTAL MONTH: M 5 = HAIL
GRTST 24HR M ON M 6 = FREEZING RAIN OR DRIZZLE
GRTST DEPTH: M ON M 7 = DUSTSTORM OR SANDSTORM:
VSBY 1/2 MILE OR LESS
8 = SMOKE OR HAZE
[NO. OF DAYS WITH] [WEATHER - DAYS WITH] 9 = BLOWING SNOW
X = TORNADO
MAX 32 OR BELOW: 0 0.01 INCH OR MORE: 4
MAX 90 OR ABOVE: 0 0.10 INCH OR MORE: 2
MIN 32 OR BELOW: 0 0.50 INCH OR MORE: 1
MIN 0 OR BELOW: 0 1.00 INCH OR MORE: 0
[HDD (BASE 65) ]
TOTAL THIS MO. 117 CLEAR (SCALE 0-3) 21
DPTR FM NORMAL -52 PTCLDY (SCALE 4-7) 8
TOTAL FM JUL 1 918 CLOUDY (SCALE 8-10) 2
DPTR FM NORMAL -108
[CDD (BASE 65) ]
TOTAL THIS MO. 25
DPTR FM NORMAL 14 [PRESSURE DATA]
TOTAL FM JAN 1 43 HIGHEST SLP 30.31 ON 11
DPTR FM NORMAL 22 LOWEST SLP 29.75 ON 28
[REMARKS]
#FINAL-03-22#