000
CXUS55 KPUB 011210
CF6LHX
PRELIMINARY LOCAL CLIMATOLOGICAL DATA (WS FORM: F-6)
STATION: LA JUNTA CO
MONTH: JUNE
YEAR: 2023
LATITUDE: 38 2 N
LONGITUDE: 103 31 W
TEMPERATURE IN F: :PCPN: SNOW: WIND :SUNSHINE: SKY :PK WND
================================================================================
1 2 3 4 5 6A 6B 7 8 9 10 11 12 13 14 15 16 17 18
12Z AVG MX 2MIN
DY MAX MIN AVG DEP HDD CDD WTR SNW DPTH SPD SPD DIR MIN PSBL S-S WX SPD DR
================================================================================
1 82 57 70 0 0 5 0.03 M M 11.4 31 220 M M 2 38 40 210
2 80 54 67 -3 0 2 T M M 11.2 28 90 M M 2 3 35 120
3 67 55 61 -9 4 0 0.02 M M 7.9 16 60 M M 8 22 60
4 69 57 63 -8 2 0 0.09 M M 8.5 20 100 M M 9 138 25 80
5 69 56 63 -8 2 0 0.46 M M 4.5 17 140 M M 6 13 21 140
6 81 51 66 -6 0 1 0.00 M M 6.9 20 160 M M 1 1 25 150
7 82 56 69 -3 0 4 0.03 M M 9.4 25 230 M M 1 3 29 230
8 84 55 70 -2 0 5 0.00 M M 6.5 17 70 M M 0 22 70
9 83 54 69 -3 0 4 T M M 8.7 36 170 M M 0 51 160
10 84 52 68 -5 0 3 0.02 M M 6.6 25 280 M M 1 3 35 300
11 72 54 63 -10 2 0 0.01 M M 10.5 23 80 M M 5 3 31 90
12 74 52 63 -10 2 0 0.17 M M 13.5 28 150 M M 7 13 36 130
13 72 52 62 -12 3 0 0.06 M M 4.8 28 350 M M 5 3 37 350
14 79 49 64 -10 1 0 0.01 0.0 0 8.7 20 130 M M 1 3 25 120
15 81 52 67 -7 0 2 T M M 8.2 29 160 M M 0 3 36 160
16 79 51 65 -10 0 0 0.36 M M 11.5 43 230 M M 4 3 53 230
17 72 50 61 -14 4 0 0.45 M M 8.3 33 270 M M 4 13 44 270
18 86 47 67 -8 0 2 0.00 M M 9.6 16 120 M M 0 22 110
19 93 55 74 -1 0 9 0.00 M M 9.7 18 270 M M 0 23 250
20 92 54 73 -3 0 8 0.00 M M 7.2 23 300 M M 0 29 300
21 91 53 72 -4 0 7 T M M 13.9 35 100 M M 3 18 45 110
22 78 56 67 -9 0 2 0.01 M M 11.6 28 110 M M 5 13 34 120
23 98 60 79 3 0 14 0.00 M M 10.3 32 180 M M 1 138 43 190
24 89 52 71 -5 0 6 0.00 M M 9.6 18 110 M M 0 23 120
25 85 59 72 -5 0 7 0.00 M M 9.2 22 110 M M 2 28 120
26 96 59 78 1 0 13 0.00 M M 12.7 31 130 M M 0 41 130
27 97 67 82 5 0 17 0.00 M M 13.8 29 210 M M 0 37 210
28 96 62 79 2 0 14 0.00 M M 12.6 26 100 M M 0 33 110
29 84 64 74 -4 0 9 0.01 M M 10.1 39 150 M M 2 1 56 140
30 80 55 68 -10 0 3 T M M 9.5 31 30 M M 2 3 38 40
================================================================================
SM 2475 1650 20 137 1.73 0.0 286.9 M 71
================================================================================
AV 82.5 55.0 9.6 FASTST M M 2 MAX(MPH)
MISC ----> 43 230 56 140
================================================================================
NOTES:
# LAST OF SEVERAL OCCURRENCES
COLUMN 17 PEAK WIND IN M.P.H.
PRELIMINARY LOCAL CLIMATOLOGICAL DATA (WS FORM: F-6) , PAGE 2
STATION: LA JUNTA CO
MONTH: JUNE
YEAR: 2023
LATITUDE: 38 2 N
LONGITUDE: 103 31 W
[TEMPERATURE DATA] [PRECIPITATION DATA] SYMBOLS USED IN COLUMN 16
AVERAGE MONTHLY: 68.8 TOTAL FOR MONTH: 1.73 1 = FOG OR MIST
DPTR FM NORMAL: -5.4 DPTR FM NORMAL: 0.42 2 = FOG REDUCING VISIBILITY
HIGHEST: 98 ON 23 GRTST 24HR 0.81 ON 16-17 TO 1/4 MILE OR LESS
LOWEST: 47 ON 18 3 = THUNDER
SNOW, ICE PELLETS, HAIL 4 = ICE PELLETS
TOTAL MONTH: 0.0 INCH 5 = HAIL
GRTST 24HR 0.0 6 = FREEZING RAIN OR DRIZZLE
GRTST DEPTH: 0 7 = DUSTSTORM OR SANDSTORM:
VSBY 1/2 MILE OR LESS
8 = SMOKE OR HAZE
[NO. OF DAYS WITH] [WEATHER - DAYS WITH] 9 = BLOWING SNOW
X = TORNADO
MAX 32 OR BELOW: 0 0.01 INCH OR MORE: 14
MAX 90 OR ABOVE: 7 0.10 INCH OR MORE: 4
MIN 32 OR BELOW: 0 0.50 INCH OR MORE: 0
MIN 0 OR BELOW: 0 1.00 INCH OR MORE: 0
[HDD (BASE 65) ]
TOTAL THIS MO. 20 CLEAR (SCALE 0-3) 21
DPTR FM NORMAL 10 PTCLDY (SCALE 4-7) 7
TOTAL FM JUL 1 5469 CLOUDY (SCALE 8-10) 2
DPTR FM NORMAL 436
[CDD (BASE 65) ]
TOTAL THIS MO. 137
DPTR FM NORMAL -149 [PRESSURE DATA]
TOTAL FM JAN 1 174 HIGHEST SLP 30.11 ON 5
DPTR FM NORMAL -200 LOWEST SLP 29.52 ON 27
[REMARKS]
#FINAL-06-23#