000
CXUS54 KLZK 011131
CF6LLQ
PRELIMINARY LOCAL CLIMATOLOGICAL DATA (WS FORM: F-6)
STATION: Monticello
MONTH: JUNE
YEAR: 2020
LATITUDE: 33 37 N
LONGITUDE: 91 45 W
TEMPERATURE IN F: :PCPN: SNOW: WIND :SUNSHINE: SKY :PK WND
================================================================================
1 2 3 4 5 6A 6B 7 8 9 10 11 12 13 14 15 16 17 18
12Z AVG MX 2MIN
DY MAX MIN AVG DEP HDD CDD WTR SNW DPTH SPD SPD DIR MIN PSBL S-S WX SPD DR
================================================================================
1 86 62 74 -2 0 9 0.00 0.0 0 1.5 10 70 M M 0 13 90
2 88 61 75 -1 0 10 0.00 0.0 0 1.8 8 140 M M 1 10 140
3 89 70 80 4 0 15 0.00 0.0 0 4.2 15 190 M M 3 21 190
4 89 72 81 5 0 16 0.00 0.0 0 6.6 14 200 M M 1 3 20 220
5 94 70 82 5 0 17 0.14 0.0 0 6.3 18 300 M M 2 3 27 280
6 91 69 80 3 0 15 0.00 0.0 0 4.3 13 80 M M 0 16 90
7 92 72 82 5 0 17 0.00 0.0 0 10.0 22 60 M M 1 29 70
8 82 73 78 1 0 13 1.96 0.0 0 11.9 25 50 M M 8 1 35 50
9 92 74 83 5 0 18 0.19 0.0 0 11.4 18 270 M M 6 138 29 210
10 81 63 72 -6 0 7 0.04 0.0 0 7.8 18 260 M M 3 3 28 250
11 85 59 72 -6 0 7 0.00 0.0 0 3.5 15 50 M M 0 18 50
12 88 60 74 -4 0 9 0.00 0.0 0 4.7 14 40 M M 0 20 10
13 91 64 78 -1 0 13 0.00 0.0 0 3.1 12 60 M M 0 16 50
14 92 64 78 -1 0 13 0.00 0.0 0 2.6 9 120 M M 0 13 120
15 93 67 80 1 0 15 0.00 0.0 0 1.7 10 60 M M 0 15 50
16 87 63 75 -4 0 10 0.00 0.0 0 4.0 12 60 M M 0 16 70
17 89 61 75 -4 0 10 0.00 0.0 0 1.9 8 120 M M 1 11 90
18 90 64 77 -3 0 12 0.00 0.0 0 1.4 8 150 M M 0 12 150
19 90 67 79 -1 0 14 T 0.0 0 2.5 12 310 M M 2 17 250
20 92 75 84 4 0 19 0.11 0.0 0 6.4 15 210 M M 3 13 20 260
21 90 70 80 0 0 15 0.18 0.0 0 4.6 18 150 M M 4 13 28 150
22 85 68 77 -3 0 12 0.98 0.0 0 7.7 17 200 M M 7 13 24 200
23 86 74 80 0 0 15 0.02 0.0 0 5.3 18 220 M M 4 1 24 230
24 86 72 79 -2 0 14 0.00 0.0 0 2.5 12 50 M M 5 13 14 70
25 86 71 79 -2 0 14 0.03 0.0 0 4.0 20 150 M M 6 1 29 140
26 80 72 76 -5 0 11 1.75 0.0 0 6.4 20 230 M M 8 13 30 250
27 90 77 84 3 0 19 T 0.0 0 7.7 15 220 M M 4 1 21 210
28 91 73 82 1 0 17 0.05 0.0 0 8.3 29 210 M M 3 13 39 190
29 89 76 83 2 0 18 0.05 0.0 0 5.7 22 200 M M 3 3 30 190
30 92 77 85 4 0 20 0.00 0.0 0 8.2 18 200 M M 3 25 190
================================================================================
SM 2656 2060 0 414 5.50 0.0 158.0 M 78
================================================================================
AV 88.5 68.7 5.3 FASTST M M 3 MAX(MPH)
MISC ----> # 29 210 # 39 190
================================================================================
NOTES:
# LAST OF SEVERAL OCCURRENCES
COLUMN 17 PEAK WIND IN M.P.H.
PRELIMINARY LOCAL CLIMATOLOGICAL DATA (WS FORM: F-6) , PAGE 2
STATION: Monticello
MONTH: JUNE
YEAR: 2020
LATITUDE: 33 37 N
LONGITUDE: 91 45 W
[TEMPERATURE DATA] [PRECIPITATION DATA] SYMBOLS USED IN COLUMN 16
AVERAGE MONTHLY: 78.6 TOTAL FOR MONTH: 5.50 1 = FOG OR MIST
DPTR FM NORMAL: -0.3 DPTR FM NORMAL: 1.42 2 = FOG REDUCING VISIBILITY
HIGHEST: 94 ON 5 GRTST 24HR 1.96 ON 8- 8 TO 1/4 MILE OR LESS
LOWEST: 59 ON 11 3 = THUNDER
SNOW, ICE PELLETS, HAIL 4 = ICE PELLETS
TOTAL MONTH: 0.0 INCH 5 = HAIL
GRTST 24HR 0.0 6 = FREEZING RAIN OR DRIZZLE
GRTST DEPTH: 0 7 = DUSTSTORM OR SANDSTORM:
VSBY 1/2 MILE OR LESS
8 = SMOKE OR HAZE
[NO. OF DAYS WITH] [WEATHER - DAYS WITH] 9 = BLOWING SNOW
X = TORNADO
MAX 32 OR BELOW: 0 0.01 INCH OR MORE: 12
MAX 90 OR ABOVE: 14 0.10 INCH OR MORE: 7
MIN 32 OR BELOW: 0 0.50 INCH OR MORE: 3
MIN 0 OR BELOW: 0 1.00 INCH OR MORE: 2
[HDD (BASE 65) ]
TOTAL THIS MO. 0 CLEAR (SCALE 0-3) 20
DPTR FM NORMAL -1 PTCLDY (SCALE 4-7) 9
TOTAL FM JUL 1 2278 CLOUDY (SCALE 8-10) 1
DPTR FM NORMAL -424
[CDD (BASE 65) ]
TOTAL THIS MO. 414
DPTR FM NORMAL -4 [PRESSURE DATA]
TOTAL FM JAN 1 712 HIGHEST SLP 30.29 ON 12
DPTR FM NORMAL -33 LOWEST SLP 29.35 ON 8
[REMARKS]
ALL SNOWFALL DATA IS FROM THE UNIVERSITY OF ARKANSAS AT MONTICELLO COOPERATIVE OBSERVER SITE
#FINAL-06-20#