000
CXUS56 KMFR 010930
CF6LMT
PRELIMINARY LOCAL CLIMATOLOGICAL DATA (WS FORM: F-6)
STATION: KLAMATH FALLS OR
MONTH: MAY
YEAR: 2022
LATITUDE: 42 9 N
LONGITUDE: 121 44 W
TEMPERATURE IN F: :PCPN: SNOW: WIND :SUNSHINE: SKY :PK WND
================================================================================
1 2 3 4 5 6A 6B 7 8 9 10 11 12 13 14 15 16 17 18
12Z AVG MX 2MIN
DY MAX MIN AVG DEP HDD CDD WTR SNW DPTH SPD SPD DIR MIN PSBL S-S WX SPD DR
================================================================================
1 62 23 43 -5 22 0 0.00 M M 4.5 13 180 M M 0 17 170
2 50 32 41 -7 24 0 0.01 M M 17.1 33 290 M M 7 42 280
3 64 21 43 -5 22 0 0.00 M M 4.0 12 270 M M 1 1 17 170
4 77 30 54 5 11 0 0.00 M M 4.7 17 160 M M 0 1 22 160
5 56 43 50 1 15 0 0.08 M M 8.1 30 200 M M 8 18 41 210
6 63 39 51 2 14 0 0.08 M M 16.1 35 210 M M 7 48 210
7 50 29 40 -10 25 0 0.04 M M 13.6 30 280 M M 6 44 310
8 39 24 32 -18 33 0 0.05 M M 9.8 26 310 M M 6 18 43 310
9 43 25 34 -16 31 0 0.01 M M 6.2 21 290 M M 9 1 25 290
10 48 29 39 -11 26 0 T M M 6.6 23 40 M M 8 1 30 330
11 53 21 37 -14 28 0 T M M 5.8 16 310 M M 4 1 23 290
12 54 36 45 -6 20 0 T M M 8.0 21 250 M M 9 28 250
13 62 32 47 -4 18 0 T M M 8.7 24 270 M M 6 1 30 270
14 69 39 54 2 11 0 0.00 M M 6.9 17 260 M M 3 28 250
15 77 35 56 4 9 0 0.00 M M 7.4 25 260 M M 1 12 34 260
16 69 M M M M M 0.00 M M 6.5 18 330 M M 0 28 270
17 72 25 49 -3 16 0 0.00 M M 5.7 17 320 M M 1 12 26 310
18 72 32 52 0 13 0 0.00 M M 9.7 25 270 M M 1 34 280
19 56 29 43 -10 22 0 0.00 M M 13.5 28 330 M M 3 36 300
20 61 27 44 -9 21 0 0.00 M M 8.0 21 340 M M 0 27 340
21 67 28 48 -5 17 0 0.00 M M 7.1 17 320 M M 0 28 340
22 68 30 49 -4 16 0 0.00 M M 6.3 17 330 M M 1 23 330
23 73 36 55 1 10 0 0.00 M M 7.9 21 330 M M 2 28 350
24 77 32 55 1 10 0 0.00 M M 5.8 18 330 M M 0 24 330
25 83 36 60 6 5 0 0.00 M M 5.8 20 350 M M 0 25 340
26 79 37 58 4 7 0 0.00 M M 6.8 31 270 M M 1 3 38 260
27 67 38 53 -1 12 0 0.01 M M 5.7 23 280 M M 6 32 250
28 60 41 51 -3 14 0 0.13 M M 9.3 30 280 M M 9 1 38 280
29 54 37 46 -9 19 0 T M M 14.1 26 260 M M 8 37 270
30 59 25 42 -13 23 0 0.00 M M 7.6 20 310 M M 3 27 320
31 70 30 50 -5 15 0 0.00 M M 3.4 13 30 M M 1 17 50
================================================================================
SM 1954 941 529 0 0.41 M 250.7 M 111
================================================================================
AV 63.0 31.4 8.1 FASTST M M 4 MAX(MPH)
MISC ----> 35 210 48 210
================================================================================
NOTES:
# LAST OF SEVERAL OCCURRENCES
COLUMN 17 PEAK WIND IN M.P.H.
PRELIMINARY LOCAL CLIMATOLOGICAL DATA (WS FORM: F-6) , PAGE 2
STATION: KLAMATH FALLS OR
MONTH: MAY
YEAR: 2022
LATITUDE: 42 9 N
LONGITUDE: 121 44 W
[TEMPERATURE DATA] [PRECIPITATION DATA] SYMBOLS USED IN COLUMN 16
AVERAGE MONTHLY: 47.2 TOTAL FOR MONTH: 0.41 1 = FOG OR MIST
DPTR FM NORMAL: -4.5 DPTR FM NORMAL: -0.63 2 = FOG REDUCING VISIBILITY
HIGHEST: 83 ON 25 GRTST 24HR 0.14 ON 27-28 TO 1/4 MILE OR LESS
LOWEST: 21 ON 11, 3 3 = THUNDER
SNOW, ICE PELLETS, HAIL 4 = ICE PELLETS
TOTAL MONTH: M 5 = HAIL
GRTST 24HR M ON M 6 = FREEZING RAIN OR DRIZZLE
GRTST DEPTH: M ON M 7 = DUSTSTORM OR SANDSTORM:
VSBY 1/2 MILE OR LESS
8 = SMOKE OR HAZE
[NO. OF DAYS WITH] [WEATHER - DAYS WITH] 9 = BLOWING SNOW
X = TORNADO
MAX 32 OR BELOW: 0 0.01 INCH OR MORE: 8
MAX 90 OR ABOVE: 0 0.10 INCH OR MORE: 1
MIN 32 OR BELOW: 19 0.50 INCH OR MORE: 0
MIN 0 OR BELOW: 0 1.00 INCH OR MORE: 0
[HDD (BASE 65) ]
TOTAL THIS MO. 529 CLEAR (SCALE 0-3) 18
DPTR FM NORMAL 114 PTCLDY (SCALE 4-7) 10
TOTAL FM JUL 1 6492 CLOUDY (SCALE 8-10) 3
DPTR FM NORMAL -8
[CDD (BASE 65) ]
TOTAL THIS MO. 0
DPTR FM NORMAL -3 [PRESSURE DATA]
TOTAL FM JAN 1 0 HIGHEST SLP M ON M
DPTR FM NORMAL -3 LOWEST SLP 29.69 ON 2
[REMARKS]
#FINAL-05-22#