000
CXUS53 KLMK 010710
CF6LOU
PRELIMINARY LOCAL CLIMATOLOGICAL DATA (WS FORM: F-6)
STATION: LOUISVILLE BOWMAN KY
MONTH: JUNE
YEAR: 2021
LATITUDE: 38 13 N
LONGITUDE: 85 39 W
TEMPERATURE IN F: :PCPN: SNOW: WIND :SUNSHINE: SKY :PK WND
================================================================================
1 2 3 4 5 6A 6B 7 8 9 10 11 12 13 14 15 16 17 18
12Z AVG MX 2MIN
DY MAX MIN AVG DEP HDD CDD WTR SNW DPTH SPD SPD DIR MIN PSBL S-S WX SPD DR
================================================================================
1 76 58 67 -5 0 2 0.14 M M 2.1 8 110 M M 4 1 12 140
2 69 63 66 -6 0 1 0.69 M M 6.9 20 160 M M 9 1 30 140
3 78 64 71 -1 0 6 1.08 M M 5.7 16 200 M M 6 123 27 180
4 87 59 73 0 0 8 0.00 M M 3.0 8 230 M M 1 12 12 170
5 87 61 74 1 0 9 0.00 M M 3.7 14 190 M M 1 18 19 220
6 85 66 76 3 0 11 0.09 M M 5.0 26 160 M M 6 37 170
7 84 71 78 4 0 13 0.36 M M 8.0 18 170 M M 7 1 24 140
8 83 72 78 4 0 13 0.19 M M 5.2 9 170 M M 3 3 13 170
9 81 71 76 2 0 11 0.05 M M 5.5 10 170 M M 10 1 16 120
10 85 71 78 4 0 13 0.01 M M 4.0 15 220 M M 7 13 22 230
11 89 71 80 5 0 15 0.05 M M 2.8 22 350 M M 4 138 34 10
12 94 68 81 6 0 16 0.00 M M 3.3 10 170 M M 1 1 16 90
13 92 72 82 7 0 17 0.00 M M 4.2 14 360 M M 1 3 20 20
14 91 64 78 3 0 13 0.00 M M 6.2 20 290 M M 0 28 260
15 84 62 73 -3 0 8 0.00 M M 5.9 15 20 M M 1 23 30
16 85 63 74 -2 0 9 0.00 M M 3.9 10 90 M M 1 13 360
17 87 60 74 -2 0 9 0.00 M M 3.5 13 210 M M 0 19 140
18 92 69 81 5 0 16 T M M 11.5 24 200 M M 1 36 190
19 88 71 80 4 0 15 T M M 10.0 21 210 M M 3 3 28 200
20 91 73 82 6 0 17 0.00 M M 9.8 17 200 M M 2 25 220
21 86 64 75 -2 0 10 0.13 M M 9.7 18 220 M M 5 3 29 230
22 74 59 67 -10 0 2 0.00 M M 5.7 17 20 M M 0 27 10
23 81 52 67 -10 0 2 0.00 M M 6.8 17 130 M M 0 26 140
24 86 59 73 -4 0 8 0.00 M M 8.5 18 180 M M 1 28 200
25 86 76 81 4 0 16 0.00 M M 12.3 25 160 M M 5 35 150
26 89 74 82 4 0 17 0.00 M M 12.6 22 200 M M 3 31 180
27 92 73 83 5 0 18 0.00 M M 9.6 21 210 M M 2 31 200
28 94 74 84 6 0 19 0.00 M M 6.7 14 160 M M 2 20 180
29 96 73 85 7 0 20 0.01 M M 2.7 14 320 M M 1 3 21 330
30 88 74 81 3 0 16 T M M 4.6 14 260 M M 3 3 19 260
================================================================================
SM 2580 2007 0 350 2.80 M 189.4 M 90
================================================================================
AV 86.0 66.9 6.3 FASTST M M 3 MAX(MPH)
MISC ----> 26 160 37 170
================================================================================
NOTES:
# LAST OF SEVERAL OCCURRENCES
COLUMN 17 PEAK WIND IN M.P.H.
PRELIMINARY LOCAL CLIMATOLOGICAL DATA (WS FORM: F-6) , PAGE 2
STATION: LOUISVILLE BOWMAN KY
MONTH: JUNE
YEAR: 2021
LATITUDE: 38 13 N
LONGITUDE: 85 39 W
[TEMPERATURE DATA] [PRECIPITATION DATA] SYMBOLS USED IN COLUMN 16
AVERAGE MONTHLY: 76.5 TOTAL FOR MONTH: 2.80 1 = FOG OR MIST
DPTR FM NORMAL: 1.0 DPTR FM NORMAL: -1.88 2 = FOG REDUCING VISIBILITY
HIGHEST: 96 ON 29 GRTST 24HR 1.22 ON 2- 3 TO 1/4 MILE OR LESS
LOWEST: 52 ON 23 3 = THUNDER
SNOW, ICE PELLETS, HAIL 4 = ICE PELLETS
TOTAL MONTH: M 5 = HAIL
GRTST 24HR M ON M 6 = FREEZING RAIN OR DRIZZLE
GRTST DEPTH: M ON M 7 = DUSTSTORM OR SANDSTORM:
VSBY 1/2 MILE OR LESS
8 = SMOKE OR HAZE
[NO. OF DAYS WITH] [WEATHER - DAYS WITH] 9 = BLOWING SNOW
X = TORNADO
MAX 32 OR BELOW: 0 0.01 INCH OR MORE: 11
MAX 90 OR ABOVE: 8 0.10 INCH OR MORE: 6
MIN 32 OR BELOW: 0 0.50 INCH OR MORE: 2
MIN 0 OR BELOW: 0 1.00 INCH OR MORE: 1
[HDD (BASE 65) ]
TOTAL THIS MO. 0 CLEAR (SCALE 0-3) 17
DPTR FM NORMAL -3 PTCLDY (SCALE 4-7) 11
TOTAL FM JUL 1 4092 CLOUDY (SCALE 8-10) 2
DPTR FM NORMAL -54
[CDD (BASE 65) ]
TOTAL THIS MO. 350
DPTR FM NORMAL 37 [PRESSURE DATA]
TOTAL FM JAN 1 491 HIGHEST SLP M ON M
DPTR FM NORMAL -5 LOWEST SLP 29.66 ON 21
[REMARKS]
#FINAL-06-21#