000
CXUS55 KJKL 011310
CF6LOZ
PRELIMINARY LOCAL CLIMATOLOGICAL DATA (WS FORM: F-6)
STATION: LONDON KY
MONTH: SEPTEMBER
YEAR: 2021
LATITUDE: 37 4 N
LONGITUDE: 84 5 W
TEMPERATURE IN F: :PCPN: SNOW: WIND :SUNSHINE: SKY :PK WND
================================================================================
1 2 3 4 5 6A 6B 7 8 9 10 11 12 13 14 15 16 17 18
12Z AVG MX 2MIN
DY MAX MIN AVG DEP HDD CDD WTR SNW DPTH SPD SPD DIR MIN PSBL S-S WX SPD DR
================================================================================
1 78 65 72 -1 0 7 0.19 M M 6.8 16 360 M M 8 1 24 360
2 77 59 68 -5 0 3 0.00 M M 5.9 14 20 M M 1 21 20
3 81 54 68 -5 0 3 0.00 M M 2.2 8 300 M M 2 13 270
4 82 62 72 0 0 7 0.00 M M 4.0 15 240 M M 2 1 19 270
5 75 67 71 -1 0 6 0.07 M M 5.2 13 220 M M 8 1 17 210
6 80 60 70 -2 0 5 0.00 M M 2.4 10 60 M M 4 16 40
7 83 53 68 -4 0 3 0.00 M M 2.7 10 240 M M 1 1 16 240
8 83 63 73 2 0 8 0.03 M M 4.8 15 240 M M 5 1 21 330
9 78 57 68 -3 0 3 0.00 M M 4.7 16 360 M M 5 1 22 360
10 78 52 65 -6 0 0 0.00 M M 1.4 8 20 M M 2 1 12 30
11 80 53 67 -3 0 2 0.00 M M 3.5 16 250 M M 0 1 20 230
12 84 59 72 2 0 7 0.00 M M 4.6 14 250 M M 0 20 250
13 84 62 73 3 0 8 0.00 M M 2.9 9 220 M M 2 1 14 200
14 86 63 75 5 0 10 0.00 M M 1.9 10 200 M M 1 1 18 200
15 80 63 72 3 0 7 0.62 M M 4.2 17 20 M M 8 123 25 20
16 83 61 72 3 0 7 0.00 M M 1.9 9 50 M M 5 12 14 40
17 85 63 74 6 0 9 0.00 M M 1.0 7 140 M M 3 1 10 230
18 81 67 74 6 0 9 T M M 1.4 7 270 M M 5 1 11 220
19 84 67 76 8 0 11 0.53 M M 2.6 17 120 M M 5 123 28 120
20 77 66 72 5 0 7 0.20 M M 2.7 10 150 M M 6 1 16 160
21 74 66 70 3 0 5 0.03 M M 2.6 10 140 M M 8 1 16 130
22 69 53 61 -6 4 0 0.90 M M 8.2 23 290 M M 9 1 32 290
23 66 49 58 -8 7 0 0.00 M M 6.2 15 240 M M 6 20 260
24 70 44 57 -9 8 0 0.00 M M 1.2 8 250 M M 0 1 12 280
25 70 48 59 -7 6 0 0.01 M M 2.5 13 280 M M 3 1 18 280
26 72 49 61 -4 4 0 0.00 M M 2.3 9 250 M M 5 12 13 230
27 80 50 65 0 0 0 0.00 M M 3.9 14 240 M M 0 22 250
28 81 58 70 6 0 5 0.00 M M 3.6 15 240 M M 0 1 19 240
29 84 58 71 7 0 6 0.00 M M 1.4 8 30 M M 2 1 12 320
30 82 60 71 7 0 6 0.00 M M 1.8 8 30 M M 3 12 12 30
================================================================================
SM 2367 1751 29 144 2.58 M 100.5 M 109
================================================================================
AV 78.9 58.4 3.4 FASTST M M 4 MAX(MPH)
MISC ----> 23 290 32 290
================================================================================
NOTES:
# LAST OF SEVERAL OCCURRENCES
COLUMN 17 PEAK WIND IN M.P.H.
PRELIMINARY LOCAL CLIMATOLOGICAL DATA (WS FORM: F-6) , PAGE 2
STATION: LONDON KY
MONTH: SEPTEMBER
YEAR: 2021
LATITUDE: 37 4 N
LONGITUDE: 84 5 W
[TEMPERATURE DATA] [PRECIPITATION DATA] SYMBOLS USED IN COLUMN 16
AVERAGE MONTHLY: 68.6 TOTAL FOR MONTH: 2.58 1 = FOG OR MIST
DPTR FM NORMAL: -0.2 DPTR FM NORMAL: -0.97 2 = FOG REDUCING VISIBILITY
HIGHEST: 86 ON 14 GRTST 24HR 0.90 ON 22-22 TO 1/4 MILE OR LESS
LOWEST: 44 ON 24 3 = THUNDER
SNOW, ICE PELLETS, HAIL 4 = ICE PELLETS
TOTAL MONTH: M 5 = HAIL
GRTST 24HR M ON M 6 = FREEZING RAIN OR DRIZZLE
GRTST DEPTH: M ON M 7 = DUSTSTORM OR SANDSTORM:
VSBY 1/2 MILE OR LESS
8 = SMOKE OR HAZE
[NO. OF DAYS WITH] [WEATHER - DAYS WITH] 9 = BLOWING SNOW
X = TORNADO
MAX 32 OR BELOW: 0 0.01 INCH OR MORE: 9
MAX 90 OR ABOVE: 0 0.10 INCH OR MORE: 5
MIN 32 OR BELOW: 0 0.50 INCH OR MORE: 3
MIN 0 OR BELOW: 0 1.00 INCH OR MORE: 0
[HDD (BASE 65) ]
TOTAL THIS MO. 29 CLEAR (SCALE 0-3) 15
DPTR FM NORMAL -9 PTCLDY (SCALE 4-7) 14
TOTAL FM JUL 1 29 CLOUDY (SCALE 8-10) 1
DPTR FM NORMAL -8
[CDD (BASE 65) ]
TOTAL THIS MO. 144
DPTR FM NORMAL -8 [PRESSURE DATA]
TOTAL FM JAN 1 1184 HIGHEST SLP 30.28 ON 12
DPTR FM NORMAL -8 LOWEST SLP 29.57 ON 1
[REMARKS]
#FINAL-09-21#