000
CXUS53 KJKL 011519
CLMLOZ
CLIMATE REPORT
NATIONAL WEATHER SERVICE JACKSON KY
1019 AM EST THU FEB 01 2024
...................................
...THE LONDON KY CLIMATE SUMMARY FOR THE MONTH OF JANUARY 2024...
CLIMATE NORMAL PERIOD 1991 TO 2020
CLIMATE RECORD PERIOD 1954 TO 2024
WEATHER OBSERVED NORMAL DEPART LAST YEAR`S
VALUE DATE(S) VALUE FROM VALUE DATE(S)
NORMAL
................................................................
TEMPERATURE (F)
RECORD
HIGH 74 01/31/2002
01/22/1999
01/24/1972
LOW -25 01/19/1994
HIGHEST 64 01/25 MM MM 70 01/03
LOWEST -6 01/21 MM MM 19 01/15
AVG. MAXIMUM 42.2 45.2 -3.0 52.0
AVG. MINIMUM 24.6 26.7 -2.1 33.6
MEAN 33.4 36.0 -2.6 42.8
DAYS MAX >= 90 0 0.0 0.0 0
DAYS MAX <= 32 5 4.9 0.1 0
DAYS MIN <= 32 22 21.2 0.8 15
DAYS MIN <= 0 3 0.5 2.5 0
PRECIPITATION (INCHES)
RECORD
MAXIMUM 10.09 1957
MINIMUM 1.07 1981
TOTALS 5.18 3.89 1.29 4.38
DAILY AVG. 0.17 0.13 0.04 0.14
DAYS >= .01 17 11.8 5.2 16
DAYS >= .10 10 7.0 3.0 10
DAYS >= .50 4 3.0 1.0 3
DAYS >= 1.00 1 1.0 0.0 0
GREATEST
24 HR. TOTAL 1.80 01/09 TO 01/09 0.90
01/08 TO 01/09
01/09 TO 01/09
SNOWFALL (INCHES)
RECORDS
TOTAL 17.6 1978
TOTALS MM MM MM MM
SINCE 7/1 MM MM MM MM
SNOWDEPTH AVG. MM MM
DAYS >= 1.0 MM MM MM MM
GREATEST
SNOW DEPTH MM MM
24 HR TOTAL MM MM
DEGREE DAYS
HEATING TOTAL 972 900 72 678
SINCE 7/1 MM* 2540 MM* MM
COOLING TOTAL 0 0 0 0
SINCE 1/1 0 0 0 0
................................................................
WIND (MPH)
AVERAGE WIND SPEED 5.9
HIGHEST WIND SPEED/DIRECTION 36/240 DATE 01/09
HIGHEST GUST SPEED/DIRECTION 50/240 DATE 01/09
SKY COVER
POSSIBLE SUNSHINE (PERCENT) MM
AVERAGE SKY COVER 0.62
NUMBER OF DAYS FAIR 7
NUMBER OF DAYS PC 9
NUMBER OF DAYS CLOUDY 15
AVERAGE RH (PERCENT) 73
WEATHER CONDITIONS. NUMBER OF DAYS WITH
THUNDERSTORM 1 MIXED PRECIP 0
HEAVY RAIN 4 RAIN 6
LIGHT RAIN 13 FREEZING RAIN 0
LT FREEZING RAIN 2 HAIL 0
HEAVY SNOW 0 SNOW 2
LIGHT SNOW 9 SLEET 0
FOG 18 FOG W/VIS <= 1/4 MILE 1
HAZE 4
- INDICATES NEGATIVE NUMBERS.
R INDICATES RECORD WAS SET OR TIED.
MM INDICATES DATA IS MISSING.
T INDICATES TRACE AMOUNT.
&&
...*TEMPERATURE SENSOR OUTAGE IN DECEMBER MAKES HDD ANNUAL TOTAL MISSING...
$$
CARICO