000
CXUS54 KCRP 011210
CF6LRD
PRELIMINARY LOCAL CLIMATOLOGICAL DATA (WS FORM: F-6)
STATION: LAREDO
MONTH: JULY
YEAR: 2021
LATITUDE: 27 31 N
LONGITUDE: 99 28 W
TEMPERATURE IN F: :PCPN: SNOW: WIND :SUNSHINE: SKY :PK WND
================================================================================
1 2 3 4 5 6A 6B 7 8 9 10 11 12 13 14 15 16 17 18
12Z AVG MX 2MIN
DY MAX MIN AVG DEP HDD CDD WTR SNW DPTH SPD SPD DIR MIN PSBL S-S WX SPD DR
================================================================================
1 97 74 86 -1 0 21 0.00 0.0 0 M M M M M 2 M M
2 99 76 88 1 0 23 0.00 0.0 0 M M M M M 1 M M
3 101 76 89 2 0 24 0.00 0.0 0 M M M M M 1 M M
4 103 77 90 3 0 25 0.00 0.0 0 M M M M M 1 8 M M
5 98 74 86 -1 0 21 0.25 0.0 0 M M M M M 4 13 M M
6 85 73 79 -8 0 14 0.95 0.0 0 M M M M M 8 13 M M
7 89 74 82 -5 0 17 0.02 0.0 0 M M M M M 7 1 M M
8 80 73 77 -10 0 12 1.10 0.0 0 M M M M M 10 1 M M
9 92 76 84 -3 0 19 0.01 0.0 0 M M M M M 7 1 M M
10 87 76 82 -5 0 17 0.12 0.0 0 M M M M M 6 18 M M
11 95 77 86 -1 0 21 0.00 0.0 0 M M M M M 2 M M
12 96 76 86 -1 0 21 0.00 0.0 0 M M M M M 2 1 M M
13 94 75 85 -3 0 20 0.07 0.0 0 M M M M M 5 3 M M
14 93 75 84 -4 0 19 0.01 0.0 0 M M M M M 3 38 M M
15 97 76 87 -1 0 22 0.00 0.0 0 M M M M M 3 M M
16 97 76 87 -1 0 22 0.00 0.0 0 M M M M M 2 M M
17 97 78 88 0 0 23 0.00 0.0 0 M M M M M 5 M M
18 98 75 87 -1 0 22 0.00 0.0 0 M M M M M 3 M M
19 99 77 88 0 0 23 0.00 0.0 0 M M M M M 1 8 M M
20 94 77 86 -2 0 21 0.00 0.0 0 M M M M M 1 8 M M
21 95 74 85 -4 0 20 0.00 0.0 0 M M M M M 1 M M
22 94 74 84 -5 0 19 T 0.0 0 M M M M M 5 M M
23 101 76 89 0 0 24 0.00 0.0 0 M M M M M 0 M M
24 103 77 90 1 0 25 0.00 0.0 0 M M M M M 3 M M
25 101 74 88 -1 0 23 0.00 0.0 0 M M M M M 0 M M
26 102 75 89 0 0 24 0.00 0.0 0 M M M M M 1 M M
27 102 75 89 0 0 24 0.00 0.0 0 M M M M M 1 M M
28 100 77 89 -1 0 24 0.00 0.0 0 M M M M M 1 3 M M
29 97 75 86 -4 0 21 0.00 0.0 0 M M M M M 2 M M
30 101 76 89 -1 0 24 0.00 0.0 0 M M M M M 2 M M
31 104 78 91 1 0 26 0.00 0.0 0 M M M M M 0 M M
================================================================================
SM 2991 2342 0 661 2.53 0.0 M M 90
================================================================================
AV 96.5 75.5 M FASTST M M 3 MAX(MPH)
MISC ----> M M M M
================================================================================
NOTES:
# LAST OF SEVERAL OCCURRENCES
COLUMN 17 PEAK WIND IN M.P.H.
PRELIMINARY LOCAL CLIMATOLOGICAL DATA (WS FORM: F-6) , PAGE 2
STATION: LAREDO
MONTH: JULY
YEAR: 2021
LATITUDE: 27 31 N
LONGITUDE: 99 28 W
[TEMPERATURE DATA] [PRECIPITATION DATA] SYMBOLS USED IN COLUMN 16
AVERAGE MONTHLY: 86.0 TOTAL FOR MONTH: 2.53 1 = FOG OR MIST
DPTR FM NORMAL: -2.1 DPTR FM NORMAL: 0.42 2 = FOG REDUCING VISIBILITY
HIGHEST: 104 ON 31 GRTST 24HR 1.20 ON 5- 6 TO 1/4 MILE OR LESS
LOWEST: 73 ON 8, 6 3 = THUNDER
SNOW, ICE PELLETS, HAIL 4 = ICE PELLETS
TOTAL MONTH: 0.0 INCH 5 = HAIL
GRTST 24HR 0.0 6 = FREEZING RAIN OR DRIZZLE
GRTST DEPTH: 0 7 = DUSTSTORM OR SANDSTORM:
VSBY 1/2 MILE OR LESS
8 = SMOKE OR HAZE
[NO. OF DAYS WITH] [WEATHER - DAYS WITH] 9 = BLOWING SNOW
X = TORNADO
MAX 32 OR BELOW: 0 0.01 INCH OR MORE: 8
MAX 90 OR ABOVE: 27 0.10 INCH OR MORE: 4
MIN 32 OR BELOW: 0 0.50 INCH OR MORE: 2
MIN 0 OR BELOW: 0 1.00 INCH OR MORE: 1
[HDD (BASE 65) ]
TOTAL THIS MO. 0 CLEAR (SCALE 0-3) 21
DPTR FM NORMAL 0 PTCLDY (SCALE 4-7) 9
TOTAL FM JUL 1 0 CLOUDY (SCALE 8-10) 1
DPTR FM NORMAL 0
[CDD (BASE 65) ]
TOTAL THIS MO. 661
DPTR FM NORMAL -55 [PRESSURE DATA]
TOTAL FM JAN 1 2567 HIGHEST SLP 30.14 ON 14
DPTR FM NORMAL 34 LOWEST SLP 29.75 ON 7
[REMARKS]
#FINAL-07-21#