000
CXUS53 KARX 020851
CLALSE
CLIMATE REPORT
NATIONAL WEATHER SERVICE LA CROSSE WI
251 AM CST SUN JAN 02 2022
...................................
...THE LA CROSSE WI CLIMATE SUMMARY FOR THE YEAR OF 2021...
CLIMATE NORMAL PERIOD 1991 TO 2020
CLIMATE RECORD PERIOD 1872 TO 2022
WEATHER OBSERVED NORMAL DEPART LAST YEAR`S
VALUE DATE(S) VALUE FROM VALUE DATE(S)
NORMAL
................................................................
TEMPERATURE (F)
RECORD
HIGH 108 07/13/1995
07/14/1936
LOW -43 01/18/1873
HIGHEST 99 06/05 97 08/26
06/10
LOWEST -21 02/15 -16 02/14
AVG. MAXIMUM 60.6 58.6 2.0 59.3
AVG. MINIMUM 40.7 39.1 1.6 39.8
MEAN 50.7 48.9 1.8 49.5
DAYS MAX >= 90 30 17.5 12.5 MM
DAYS MAX <= 32 49 59.4 -10.4 MM
DAYS MIN <= 32 130 140.7 -10.7 MM
DAYS MIN <= 0 17 19.6 -2.6 MM
PRECIPITATION (INCHES)
RECORD
MAXIMUM 44.76 2016
MINIMUM 16.77 1910
TOTALS 37.26 35.23 2.03 30.82
DAYS >= .01 99 122.9 -23.9 MM
DAYS >= .10 57 67.7 -10.7 MM
DAYS >= .50 18 23.1 -5.1 MM
DAYS >= 1.00 10 8.2 1.8 MM
GREATEST
24 HR. TOTAL 5.74 0MM07 TO 08/08 1.98
SNOWFALL (INCHES)
RECORDS
TOTAL 91.4 1959
24 HR TOTAL 16.7 MM
TOTALS 40.9 46.3 -5.4 35.6
DAYS >= TRACE 45 33.3 11.7 MM
DAYS >= 1.0 13 13.3 -0.3 MM
GREATEST
SNOW DEPTH 14 02/22 11 02/10
24 HR TOTAL 15.0 8.5 02/09 TO 02/09
DEGREE DAYS
HEATING TOTAL 6256 6788 -532 6568
COOLING TOTAL 1213 942 271 1032
................................................................
WIND (MPH)
AVERAGE WIND SPEED 7.8
HIGHEST GUST SPEED/DIRECTION 68/220 DATE 12/16
WEATHER CONDITIONS. NUMBER OF DAYS WITH
THUNDERSTORM 30 MIXED PRECIP 0
HEAVY RAIN 24 RAIN 30
LIGHT RAIN 110 FREEZING RAIN 0
LT FREEZING RAIN 3 HAIL 0
HEAVY SNOW 3 SNOW 8
LIGHT SNOW 44 SLEET 0
FOG 144 FOG W/VIS <= 1/4 MILE 25
HAZE 73
- INDICATES NEGATIVE NUMBERS.
R INDICATES RECORD WAS SET OR TIED.
MM INDICATES DATA IS MISSING.
T INDICATES TRACE AMOUNT.
$$