000
CXUS53 KARX 010937
CLSLSE
CLIMATE REPORT
NATIONAL WEATHER SERVICE LA CROSSE WI
437 AM CDT WED JUN 01 2022
...................................
...THE LA CROSSE WI CLIMATE SUMMARY FOR THE SEASON, FROM
3/1/2022 TO 5/31/2022...
CLIMATE NORMAL PERIOD 1991 TO 2020
CLIMATE RECORD PERIOD 1872 TO 2022
WEATHER OBSERVED NORMAL DEPART LAST YEAR`S
VALUE DATE(S) VALUE FROM VALUE DATE(S)
NORMAL
................................................................
TEMPERATURE (F)
RECORD
HIGH 107 05/31/1934
LOW -28 03/01/1962
HIGHEST 96 05/12 91 05/01
LOWEST 2 03/12 17 03/01
03/02
AVG. MAXIMUM 56.5 59.1 -2.6 62.0
AVG. MINIMUM 38.1 38.2 -0.1 40.5
MEAN 47.3 48.6 -1.3 51.2
DAYS MAX >= 90 3 1.1 1.9 1
DAYS MAX <= 32 5 5.0 0.0 1
DAYS MIN <= 32 33 32.2 0.8 24
DAYS MIN <= 0 0 1.0 -1.0 0
PRECIPITATION (INCHES)
RECORD
MAXIMUM 17.21 1973
MINIMUM 2.70 1887
TOTALS 9.28 10.12 -0.84 7.57
DAYS >= .01 37 35.4 1.6 26
DAYS >= .10 19 20.1 -1.1 17
DAYS >= .50 7 7.0 0.0 5
DAYS >= 1.00 2 2.7 -0.7 2
GREATEST
24 HR. TOTAL 1.95 2.09 05/02 TO 05/03
SNOWFALL (INCHES)
RECORDS
TOTAL 33.5 1959
SNOW DEPTH 31 03/07/1959
TOTALS 1.3 10.2 -8.9 4.0
SNOWDEPTH AVG. 0 0
DAYS >= TRACE 19 6.5 12.5 4
DAYS >= 1.0 0 2.8 -2.8 1
GREATEST
SNOW DEPTH 3 03/02 4 03/16
03/03
03/01
DEGREE DAYS
HEATING TOTAL 1705 1574 131 1320
COOLING TOTAL 104 66 38 98
................................................................
WIND (MPH)
AVERAGE WIND SPEED 10.0
HIGHEST WIND SPEED/DIRECTION 49/340 DATE 04/12
HIGHEST GUST SPEED/DIRECTION 66/350 DATE 04/12
AVERAGE RH (PERCENT) 62
WEATHER CONDITIONS. NUMBER OF DAYS WITH
THUNDERSTORM 11 MIXED PRECIP 0
HEAVY RAIN 7 RAIN 12
LIGHT RAIN 43 FREEZING RAIN 0
LT FREEZING RAIN 0 HAIL 2
HEAVY SNOW 0 SNOW 0
LIGHT SNOW 16 SLEET 0
FOG 31 FOG W/VIS <= 1/4 MILE 3
HAZE 12
- INDICATES NEGATIVE NUMBERS.
R INDICATES RECORD WAS SET OR TIED.
MM INDICATES DATA IS MISSING.
T INDICATES TRACE AMOUNT.
$$
BOYNE