000
CXUS55 KBYZ 011100
CF6LVM
PRELIMINARY LOCAL CLIMATOLOGICAL DATA (WS FORM: F-6)
STATION: LIVINGSTON MT
MONTH: JANUARY
YEAR: 2022
LATITUDE: 45 41 N
LONGITUDE: 110 26 W
TEMPERATURE IN F: :PCPN: SNOW: WIND :SUNSHINE: SKY :PK WND
================================================================================
1 2 3 4 5 6A 6B 7 8 9 10 11 12 13 14 15 16 17 18
12Z AVG MX 2MIN
DY MAX MIN AVG DEP HDD CDD WTR SNW DPTH SPD SPD DIR MIN PSBL S-S WX SPD DR
================================================================================
1 22 -14 4 -23 61 0 0.00 M M 27.8 51 210 M M 4 89 65 210
2 32 17 25 -2 40 0 0.00 M M 40.7 60 220 M M 2 89 73 210
3 42 30 36 9 29 0 0.00 M M 39.4 52 200 M M 1 66 210
4 38 -4 17 -11 48 0 T M M 17.9 53 200 M M 6 18 62 200
5 -3 -7 -5 -33 70 0 0.10 M M 10.2 18 70 M M 10 8 20 80
6 42 -5 19 -9 46 0 0.24 M M 9.1 41 210 M M 10 18 53 210
7 44 39 42 14 23 0 T M M 33.8 51 210 M M 7 62 210
8 42 25 34 6 31 0 0.00 M M 22.9 39 260 M M 2 46 260
9 40 27 34 6 31 0 0.00 M M 28.7 43 230 M M 0 55 230
10 49 21 35 7 30 0 0.00 M M 26.4 46 220 M M 0 59 200
11 42 33 38 10 27 0 0.00 M M 34.8 52 200 M M 1 66 200
12 50 38 44 16 21 0 0.00 M M 41.1 59 220 M M 3 71 220
13 53 34 44 16 21 0 0.00 M M 23.1 52 210 M M 1 71 210
14 46 28 37 9 28 0 T M M 12.7 30 230 M M 6 39 230
15 48 34 41 13 24 0 0.00 M M 30.4 44 250 M M 1 63 230
16 49 36 43 15 22 0 0.00 M M 27.0 43 210 M M 0 53 210
17 51 39 45 17 20 0 0.00 M M 27.9 39 220 M M 2 50 210
18 48 12 30 2 35 0 0.09 M M 16.2 32 250 M M 8 12 38 240
19 17 7 12 -16 53 0 T M M 10.0 18 310 M M 7 1 20 320
20 36 11 24 -4 41 0 T M M 34.1 53 210 M M 6 8 65 220
21 38 31 35 7 30 0 0.01 M M 17.1 33 220 M M 6 1 40 220
22 40 27 34 6 31 0 0.00 M M 20.6 30 240 M M 3 37 220
23 50 24 37 9 28 0 0.00 M M 22.4 32 230 M M 2 40 230
24 37 25 31 3 34 0 0.07 M M 10.7 20 310 M M 6 1 23 250
25 33 18 26 -2 39 0 0.00 M M 17.3 44 250 M M 4 53 260
26 42 24 33 5 32 0 0.00 M M 23.3 46 230 M M 2 55 230
27 37 23 30 2 35 0 0.00 M M 17.5 32 240 M M 3 41 240
28 45 27 36 8 29 0 0.00 M M 33.2 48 220 M M 0 63 220
29 50 35 43 15 22 0 0.00 M M 28.2 48 210 M M 0 66 250
30 51 37 44 16 21 0 0.00 M M 29.0 47 200 M M 0 57 200
31 41 25 33 5 32 0 T M M 30.5 54 210 M M 7 12 63 210
================================================================================
SM 1252 697 1034 0 0.51 M 764.0 M 110
================================================================================
AV 40.4 22.5 24.6 FASTST M M 4 MAX(MPH)
MISC ----> 60 220 73 210
================================================================================
NOTES:
# LAST OF SEVERAL OCCURRENCES
COLUMN 17 PEAK WIND IN M.P.H.
PRELIMINARY LOCAL CLIMATOLOGICAL DATA (WS FORM: F-6) , PAGE 2
STATION: LIVINGSTON MT
MONTH: JANUARY
YEAR: 2022
LATITUDE: 45 41 N
LONGITUDE: 110 26 W
[TEMPERATURE DATA] [PRECIPITATION DATA] SYMBOLS USED IN COLUMN 16
AVERAGE MONTHLY: 31.4 TOTAL FOR MONTH: 0.51 1 = FOG OR MIST
DPTR FM NORMAL: 3.3 DPTR FM NORMAL: 0.07 2 = FOG REDUCING VISIBILITY
HIGHEST: 53 ON 13 GRTST 24HR 0.34 ON 6- 6 TO 1/4 MILE OR LESS
LOWEST: -14 ON 1 3 = THUNDER
SNOW, ICE PELLETS, HAIL 4 = ICE PELLETS
TOTAL MONTH: M 5 = HAIL
GRTST 24HR M ON M 6 = FREEZING RAIN OR DRIZZLE
GRTST DEPTH: M ON M 7 = DUSTSTORM OR SANDSTORM:
VSBY 1/2 MILE OR LESS
8 = SMOKE OR HAZE
[NO. OF DAYS WITH] [WEATHER - DAYS WITH] 9 = BLOWING SNOW
X = TORNADO
MAX 32 OR BELOW: 4 0.01 INCH OR MORE: 5
MAX 90 OR ABOVE: 0 0.10 INCH OR MORE: 2
MIN 32 OR BELOW: 22 0.50 INCH OR MORE: 0
MIN 0 OR BELOW: 4 1.00 INCH OR MORE: 0
[HDD (BASE 65) ]
TOTAL THIS MO. 1034 CLEAR (SCALE 0-3) 16
DPTR FM NORMAL -110 PTCLDY (SCALE 4-7) 12
TOTAL FM JUL 1 3619 CLOUDY (SCALE 8-10) 3
DPTR FM NORMAL -543
[CDD (BASE 65) ]
TOTAL THIS MO. 0
DPTR FM NORMAL 0 [PRESSURE DATA]
TOTAL FM JAN 1 0 HIGHEST SLP 30.61 ON 27
DPTR FM NORMAL 0 LOWEST SLP 29.26 ON 7
[REMARKS]
#FINAL-01-22#