708
CXUS55 KBYZ 011057
CF6LVM
PRELIMINARY LOCAL CLIMATOLOGICAL DATA (WS FORM: F-6)
STATION: LIVINGSTON MT
MONTH: MAY
YEAR: 2020
LATITUDE: 45 41 N
LONGITUDE: 110 26 W
TEMPERATURE IN F: :PCPN: SNOW: WIND :SUNSHINE: SKY :PK WND
================================================================================
1 2 3 4 5 6A 6B 7 8 9 10 11 12 13 14 15 16 17 18
12Z AVG MX 2MIN
DY MAX MIN AVG DEP HDD CDD WTR SNW DPTH SPD SPD DIR MIN PSBL S-S WX SPD DR
================================================================================
1 65 43 54 8 11 0 0.00 M M 12.2 30 240 M M 5 34 240
2 68 30 49 2 16 0 T M M 5.6 20 330 M M 2 24 330
3 71 37 54 7 11 0 0.05 M M 12.0 38 250 M M 4 46 240
4 60 32 46 -1 19 0 0.00 M M 14.3 35 260 M M 3 41 260
5 66 30 48 0 17 0 0.00 M M 11.0 23 260 M M 1 8 32 270
6 67 32 50 2 15 0 T M M 11.0 37 260 M M 4 3 45 270
7 54 28 41 -7 24 0 T M M 16.0 36 250 M M 7 41 240
8 56 22 39 -9 26 0 T M M 9.3 25 230 M M 6 1 30 310
9 59 38 49 0 16 0 0.00 M M 10.7 18 70 M M 7 23 110
10 49 35 42 -7 23 0 0.00 M M 20.1 29 80 M M 7 36 60
11 41 32 37 -12 28 0 0.08 M M 17.2 25 90 M M 10 12 31 60
12 46 33 40 -10 25 0 0.33 M M 9.4 20 90 M M 10 13 25 80
13 62 36 49 -1 16 0 0.02 M M 13.1 29 200 M M 7 36 200
14 63 38 51 1 14 0 0.02 M M 11.0 26 200 M M 6 36 200
15 59 41 50 0 15 0 0.03 M M 10.3 26 250 M M 8 3 31 250
16 66 45 56 5 9 0 0.00 M M 10.5 24 70 M M 4 28 70
17 72 35 54 3 11 0 0.04 M M 6.1 20 160 M M 4 23 170
18 82 46 64 13 1 0 0.00 M M 8.5 24 200 M M 1 31 190
19 74 48 61 9 4 0 0.01 M M 16.3 32 70 M M 2 3 43 70
20 68 50 59 7 6 0 0.01 M M 20.9 38 210 M M 7 46 210
21 63 46 55 3 10 0 0.03 M M 26.2 43 240 M M 7 52 220
22 63 43 53 1 12 0 T M M 11.8 30 200 M M 7 34 210
23 48 34 41 -12 24 0 0.85 M M 8.4 16 290 M M 10 1 19 220
24 59 37 48 -5 17 0 0.05 M M 8.7 22 220 M M 9 27 220
25 72 34 53 0 12 0 0.00 M M 7.7 23 250 M M 2 29 250
26 73 54 64 11 1 0 0.00 M M 14.0 26 200 M M 6 32 220
27 75 45 60 6 5 0 0.00 M M 6.8 17 100 M M 3 23 90
28 69 48 59 5 6 0 0.00 M M 15.7 26 50 M M 0 33 50
29 80 43 62 8 3 0 0.01 M M 7.0 21 70 M M 2 3 26 70
30 77 50 64 10 1 0 0.00 M M 14.5 31 80 M M 1 3 38 80
31 85 59 72 18 0 7 0.00 M M 21.4 40 230 M M 0 52 230
================================================================================
SM 2012 1224 398 7 1.53 M 387.7 M 152
================================================================================
AV 64.9 39.5 12.5 FASTST M M 5 MAX(MPH)
MISC ----> # 43 240 # 52 220
================================================================================
NOTES:
# LAST OF SEVERAL OCCURRENCES
COLUMN 17 PEAK WIND IN M.P.H.
PRELIMINARY LOCAL CLIMATOLOGICAL DATA (WS FORM: F-6) , PAGE 2
STATION: LIVINGSTON MT
MONTH: MAY
YEAR: 2020
LATITUDE: 45 41 N
LONGITUDE: 110 26 W
[TEMPERATURE DATA] [PRECIPITATION DATA] SYMBOLS USED IN COLUMN 16
AVERAGE MONTHLY: 52.2 TOTAL FOR MONTH: 1.53 1 = FOG OR MIST
DPTR FM NORMAL: 1.6 DPTR FM NORMAL: -1.13 2 = FOG REDUCING VISIBILITY
HIGHEST: 85 ON 31 GRTST 24HR 0.85 ON 23-23 TO 1/4 MILE OR LESS
LOWEST: 22 ON 8 3 = THUNDER
SNOW, ICE PELLETS, HAIL 4 = ICE PELLETS
TOTAL MONTH: M 5 = HAIL
GRTST 24HR M ON M 6 = FREEZING RAIN OR DRIZZLE
GRTST DEPTH: M ON M 7 = DUSTSTORM OR SANDSTORM:
VSBY 1/2 MILE OR LESS
8 = SMOKE OR HAZE
[NO. OF DAYS WITH] [WEATHER - DAYS WITH] 9 = BLOWING SNOW
X = TORNADO
MAX 32 OR BELOW: 0 0.01 INCH OR MORE: 13
MAX 90 OR ABOVE: 0 0.10 INCH OR MORE: 2
MIN 32 OR BELOW: 7 0.50 INCH OR MORE: 1
MIN 0 OR BELOW: 0 1.00 INCH OR MORE: 0
[HDD (BASE 65) ]
TOTAL THIS MO. 398 CLEAR (SCALE 0-3) 11
DPTR FM NORMAL -50 PTCLDY (SCALE 4-7) 16
TOTAL FM JUL 1 7088 CLOUDY (SCALE 8-10) 4
DPTR FM NORMAL -313
[CDD (BASE 65) ]
TOTAL THIS MO. 7
DPTR FM NORMAL 6 [PRESSURE DATA]
TOTAL FM JAN 1 7 HIGHEST SLP 30.41 ON 9
DPTR FM NORMAL 6 LOWEST SLP 29.56 ON 18
[REMARKS]
#FINAL-05-20#