000
CXUS55 KBYZ 011000
CF6LVM
PRELIMINARY LOCAL CLIMATOLOGICAL DATA (WS FORM: F-6)
STATION: LIVINGSTON MT
MONTH: OCTOBER
YEAR: 2023
LATITUDE: 45 41 N
LONGITUDE: 110 26 W
TEMPERATURE IN F: :PCPN: SNOW: WIND :SUNSHINE: SKY :PK WND
================================================================================
1 2 3 4 5 6A 6B 7 8 9 10 11 12 13 14 15 16 17 18
12Z AVG MX 2MIN
DY MAX MIN AVG DEP HDD CDD WTR SNW DPTH SPD SPD DIR MIN PSBL S-S WX SPD DR
================================================================================
1 52 45 49 -3 16 0 0.15 M M 7.3 20 80 M M 10 1 26 70
2 64 39 52 1 13 0 0.12 M M 9.4 26 240 M M 7 12 36 230
3 56 41 49 -2 16 0 0.23 M M 12.8 23 230 M M 9 1 30 220
4 62 43 53 3 12 0 0.01 M M 17.1 31 240 M M 9 42 260
5 62 39 51 1 14 0 T M M 11.4 25 220 M M 8 34 270
6 67 34 51 2 14 0 0.00 M M 8.4 17 320 M M 3 21 320
7 75 36 56 7 9 0 0.00 M M 11.1 23 250 M M 0 30 250
8 79 36 58 10 7 0 0.00 M M 6.1 16 210 M M 0 22 220
9 79 39 59 11 6 0 0.00 M M 6.4 20 210 M M 0 25 210
10 77 49 63 15 2 0 0.06 M M 11.8 30 250 M M 3 37 250
11 53 45 49 2 16 0 0.18 M M 10.9 21 240 M M 10 1 27 250
12 47 41 44 -3 21 0 0.33 M M 9.3 17 80 M M 10 1 24 80
13 45 39 42 -4 23 0 0.00 M M 11.7 18 80 M M 10 1 24 70
14 55 36 46 0 19 0 0.01 M M 5.6 12 320 M M 7 15 100
15 70 35 53 7 12 0 0.00 M M 7.6 22 230 M M 4 28 230
16 75 41 58 13 7 0 0.00 M M 7.2 25 210 M M 0 35 220
17 70 40 55 10 10 0 0.00 M M 16.5 39 280 M M 2 56 290
18 71 37 54 10 11 0 0.00 M M 15.8 32 260 M M 0 40 270
19 80 55 68 24 0 3 0.00 M M 18.0 32 230 M M 0 47 250
20 78 41 60 16 5 0 0.00 M M 13.4 31 250 M M 0 43 240
21 62 34 48 5 17 0 0.00 M M 5.6 17 100 M M 0 23 100
22 63 34 49 6 16 0 0.09 M M 7.6 20 300 M M 3 1 27 270
23 50 42 46 3 19 0 0.20 M M 7.7 17 100 M M 10 13 24 70
24 48 27 38 -4 27 0 T M M 14.6 28 90 M M 9 126 39 90
25 27 14 21 -21 44 0 0.13 M M 17.8 26 110 M M 10 12 35 100
26 19 12 16 -26 49 0 0.02 M M 9.2 22 80 M M 9 18 29 80
27 17 5 11 -30 54 0 0.11 M M 4.1 10 330 M M 10 12 12 80
28 22 -12 5 -36 60 0 0.00 M M 10.5 18 260 M M 3 18 22 260
29 31 12 22 -19 43 0 0.00 M M 11.3 20 270 M M 4 28 290
30 37 14 26 -14 39 0 0.00 M M 18.2 37 240 M M 1 46 240
31 47 24 36 -4 29 0 0.00 M M 24.3 37 240 M M 0 51 230
================================================================================
SM 1740 1017 630 3 1.64 M 348.7 M 151
================================================================================
AV 56.1 32.8 11.2 FASTST M M 5 MAX(MPH)
MISC ----> 39 280 56 290
================================================================================
NOTES:
# LAST OF SEVERAL OCCURRENCES
COLUMN 17 PEAK WIND IN M.P.H.
PRELIMINARY LOCAL CLIMATOLOGICAL DATA (WS FORM: F-6) , PAGE 2
STATION: LIVINGSTON MT
MONTH: OCTOBER
YEAR: 2023
LATITUDE: 45 41 N
LONGITUDE: 110 26 W
[TEMPERATURE DATA] [PRECIPITATION DATA] SYMBOLS USED IN COLUMN 16
AVERAGE MONTHLY: 44.5 TOTAL FOR MONTH: 1.64 1 = FOG OR MIST
DPTR FM NORMAL: -1.0 DPTR FM NORMAL: 0.28 2 = FOG REDUCING VISIBILITY
HIGHEST: 80 ON 19 GRTST 24HR 0.46 ON 11-12 TO 1/4 MILE OR LESS
LOWEST: -12 ON 28 3 = THUNDER
SNOW, ICE PELLETS, HAIL 4 = ICE PELLETS
TOTAL MONTH: M 5 = HAIL
GRTST 24HR M ON M 6 = FREEZING RAIN OR DRIZZLE
GRTST DEPTH: M ON M 7 = DUSTSTORM OR SANDSTORM:
VSBY 1/2 MILE OR LESS
8 = SMOKE OR HAZE
[NO. OF DAYS WITH] [WEATHER - DAYS WITH] 9 = BLOWING SNOW
X = TORNADO
MAX 32 OR BELOW: 5 0.01 INCH OR MORE: 13
MAX 90 OR ABOVE: 0 0.10 INCH OR MORE: 8
MIN 32 OR BELOW: 8 0.50 INCH OR MORE: 0
MIN 0 OR BELOW: 1 1.00 INCH OR MORE: 0
[HDD (BASE 65) ]
TOTAL THIS MO. 630 CLEAR (SCALE 0-3) 15
DPTR FM NORMAL 22 PTCLDY (SCALE 4-7) 4
TOTAL FM JUL 1 846 CLOUDY (SCALE 8-10) 12
DPTR FM NORMAL -108
[CDD (BASE 65) ]
TOTAL THIS MO. 3
DPTR FM NORMAL 1 [PRESSURE DATA]
TOTAL FM JAN 1 292 HIGHEST SLP 30.66 ON 29
DPTR FM NORMAL 14 LOWEST SLP 29.40 ON 10
[REMARKS]
#FINAL-10-23#