000
CXUS51 KRNK 010659
CF6LYH
PRELIMINARY LOCAL CLIMATOLOGICAL DATA (WS FORM: F-6)
STATION: LYNCHBURG VA
MONTH: JANUARY
YEAR: 2024
LATITUDE: 37 19 N
LONGITUDE: 79 12 W
TEMPERATURE IN F: :PCPN: SNOW: WIND :SUNSHINE: SKY :PK WND
================================================================================
1 2 3 4 5 6A 6B 7 8 9 10 11 12 13 14 15 16 17 18
12Z AVG MX 2MIN
DY MAX MIN AVG DEP HDD CDD WTR SNW DPTH SPD SPD DIR MIN PSBL S-S WX SPD DR
================================================================================
1 45 30 38 2 27 0 0.00 0.0 0 4.1 15 300 M M 3 29 310
2 49 27 38 2 27 0 0.00 0.0 0 3.3 8 260 M M 0 15 300
3 50 21 36 0 29 0 0.00 0.0 0 2.4 8 170 M M 1 12 160
4 46 24 35 -1 30 0 T 0.0 0 4.9 16 320 M M 5 24 290
5 43 16 30 -6 35 0 0.00 0.0 0 2.5 12 190 M M 0 17 200
6 37 29 33 -3 32 0 0.90 0.0 0 3.5 18 20 M M M 126 28 20
7 53 33 43 7 22 0 0.00 0.0 0 5.7 18 270 M M 5 12 32 280
8 47 24 36 0 29 0 0.00 0.0 0 2.9 10 150 M M 1 16 180
9 55 34 45 9 20 0 2.52 0.0 0 8.3 17 220 M M 9 1 29 190
10 49 30 40 4 25 0 T 0.0 0 6.9 20 260 M M 6 39 250
11 56 26 41 5 24 0 0.00 0.0 0 5.6 17 200 M M 0 24 260
12 50 24 37 1 28 0 0.50 0.0 0 4.6 17 120 M M 4 1 22 120
13 46 29 38 2 27 0 0.00 0.0 0 7.8 20 260 M M 5 1 34 270
14 52 26 39 3 26 0 0.00 0.0 0 8.1 22 250 M M 1 41 240
15 34 27 31 -5 34 0 0.32 2.7 2 4.2 10 20 M M 9 1 14 20
16 37 13 25 -11 40 0 0.02 0.0 2 5.6 14 290 M M 4 16 26 250
17 30 9 20 -16 45 0 0.00 0.0 2 5.0 15 270 M M 0 25 250
18 41 13 27 -9 38 0 0.00 0.0 T 3.2 12 190 M M 2 15 170
19 40 26 33 -3 32 0 0.02 T T 3.6 16 280 M M 9 28 320
20 28 13 21 -15 44 0 0.00 0.0 T 6.9 16 300 M M 1 28 280
21 38 12 25 -11 40 0 0.00 0.0 T 3.9 13 10 M M 0 22 290
22 48 13 31 -5 34 0 0.00 0.0 T 3.8 13 200 M M 0 18 210
23 51 26 39 3 26 0 T 0.0 0 3.7 9 200 M M 4 12 200
24 64 42 53 17 12 0 0.10 0.0 0 1.2 8 360 M M 10 1 12 360
25 64 52 58 22 7 0 0.26 0.0 0 4.7 14 200 M M 10 12 19 190
26 77 46 62 26 3 0 0.07 0.0 0 5.5 15 180 M M 5 1 21 190
27 62 41 52 16 13 0 0.86 0.0 0 4.9 17 80 M M 5 1 25 70
28 50 42 46 10 19 0 0.73 0.0 0 7.1 20 40 M M 10 1 27 40
29 54 32 43 7 22 0 0.00 0.0 0 5.4 13 330 M M 2 24 320
30 46 24 35 -1 30 0 T 0.0 0 2.0 12 190 M M 3 15 170
31 51 36 44 8 21 0 0.00 0.0 0 4.0 10 20 M M 9 14 30
================================================================================
SM 1493 840 841 0 6.30 2.7 145.3 M 123
================================================================================
AV 48.2 27.1 4.7 FASTST M M 4 MAX(MPH)
MISC ----> 22 250 41 240
================================================================================
NOTES:
# LAST OF SEVERAL OCCURRENCES
COLUMN 17 PEAK WIND IN M.P.H.
PRELIMINARY LOCAL CLIMATOLOGICAL DATA (WS FORM: F-6) , PAGE 2
STATION: LYNCHBURG VA
MONTH: JANUARY
YEAR: 2024
LATITUDE: 37 19 N
LONGITUDE: 79 12 W
[TEMPERATURE DATA] [PRECIPITATION DATA] SYMBOLS USED IN COLUMN 16
AVERAGE MONTHLY: 37.6 TOTAL FOR MONTH: 6.30 1 = FOG OR MIST
DPTR FM NORMAL: 1.7 DPTR FM NORMAL: 2.84 2 = FOG REDUCING VISIBILITY
HIGHEST: 77 ON 26 GRTST 24HR 2.52 ON 9- 9 TO 1/4 MILE OR LESS
LOWEST: 9 ON 17 3 = THUNDER
SNOW, ICE PELLETS, HAIL 4 = ICE PELLETS
TOTAL MONTH: 2.7 INCHES 5 = HAIL
GRTST 24HR 2.7 ON 15-15 6 = FREEZING RAIN OR DRIZZLE
GRTST DEPTH: 2 ON 17,16 7 = DUSTSTORM OR SANDSTORM:
VSBY 1/2 MILE OR LESS
8 = SMOKE OR HAZE
[NO. OF DAYS WITH] [WEATHER - DAYS WITH] 9 = BLOWING SNOW
X = TORNADO
MAX 32 OR BELOW: 2 0.01 INCH OR MORE: 11
MAX 90 OR ABOVE: 0 0.10 INCH OR MORE: 8
MIN 32 OR BELOW: 23 0.50 INCH OR MORE: 5
MIN 0 OR BELOW: 0 1.00 INCH OR MORE: 1
[HDD (BASE 65) ]
TOTAL THIS MO. 841 CLEAR (SCALE 0-3) 14
DPTR FM NORMAL -61 PTCLDY (SCALE 4-7) 9
TOTAL FM JUL 1 2310 CLOUDY (SCALE 8-10) 7
DPTR FM NORMAL -267 MISSING SKY COVER 1
[CDD (BASE 65) ]
TOTAL THIS MO. 0
DPTR FM NORMAL 0 [PRESSURE DATA]
TOTAL FM JAN 1 0 HIGHEST SLP M ON M
DPTR FM NORMAL 0 LOWEST SLP 29.18 ON 9
[REMARKS]
#FINAL-01-24#