000
CXUS51 KRNK 010905 CCA
CF6LYH
PRELIMINARY LOCAL CLIMATOLOGICAL DATA (WS FORM: F-6)
STATION: LYNCHBURG VA
MONTH: APRIL
YEAR: 2020
LATITUDE: 37 19 N
LONGITUDE: 79 12 W
TEMPERATURE IN F: :PCPN: SNOW: WIND :SUNSHINE: SKY :PK WND
================================================================================
1 2 3 4 5 6A 6B 7 8 9 10 11 12 13 14 15 16 17 18
12Z AVG MX 2MIN
DY MAX MIN AVG DEP HDD CDD WTR SNW DPTH SPD SPD DIR MIN PSBL S-S WX SPD DR
================================================================================
1 59 42 51 0 14 0 0.05 0.0 0 5.3 15 20 M M 8 19 20
2 64 39 52 1 13 0 0.00 0.0 0 5.9 15 310 M M 1 23 300
3 73 40 57 5 8 0 0.00 0.0 0 4.7 15 290 M M 0 26 310
4 73 39 56 4 9 0 0.00 0.0 0 4.0 10 160 M M 0 16 40
5 75 39 57 5 8 0 0.00 0.0 0 3.4 13 200 M M 2 18 200
6 78 48 63 10 2 0 0.03 0.0 0 2.9 18 260 M M 4 27 260
7 81 49 65 12 0 0 T 0.0 0 2.9 14 210 M M 2 123 20 200
8 80 53 67 14 0 2 0.05 0.0 0 6.5 24 10 M M 3 41 10
9 75 51 63 9 2 0 0.10 0.0 0 8.8 24 260 M M 2 3 42 280
10 54 39 47 -7 18 0 0.00 0.0 0 9.1 21 300 M M 3 32 290
11 67 30 49 -5 16 0 0.00 0.0 0 4.3 17 220 M M 1 25 210
12 72 45 59 5 6 0 0.26 0.0 0 8.2 23 190 M M 7 1 28 190
13 77 47 62 7 3 0 3.10 0.0 0 11.8 25 210 M M 6 13 39 200
14 64 42 53 -2 12 0 0.16 0.0 0 4.9 15 360 M M 8 25 330
15 57 35 46 -9 19 0 0.11 T 0 3.8 13 40 M M 4 1 17 210
16 61 31 46 -10 19 0 0.00 0.0 0 5.9 17 270 M M 0 26 260
17 72 33 53 -3 12 0 0.00 0.0 0 8.8 25 200 M M 1 35 180
18 62 35 49 -7 16 0 0.05 0.0 0 6.9 21 320 M M 3 31 320
19 67 31 49 -7 16 0 0.00 0.0 0 5.8 17 200 M M 2 24 200
20 64 48 56 -1 9 0 0.34 0.0 0 4.3 13 180 M M 5 1 16 190
21 72 44 58 1 7 0 0.00 0.0 0 8.3 17 310 M M 3 31 280
22 70 36 53 -4 12 0 0.00 0.0 0 5.3 14 260 M M 1 23 260
23 58 49 54 -4 11 0 0.43 0.0 0 4.9 17 190 M M 7 1 22 190
24 78 54 66 8 0 1 0.13 0.0 0 5.1 15 300 M M 8 1 22 260
25 61 52 57 -1 8 0 0.86 0.0 0 6.2 13 50 M M 10 13 17 60
26 67 51 59 1 6 0 0.27 0.0 0 6.0 14 280 M M 9 1 25 280
27 67 42 55 -3 10 0 T 0.0 0 6.3 15 20 M M 2 25 340
28 73 45 59 0 6 0 0.00 0.0 0 4.2 16 190 M M 5 20 190
29 78 49 64 5 1 0 0.01 0.0 0 9.4 25 160 M M 5 37 170
30 66 53 60 1 5 0 1.61 0.0 0 5.1 23 140 M M 10 1 32 140
================================================================================
SM 2065 1291 268 3 7.56 T 179.0 M 122
================================================================================
AV 68.8 43.0 6.0 FASTST M M 4 MAX(MPH)
MISC ----> # 25 210 42 280
================================================================================
NOTES:
# LAST OF SEVERAL OCCURRENCES
COLUMN 17 PEAK WIND IN M.P.H.
PRELIMINARY LOCAL CLIMATOLOGICAL DATA (WS FORM: F-6) , PAGE 2
STATION: LYNCHBURG VA
MONTH: APRIL
YEAR: 2020
LATITUDE: 37 19 N
LONGITUDE: 79 12 W
[TEMPERATURE DATA] [PRECIPITATION DATA] SYMBOLS USED IN COLUMN 16
AVERAGE MONTHLY: 55.9 TOTAL FOR MONTH: 7.56 1 = FOG OR MIST
DPTR FM NORMAL: 0.5 DPTR FM NORMAL: 4.25 2 = FOG REDUCING VISIBILITY
HIGHEST: 81 ON 7 GRTST 24HR 3.36 ON 12-13 TO 1/4 MILE OR LESS
LOWEST: 30 ON 11 3 = THUNDER
SNOW, ICE PELLETS, HAIL 4 = ICE PELLETS
TOTAL MONTH: T 5 = HAIL
GRTST 24HR T ON 15-15 6 = FREEZING RAIN OR DRIZZLE
GRTST DEPTH: 0 7 = DUSTSTORM OR SANDSTORM:
VSBY 1/2 MILE OR LESS
8 = SMOKE OR HAZE
[NO. OF DAYS WITH] [WEATHER - DAYS WITH] 9 = BLOWING SNOW
X = TORNADO
MAX 32 OR BELOW: 0 0.01 INCH OR MORE: 16
MAX 90 OR ABOVE: 0 0.10 INCH OR MORE: 11
MIN 32 OR BELOW: 3 0.50 INCH OR MORE: 3
MIN 0 OR BELOW: 0 1.00 INCH OR MORE: 2
[HDD (BASE 65) ]
TOTAL THIS MO. 268 CLEAR (SCALE 0-3) 14
DPTR FM NORMAL -36 PTCLDY (SCALE 4-7) 13
TOTAL FM JUL 1 3386 CLOUDY (SCALE 8-10) 3
DPTR FM NORMAL -937
[CDD (BASE 65) ]
TOTAL THIS MO. 3
DPTR FM NORMAL -13 [PRESSURE DATA]
TOTAL FM JAN 1 22 HIGHEST SLP 30.31 ON 17
DPTR FM NORMAL 4 LOWEST SLP 29.43 ON 9
[REMARKS]
DUE TO MISSING TEMPERATURES ON NOVEMBER 27-30, THE SEASONAL
HEATING DEGREE DAY TOTAL WILL BE CALCULATED WITHOUT DATA FROM THESE
DATES.
#FINAL-04-20#