000
CXUS54 KLZK 210307 AAB
CLSLZK
CLIMATE REPORT...UPDATE WITH SUPPLEMENTAL DATA
NATIONAL WEATHER SERVICE LITTLE ROCK AR
937 PM CST FRI DEC 02 2022
...................................
...THE NORTH LITTLE ROCK CLIMATE SUMMARY FOR THE SEASON, FROM
9/1/2022 TO 11/30/2022...
CLIMATE NORMAL PERIOD 1991 TO 2020
CLIMATE RECORD PERIOD 1975 TO 2022
WEATHER OBSERVED NORMAL DEPART LAST YEAR`S
VALUE DATE(S) VALUE FROM VALUE DATE(S)
NORMAL
................................................................
TEMPERATURE (F)
RECORD
HIGH 105 09/03/2000
09/01/2000
LOW 14 11/29/1976
HIGHEST 99 09/21 74 25 96 09/01
09/04
LOWEST 25 11/13 54 -29 29 11/26
AVG. MAXIMUM 73.9 72.4 1.5 73.9
AVG. MINIMUM 53.1 53.0 0.1 54.6
MEAN 63.5 62.7 0.8 64.3
DAYS MAX >= 90 8 9.7 -1.7 MM
DAYS MAX <= 32 0 0.1 -0.1 MM
DAYS MIN <= 32 10 3.3 6.7 MM
DAYS MIN <= 0 0 0.0 0.0 MM
PRECIPITATION (INCHES)
TOTALS 8.12 12.36 -4.24 13.91
DAILY AVG. 0.09 0.14 -0.05 0.15
DAYS >= .01 21 23.6 -2.6 MM
DAYS >= .10 14 15.9 -1.9 MM
DAYS >= .50 7 8.0 -1.0 MM
DAYS >= 1.00 2 4.0 -2.0 MM
GREATEST
24 HR. TOTAL MM 5.78 10/02 TO 10/03
STORM TOTAL 1.87 5.27
(MM/DD(HH)) MM
SNOWFALL (INCHES)
RECORDS
TOTAL 4.0 1983
24 HR TOTAL 4.0 11/26/1980 TO 11/26/1980
SNOW DEPTH 4 11/27/1980
TOTALS T 0.1 -0.1 0.0
LIQUID EQUIV T 0.00 0.00 0.00
SINCE 7/1 T 0.1 -0.1 MM
LIQUID 7/1 -0.10 0.00 -0.10 MM
SNOWDEPTH AVG. 0 0
DAYS >= TRACE 2 0.2 1.8 MM
DAYS >= 1.0 0 0.0 0.0 MM
GREATEST
SNOW DEPTH 0 0 MM
24 HR TOTAL T 1MM14 TO 11/14 0.0
11/12 TO 11/12
STORM TOTAL T 0.0
(MM/DD(HH)) MM
DEGREE DAYS
HEATING TOTAL 556 571 -15 509
SINCE 7/1 556 572 -16 MM
COOLING TOTAL 447 363 84 469
SINCE 1/1 2305 2008 297 MM
FREEZE DATES
RECORD
EARLIEST 10/20/1989
LATEST 04/19/1983
EARLIEST 11/12
LATEST 03/13
................................................................
WIND (MPH)
AVERAGE WIND SPEED MM
HIGHEST WIND SPEED/DIRECTION MM DATE MM
HIGHEST GUST SPEED/DIRECTION MM DATE MM
SKY COVER
AVERAGE SKY COVER MM
NUMBER OF DAYS FAIR 0
NUMBER OF DAYS PC 0
NUMBER OF DAYS CLOUDY 0
WEATHER CONDITIONS. NUMBER OF DAYS WITH
THUNDERSTORM 10 MIXED PRECIP 0
HEAVY RAIN 7 RAIN 15
LIGHT RAIN 26 FREEZING RAIN 0
LT FREEZING RAIN 0 HAIL 0
HEAVY SNOW 0 SLEET 2
FOG 11 FOG W/VIS <= 1/4 MILE 4
HAZE 2
- INDICATES NEGATIVE NUMBERS.
R INDICATES RECORD WAS SET OR TIED.
MM INDICATES DATA IS MISSING.
T INDICATES TRACE AMOUNT.
&&
.SEASONAL TEMPERATURES...
THE AVERAGE HIGH TEMPERATURE OF 73.9 WAS TIED FOR THE 16TH HOTTEST
SEASON AND WARMEST SINCE 2021.
THE AVERAGE LOW TEMPERATURE OF 53.1 WAS THE 13TH COLDEST SEASON AND
COOLEST SINCE 2014.
THE AVERAGE TEMPERATURE OF 63.5 WAS TIED FOR THE 22ND HOTTEST SEASON
AND WARMEST SINCE 2021.
THE HOTTEST TEMPERATURE OF 99 DEGREES OCCURRED ON SEPT 21ST, WHICH
WAS THE HOTTEST READING SINCE 2013 AND TIED FOR 5TH HOTTEST
TEMPERATURE FOR THE SEASON.
THE LAST 90-DEGREE DAY WAS ON SEPT 25TH. THERE WERE 8 DAYS WITH
HIGHS OF 90 DEGREES OR GREATER.
THE LAST 80-DEGREE DAY WAS ON NOV 9TH.
THE COLDEST TEMPERATURE OF 25 DEGREES OCCURRED ON NOV 13TH, WHICH
WAS THE COLDEST READING SINCE 2019 AND TIED FOR THE 11TH COLDEST
TEMPERATURE FOR THE SEASON.
THE FIRST FREEZE OCCURRED ON NOV 12TH. THERE WERE 10 DAYS WITH LOWS
OF 32 DEGREES OR LESS.
.SEASONAL RAINFALL...
THE SEASONAL RAINFALL TOTAL OF 8.12 WAS THE 8TH DRIEST ON RECORD.
.SEASONAL SNOWFALL...
THE SEASONAL SNOWFALL WAS A TRACE. THERE WAS NO MEASURABLE SEASONAL
SNOWFALL FOR THE FOURTH CONSECUTIVE YEAR.
$$
70