000
CXUS54 KLZK 011130
CF6M19
PRELIMINARY LOCAL CLIMATOLOGICAL DATA (WS FORM: F-6)
STATION: Newport Airport
MONTH: MARCH
YEAR: 2020
LATITUDE: 35 35 N
LONGITUDE: 91 16 W
TEMPERATURE IN F: :PCPN: SNOW: WIND :SUNSHINE: SKY :PK WND
================================================================================
1 2 3 4 5 6A 6B 7 8 9 10 11 12 13 14 15 16 17 18
12Z AVG MX 2MIN
DY MAX MIN AVG DEP HDD CDD WTR SNW DPTH SPD SPD DIR MIN PSBL S-S WX SPD DR
================================================================================
1 67 42 55 9 10 0 0.17 M M 15.5 27 200 M M 5 3 37 220
2 72 53 63 17 2 0 0.02 M M 14.7 22 210 M M 3 24 190
3 65 49 57 11 8 0 0.02 M M 6.4 12 310 M M 0 3 M M
4 58 45 52 5 13 0 0.00 M M 4.6 10 20 M M 0 M M
5 70 44 57 10 8 0 0.00 M M 10.2 21 300 M M 0 31 320
6 59 39 49 1 16 0 0.00 M M 10.9 22 330 M M 0 31 330
7 58 31 45 -3 20 0 0.00 M M 5.5 9 130 M M 0 8 M M
8 67 36 52 4 13 0 0.00 M M 12.4 22 180 M M 0 M M
9 62 54 58 10 7 0 0.19 M M 17.6 27 170 M M 7 1 33 170
10 61 46 54 5 11 0 0.00 M M 10.0 16 340 M M 5 20 300
11 62 44 53 4 12 0 0.30 M M 4.2 15 60 M M 6 138 M M
12 75 52 64 14 1 0 0.14 M M 14.0 30 200 M M 8 13 39 200
13 63 44 54 4 11 0 0.06 M M 15.7 25 30 M M 5 30 30
14 46 43 45 -5 20 0 0.71 M M 11.4 16 20 M M 10 13 M M
15 44 39 42 -8 23 0 0.04 M M 16.1 21 30 M M 10 25 30
16 46 39 43 -8 22 0 0.42 M M 6.6 10 50 M M 10 1 M M
17 52 46 49 -2 16 0 0.30 M M 7.6 14 50 M M 10 1 M M
18 67 46 57 6 8 0 0.68 M M 9.3 20 200 M M 9 13 M M
19 72 62 67 15 0 2 0.20 M M 15.3 22 170 M M 7 13 28 190
20 66 45 56 4 9 0 0.15 M M 13.5 20 330 M M 4 M M
21 51 40 46 -6 19 0 0.00 M M 10.5 16 20 M M 7 M M
22 47 40 44 -9 21 0 0.21 M M 7.6 16 60 M M 8 1 M M
23 59 46 53 0 12 0 0.22 M M 6.2 9 110 M M 8 1 M M
24 59 49 54 1 11 0 0.39 M M 10.6 15 20 M M 10 13 M M
25 55 47 51 -3 14 0 0.00 M M 6.7 10 50 M M 8 1 M M
26 82 46 64 10 1 0 0.00 M M 12.6 25 190 M M 1 12 35 220
27 78 64 71 17 0 6 0.00 M M 13.8 23 200 M M 1 M M
28 75 59 67 12 0 2 0.90 M M 16.3 21 190 M M 6 13 M M
29 73 52 63 8 2 0 0.14 M M 10.0 15 280 M M 0 18 280
30 65 51 58 3 7 0 0.70 M M 4.5 13 190 M M 4 M M
31 65 47 56 0 9 0 0.00 M M 10.5 20 50 M M 5 1 24 50
================================================================================
SM 1941 1440 326 10 5.96 M 330.8 M 157
================================================================================
AV 62.6 46.5 10.7 FASTST M M 5 MAX(MPH)
MISC ----> # 30 200 # 39 200
================================================================================
NOTES:
# LAST OF SEVERAL OCCURRENCES
COLUMN 17 PEAK WIND IN M.P.H.
PRELIMINARY LOCAL CLIMATOLOGICAL DATA (WS FORM: F-6) , PAGE 2
STATION: Newport Airport
MONTH: MARCH
YEAR: 2020
LATITUDE: 35 35 N
LONGITUDE: 91 16 W
[TEMPERATURE DATA] [PRECIPITATION DATA] SYMBOLS USED IN COLUMN 16
AVERAGE MONTHLY: 54.5 TOTAL FOR MONTH: 5.96 1 = FOG OR MIST
DPTR FM NORMAL: 3.8 DPTR FM NORMAL: 1.40 2 = FOG REDUCING VISIBILITY
HIGHEST: 82 ON 26 GRTST 24HR 0.90 ON 28-28 TO 1/4 MILE OR LESS
LOWEST: 31 ON 7 3 = THUNDER
SNOW, ICE PELLETS, HAIL 4 = ICE PELLETS
TOTAL MONTH: M 5 = HAIL
GRTST 24HR M ON M 6 = FREEZING RAIN OR DRIZZLE
GRTST DEPTH: M ON M 7 = DUSTSTORM OR SANDSTORM:
VSBY 1/2 MILE OR LESS
8 = SMOKE OR HAZE
[NO. OF DAYS WITH] [WEATHER - DAYS WITH] 9 = BLOWING SNOW
X = TORNADO
MAX 32 OR BELOW: 0 0.01 INCH OR MORE: 20
MAX 90 OR ABOVE: 0 0.10 INCH OR MORE: 16
MIN 32 OR BELOW: 1 0.50 INCH OR MORE: 4
MIN 0 OR BELOW: 0 1.00 INCH OR MORE: 0
[HDD (BASE 65) ]
TOTAL THIS MO. 326 CLEAR (SCALE 0-3) 9
DPTR FM NORMAL -123 PTCLDY (SCALE 4-7) 15
TOTAL FM JUL 1 3073 CLOUDY (SCALE 8-10) 7
DPTR FM NORMAL -330
[CDD (BASE 65) ]
TOTAL THIS MO. 10
DPTR FM NORMAL 3 [PRESSURE DATA]
TOTAL FM JAN 1 10 HIGHEST SLP M ON M
DPTR FM NORMAL 3 LOWEST SLP M ON M
[REMARKS]
#FINAL-03-20#