000
CXUS56 KHNX 011158
CF6MAE
PRELIMINARY LOCAL CLIMATOLOGICAL DATA (WS FORM: F-6)
STATION: MADERA CA AIRPORT
MONTH: JUNE
YEAR: 2023
LATITUDE: 36 58 N
LONGITUDE: 120 7 W
TEMPERATURE IN F: :PCPN: SNOW: WIND :SUNSHINE: SKY :PK WND
================================================================================
1 2 3 4 5 6A 6B 7 8 9 10 11 12 13 14 15 16 17 18
12Z AVG MX 2MIN
DY MAX MIN AVG DEP HDD CDD WTR SNW DPTH SPD SPD DIR MIN PSBL S-S WX SPD DR
================================================================================
1 85 52 69 -3 0 4 0.00 0.0 0 8.0 13 280 M M 0 16 290
2 88 50 69 -3 0 4 0.00 0.0 0 6.8 13 300 M M 0 17 300
3 93 55 74 2 0 9 0.00 0.0 0 5.4 12 300 M M 0 16 280
4 98 58 78 6 0 13 0.00 0.0 0 6.5 14 330 M M 0 8 19 340
5 87 61 74 2 0 9 T 0.0 0 7.4 25 330 M M 1 32 330
6 83 61 72 -1 0 7 0.00 0.0 0 7.1 20 320 M M 2 26 310
7 78 57 68 -5 0 3 0.00 0.0 0 6.2 17 320 M M 9 8 22 330
8 86 62 74 1 0 9 0.00 0.0 0 7.0 13 310 M M 3 8 16 320
9 87 58 73 0 0 8 0.00 0.0 0 9.6 14 310 M M 0 8 19 330
10 81 58 70 -4 0 5 0.00 0.0 0 8.0 15 350 M M 0 18 360
11 82 59 71 -3 0 6 0.00 0.0 0 6.7 15 320 M M 0 19 330
12 84 56 70 -4 0 5 0.00 0.0 0 6.9 12 290 M M 0 16 330
13 88 59 74 0 0 9 0.00 0.0 0 8.4 15 330 M M 0 18 320
14 92 62 77 2 0 12 0.00 0.0 0 7.1 13 300 M M 1 16 310
15 92 61 77 2 0 12 0.00 0.0 0 9.0 16 320 M M 1 20 280
16 92 59 76 1 0 11 0.00 0.0 0 7.8 14 320 M M 0 19 320
17 97 60 79 4 0 14 0.00 0.0 0 6.0 12 290 M M 0 16 290
18 92 61 77 1 0 12 0.00 0.0 0 10.0 18 290 M M 0 24 300
19 79 55 67 -9 0 2 0.00 0.0 0 11.1 20 330 M M 0 24 320
20 82 46 64 -12 1 0 0.00 0.0 0 9.0 17 290 M M 0 23 300
21 86 47 67 -9 0 2 0.00 0.0 0 6.8 12 290 M M 0 16 300
22 84 50 67 -10 0 2 0.00 0.0 0 9.7 18 290 M M 0 26 290
23 82 52 67 -10 0 2 0.00 0.0 0 7.1 15 290 M M 0 21 300
24 87 54 71 -6 0 6 0.00 0.0 0 7.4 12 300 M M 0 16 290
25 86 57 72 -6 0 7 0.00 0.0 0 9.3 17 310 M M 0 20 300
26 87 53 70 -8 0 5 0.00 0.0 0 7.4 12 300 M M 0 21 350
27 88 54 71 -7 0 6 0.00 0.0 0 5.9 10 270 M M 0 14 310
28 92 56 74 -4 0 9 0.00 0.0 0 7.4 15 320 M M 0 20 310
29 96 59 78 0 0 13 0.00 0.0 0 4.9 10 310 M M 0 14 320
30 103 66 85 6 0 20 0.00 0.0 0 5.1 12 300 M M 0 14 300
================================================================================
SM 2637 1698 1 226 T 0.0 225.0 M 17
================================================================================
AV 87.9 56.6 7.5 FASTST M M 1 MAX(MPH)
MISC ----> 25 330 32 330
================================================================================
NOTES:
# LAST OF SEVERAL OCCURRENCES
COLUMN 17 PEAK WIND IN M.P.H.
PRELIMINARY LOCAL CLIMATOLOGICAL DATA (WS FORM: F-6) , PAGE 2
STATION: MADERA CA AIRPORT
MONTH: JUNE
YEAR: 2023
LATITUDE: 36 58 N
LONGITUDE: 120 7 W
[TEMPERATURE DATA] [PRECIPITATION DATA] SYMBOLS USED IN COLUMN 16
AVERAGE MONTHLY: 72.3 TOTAL FOR MONTH: T 1 = FOG OR MIST
DPTR FM NORMAL: -2.7 DPTR FM NORMAL: -0.16 2 = FOG REDUCING VISIBILITY
HIGHEST: 103 ON 30 GRTST 24HR T ON 5- 5 TO 1/4 MILE OR LESS
LOWEST: 46 ON 20 3 = THUNDER
SNOW, ICE PELLETS, HAIL 4 = ICE PELLETS
TOTAL MONTH: 0.0 INCH 5 = HAIL
GRTST 24HR 0.0 6 = FREEZING RAIN OR DRIZZLE
GRTST DEPTH: 0 7 = DUSTSTORM OR SANDSTORM:
VSBY 1/2 MILE OR LESS
8 = SMOKE OR HAZE
[NO. OF DAYS WITH] [WEATHER - DAYS WITH] 9 = BLOWING SNOW
X = TORNADO
MAX 32 OR BELOW: 0 0.01 INCH OR MORE: 0
MAX 90 OR ABOVE: 10 0.10 INCH OR MORE: 0
MIN 32 OR BELOW: 0 0.50 INCH OR MORE: 0
MIN 0 OR BELOW: 0 1.00 INCH OR MORE: 0
[HDD (BASE 65) ]
TOTAL THIS MO. 1 CLEAR (SCALE 0-3) 28
DPTR FM NORMAL -3 PTCLDY (SCALE 4-7) 1
TOTAL FM JUL 1 2728 CLOUDY (SCALE 8-10) 1
DPTR FM NORMAL 376
[CDD (BASE 65) ]
TOTAL THIS MO. 226
DPTR FM NORMAL -79 [PRESSURE DATA]
TOTAL FM JAN 1 412 HIGHEST SLP 30.10 ON 20
DPTR FM NORMAL -61 LOWEST SLP 29.62 ON 5
[REMARKS]
#FINAL-06-23#