000
CXUS56 KHNX 052252
CF6MAE
PRELIMINARY LOCAL CLIMATOLOGICAL DATA (WS FORM: F-6)
STATION: MADERA CA AIRPORT
MONTH: SEPTEMBER
YEAR: 2022
LATITUDE: 36 58 N
LONGITUDE: 120 7 W
TEMPERATURE IN F: :PCPN: SNOW: WIND :SUNSHINE: SKY :PK WND
================================================================================
1 2 3 4 5 6A 6B 7 8 9 10 11 12 13 14 15 16 17 18
12Z AVG MX 2MIN
DY MAX MIN AVG DEP HDD CDD WTR SNW DPTH SPD SPD DIR MIN PSBL S-S WX SPD DR
================================================================================
1 105 62 84 6 0 19 0.00 0.0 0 5.4 12 300 M M 0 15 310
2 109 66 88 10 0 23 0.00 0.0 0 6.3 16 320 M M 0 8 20 310
3 104 68 86 8 0 21 0.00 0.0 0 7.1 16 330 M M 0 20 330
4 106 64 85 8 0 20 0.00 0.0 0 4.9 13 320 M M 0 15 310
5 107 68 88 11 0 23 0.00 0.0 0 3.7 13 320 M M 0 16 320
6 115 71 93 16 0 28 0.00 0.0 0 6.1 15 280 M M 1 22 300
7 111 73 92 15 0 27 0.00 0.0 0 7.1 16 290 M M 1 19 310
8 107 69 88 11 0 23 0.00 0.0 0 3.4 10 290 M M 1 8 14 310
9 106 68 87 11 0 22 0.00 0.0 0 3.5 12 50 M M 1 8 15 300
10 98 76 87 11 0 22 T 0.0 0 7.7 17 330 M M 1 8 20 290
11 97 73 85 9 0 20 T 0.0 0 7.0 17 330 M M 0 21 340
12 97 72 85 9 0 20 0.00 0.0 0 6.5 12 310 M M 1 8 15 300
13 89 64 77 1 0 12 0.00 0.0 0 9.3 17 320 M M 2 23 330
14 83 55 69 -7 0 4 0.00 0.0 0 8.3 18 320 M M 0 24 310
15 83 56 70 -5 0 5 0.00 0.0 0 8.4 14 330 M M 0 18 22 310
16 85 53 69 -6 0 4 0.00 0.0 0 6.5 12 310 M M 0 16 240
17 86 54 70 -5 0 5 0.00 0.0 0 7.2 15 300 M M 0 20 300
18 78 57 68 -6 0 3 0.05 0.0 0 9.2 24 140 M M 4 1 31 120
19 74 62 68 -6 0 3 0.47 0.0 0 6.9 15 80 M M 9 1 18 80
20 80 60 70 -4 0 5 0.02 0.0 0 3.6 12 280 M M 5 1 14 290
21 80 56 68 -6 0 3 0.00 0.0 0 5.7 13 330 M M 2 1 16 330
22 84 56 70 -3 0 5 0.00 0.0 0 6.6 14 270 M M 0 17 350
23 90 54 72 -1 0 7 0.00 0.0 0 3.5 12 290 M M 0 14 300
24 95 58 77 4 0 12 0.00 0.0 0 3.5 9 300 M M 0 12 270
25 97 62 80 8 0 15 0.00 0.0 0 3.8 10 300 M M 0 13 270
26 97 61 79 7 0 14 0.00 0.0 0 5.4 10 300 M M 0 13 300
27 94 59 77 5 0 12 0.00 0.0 0 6.7 10 300 M M 0 14 310
28 94 54 74 3 0 9 0.00 0.0 0 7.2 16 320 M M 0 21 320
29 90 57 74 3 0 9 0.00 0.0 0 6.6 15 300 M M 0 18 350
30 91 57 74 3 0 9 0.00 0.0 0 3.5 9 300 M M 0 13 290
================================================================================
SM 2832 1865 0 404 0.54 0.0 180.6 M 28
================================================================================
AV 94.4 62.2 6.0 FASTST M M 1 MAX(MPH)
MISC ----> 24 140 31 120
================================================================================
NOTES:
# LAST OF SEVERAL OCCURRENCES
COLUMN 17 PEAK WIND IN M.P.H.
PRELIMINARY LOCAL CLIMATOLOGICAL DATA (WS FORM: F-6) , PAGE 2
STATION: MADERA CA AIRPORT
MONTH: SEPTEMBER
YEAR: 2022
LATITUDE: 36 58 N
LONGITUDE: 120 7 W
[TEMPERATURE DATA] [PRECIPITATION DATA] SYMBOLS USED IN COLUMN 16
AVERAGE MONTHLY: 78.3 TOTAL FOR MONTH: 0.54 1 = FOG OR MIST
DPTR FM NORMAL: 3.5 DPTR FM NORMAL: 0.51 2 = FOG REDUCING VISIBILITY
HIGHEST: 115 ON 6 GRTST 24HR 0.47 ON 19-19 TO 1/4 MILE OR LESS
LOWEST: 53 ON 16 3 = THUNDER
SNOW, ICE PELLETS, HAIL 4 = ICE PELLETS
TOTAL MONTH: 0.0 INCH 5 = HAIL
GRTST 24HR 0.0 6 = FREEZING RAIN OR DRIZZLE
GRTST DEPTH: 0 7 = DUSTSTORM OR SANDSTORM:
VSBY 1/2 MILE OR LESS
8 = SMOKE OR HAZE
[NO. OF DAYS WITH] [WEATHER - DAYS WITH] 9 = BLOWING SNOW
X = TORNADO
MAX 32 OR BELOW: 0 0.01 INCH OR MORE: 3
MAX 90 OR ABOVE: 20 0.10 INCH OR MORE: 1
MIN 32 OR BELOW: 0 0.50 INCH OR MORE: 0
MIN 0 OR BELOW: 0 1.00 INCH OR MORE: 0
[HDD (BASE 65) ]
TOTAL THIS MO. 0 CLEAR (SCALE 0-3) 27
DPTR FM NORMAL -4 PTCLDY (SCALE 4-7) 2
TOTAL FM JUL 1 0 CLOUDY (SCALE 8-10) 1
DPTR FM NORMAL 0
[CDD (BASE 65) ]
TOTAL THIS MO. 404
DPTR FM NORMAL 108 [PRESSURE DATA]
TOTAL FM JAN 1 1929 HIGHEST SLP 30.07 ON 22
DPTR FM NORMAL 256 LOWEST SLP 29.46 ON 9
[REMARKS]
#FINAL-09-22#