000
CXUS56 KHNX 021551
CF6MAE
PRELIMINARY LOCAL CLIMATOLOGICAL DATA (WS FORM: F-6)
STATION: MADERA CA AIRPORT
MONTH: NOVEMBER
YEAR: 2021
LATITUDE: 36 58 N
LONGITUDE: 120 7 W
TEMPERATURE IN F: :PCPN: SNOW: WIND :SUNSHINE: SKY :PK WND
================================================================================
1 2 3 4 5 6A 6B 7 8 9 10 11 12 13 14 15 16 17 18
12Z AVG MX 2MIN
DY MAX MIN AVG DEP HDD CDD WTR SNW DPTH SPD SPD DIR MIN PSBL S-S WX SPD DR
================================================================================
1 71 54 63 4 2 0 T 0.0 0 5.2 14 90 M M 4 18 17 110
2 76 54 65 6 0 0 0.00 0.0 0 3.7 8 310 M M 2 1 11 280
3 74 52 63 4 2 0 0.00 0.0 0 2.1 7 320 M M 4 128 11 310
4 73 47 60 2 5 0 0.00 0.0 0 5.8 20 330 M M 1 18 22 330
5 72 44 58 0 7 0 0.00 0.0 0 3.5 12 340 M M 0 18 14 340
6 71 45 58 0 7 0 0.00 0.0 0 5.3 15 320 M M 0 1 18 320
7 66 40 53 -4 12 0 0.00 0.0 0 8.5 16 290 M M 3 20 290
8 65 37 51 -6 14 0 0.01 0.0 0 5.6 17 100 M M 2 21 110
9 67 48 58 2 7 0 0.07 0.0 0 8.3 16 120 M M 6 1 24 150
10 65 46 56 0 9 0 0.00 0.0 0 3.7 12 290 M M 7 12 15 330
11 66 51 59 3 6 0 0.00 0.0 0 3.8 7 180 M M 6 18 11 150
12 69 44 57 2 8 0 0.00 0.0 0 2.3 8 310 M M 2 128 17 20
13 57 47 52 -3 13 0 0.00 0.0 0 1.6 6 160 M M 10 12 7 140
14 61 53 57 2 8 0 0.00 0.0 0 3.0 8 140 M M 10 128 10 300
15 61 50 56 2 9 0 0.00 0.0 0 3.5 10 260 M M 7 128 11 260
16 58 52 55 1 10 0 0.00 0.0 0 2.8 10 320 M M 10 128 13 320
17 63 47 55 1 10 0 0.00 0.0 0 1.0 7 290 M M 6 18 8 170
18 65 41 53 0 12 0 0.00 0.0 0 2.7 9 90 M M 2 128 M M
19 66 47 57 4 8 0 0.00 0.0 0 3.0 10 350 M M 4 128 11 350
20 64 44 54 2 11 0 0.00 0.0 0 3.6 8 300 M M 6 18 11 320
21 67 38 53 1 12 0 0.00 0.0 0 1.6 7 200 M M 1 128 10 320
22 63 40 52 0 13 0 0.00 0.0 0 2.8 9 110 M M 5 128 10 350
23 63 39 51 0 14 0 0.00 0.0 0 2.9 10 310 M M 5 128 20 20
24 56 39 48 -3 17 0 0.00 0.0 0 1.9 7 80 M M 6 128 9 290
25 65 35 50 -1 15 0 0.00 0.0 0 1.2 6 190 M M 3 128 15 10
26 64 33 49 -1 16 0 0.00 0.0 0 1.8 8 270 M M 0 18 18 30
27 67 36 52 2 13 0 0.00 0.0 0 2.8 7 90 M M 0 18 8 200
28 70 35 53 3 12 0 0.00 0.0 0 2.2 6 320 M M 0 18 8 330
29 70 36 53 3 12 0 0.00 0.0 0 1.6 9 330 M M 0 18 10 320
30 71 40 56 7 9 0 0.00 0.0 0 2.6 16 360 M M 0 18 45 30
================================================================================
SM 1986 1314 293 0 0.08 0.0 100.4 M 112
================================================================================
AV 66.2 43.8 3.3 FASTST M M 4 MAX(MPH)
MISC ----> 20 330 45 30
================================================================================
NOTES:
# LAST OF SEVERAL OCCURRENCES
COLUMN 17 PEAK WIND IN M.P.H.
PRELIMINARY LOCAL CLIMATOLOGICAL DATA (WS FORM: F-6) , PAGE 2
STATION: MADERA CA AIRPORT
MONTH: NOVEMBER
YEAR: 2021
LATITUDE: 36 58 N
LONGITUDE: 120 7 W
[TEMPERATURE DATA] [PRECIPITATION DATA] SYMBOLS USED IN COLUMN 16
AVERAGE MONTHLY: 55.0 TOTAL FOR MONTH: 0.08 1 = FOG OR MIST
DPTR FM NORMAL: 0.9 DPTR FM NORMAL: -0.84 2 = FOG REDUCING VISIBILITY
HIGHEST: 76 ON 2 GRTST 24HR 0.08 ON 8- 9 TO 1/4 MILE OR LESS
LOWEST: 33 ON 26 3 = THUNDER
SNOW, ICE PELLETS, HAIL 4 = ICE PELLETS
TOTAL MONTH: 0.0 INCH 5 = HAIL
GRTST 24HR 0.0 6 = FREEZING RAIN OR DRIZZLE
GRTST DEPTH: 0 7 = DUSTSTORM OR SANDSTORM:
VSBY 1/2 MILE OR LESS
8 = SMOKE OR HAZE
[NO. OF DAYS WITH] [WEATHER - DAYS WITH] 9 = BLOWING SNOW
X = TORNADO
MAX 32 OR BELOW: 0 0.01 INCH OR MORE: 2
MAX 90 OR ABOVE: 0 0.10 INCH OR MORE: 0
MIN 32 OR BELOW: 0 0.50 INCH OR MORE: 0
MIN 0 OR BELOW: 0 1.00 INCH OR MORE: 0
[HDD (BASE 65) ]
TOTAL THIS MO. 293 CLEAR (SCALE 0-3) 15
DPTR FM NORMAL -36 PTCLDY (SCALE 4-7) 12
TOTAL FM JUL 1 396 CLOUDY (SCALE 8-10) 3
DPTR FM NORMAL -14
[CDD (BASE 65) ]
TOTAL THIS MO. 0
DPTR FM NORMAL -2 [PRESSURE DATA]
TOTAL FM JAN 1 1953 HIGHEST SLP 30.43 ON 25
DPTR FM NORMAL 204 LOWEST SLP 29.99 ON 23
[REMARKS]
#FINAL-11-21#