000
CXUS54 KMAF 012319
CF6MAF
PRELIMINARY LOCAL CLIMATOLOGICAL DATA (WS FORM: F-6)
STATION: MIDLAND INTERNATIONAL AIRPORT
MONTH: JANUARY
YEAR: 2023
LATITUDE: 31 57 N
LONGITUDE: 102 11 W
TEMPERATURE IN F: :PCPN: SNOW: WIND :SUNSHINE: SKY :PK WND
================================================================================
1 2 3 4 5 6A 6B 7 8 9 10 11 12 13 14 15 16 17 18
12Z AVG MX 2MIN
DY MAX MIN AVG DEP HDD CDD WTR SNW DPTH SPD SPD DIR MIN PSBL S-S WX SPD DR
================================================================================
1 75 47 61 16 4 0 0.00 0.0 0 10.6 21 240 M M 0 26 180
2 75 47 61 16 4 0 0.00 0.0 0 13.5 44 300 M M 0 78 63 300
3 57 43 50 5 15 0 0.00 0.0 0 15.5 26 240 M M 0 34 240
4 64 36 50 5 15 0 0.00 0.0 0 12.8 25 270 M M 0 34 270
5 63 29 46 1 19 0 0.00 0.0 0 6.2 13 180 M M 0 8 15 210
6 77 45 61 16 4 0 0.00 0.0 0 9.6 20 200 M M 0 27 210
7 61 38 50 5 15 0 0.00 0.0 0 8.1 17 30 M M 1 21 360
8 64 28 46 1 19 0 0.00 0.0 0 5.6 12 170 M M 0 14 190
9 73 38 56 11 9 0 T 0.0 0 7.5 22 270 M M 1 29 270
10 78 40 59 14 6 0 0.00 0.0 0 12.3 28 270 M M 0 34 240
11 75 41 58 13 7 0 0.00 0.0 0 14.9 36 270 M M 0 8 47 250
12 56 33 45 0 20 0 0.00 0.0 0 12.6 25 360 M M 0 34 340
13 62 29 46 1 19 0 0.00 0.0 0 6.9 17 160 M M 0 21 160
14 69 37 53 8 12 0 0.00 0.0 0 13.5 22 180 M M 0 31 180
15 71 47 59 14 6 0 0.00 0.0 0 11.6 18 200 M M 3 23 180
16 69 45 57 12 8 0 0.00 0.0 0 16.9 35 260 M M 5 8 47 250
17 67 49 58 12 7 0 T 0.0 0 11.0 28 250 M M 6 39 240
18 58 38 48 2 17 0 0.03 0.0 0 18.6 37 270 M M 2 8 48 260
19 57 29 43 -3 22 0 0.00 0.0 0 6.2 18 270 M M 0 23 260
20 66 34 50 4 15 0 0.00 0.0 0 11.5 24 170 M M 0 30 160
21 60 27 44 -2 21 0 0.00 0.0 0 10.3 21 280 M M 0 26 280
22 52 24 38 -8 27 0 0.00 0.0 0 6.5 13 120 M M 0 16 280
23 57 30 44 -2 21 0 T 0.0 0 21.0 38 150 M M 3 8 46 130
24 40 30 35 -11 30 0 0.18 T 0 12.7 23 90 M M 9 1 30 120
25 47 27 37 -9 28 0 0.00 0.0 0 9.2 21 360 M M 4 26 360
26 47 22 35 -12 30 0 0.00 0.0 0 4.6 10 130 M M 0 15 70
27 56 27 42 -5 23 0 0.00 0.0 0 11.1 23 220 M M 0 30 240
28 67 33 50 3 15 0 0.00 0.0 0 11.0 25 240 M M 0 1 34 260
29 45 28 37 -10 28 0 0.00 0.0 0 11.0 17 70 M M 5 18 25 60
30 28 20 24 -23 41 0 T 0.0 0 11.6 21 60 M M 10 16 25 60
31 24 20 22 -25 43 0 T 0.0 0 11.3 20 30 M M 10 16 24 20
================================================================================
SM 1860 1061 550 0 0.21 T 345.7 M 59
================================================================================
AV 60.0 34.2 11.2 FASTST M M 2 MAX(MPH)
MISC ----> 44 300 63 300
================================================================================
NOTES:
# LAST OF SEVERAL OCCURRENCES
COLUMN 17 PEAK WIND IN M.P.H.
PRELIMINARY LOCAL CLIMATOLOGICAL DATA (WS FORM: F-6) , PAGE 2
STATION: MIDLAND INTERNATIONAL AIRPORT
MONTH: JANUARY
YEAR: 2023
LATITUDE: 31 57 N
LONGITUDE: 102 11 W
[TEMPERATURE DATA] [PRECIPITATION DATA] SYMBOLS USED IN COLUMN 16
AVERAGE MONTHLY: 47.1 TOTAL FOR MONTH: 0.21 1 = FOG OR MIST
DPTR FM NORMAL: 1.4 DPTR FM NORMAL: -0.45 2 = FOG REDUCING VISIBILITY
HIGHEST: 78 ON 10 GRTST 24HR 0.18 ON 24-24 TO 1/4 MILE OR LESS
LOWEST: 20 ON 31,30 3 = THUNDER
SNOW, ICE PELLETS, HAIL 4 = ICE PELLETS
TOTAL MONTH: T 5 = HAIL
GRTST 24HR T ON 24-24 6 = FREEZING RAIN OR DRIZZLE
GRTST DEPTH: 0 7 = DUSTSTORM OR SANDSTORM:
VSBY 1/2 MILE OR LESS
8 = SMOKE OR HAZE
[NO. OF DAYS WITH] [WEATHER - DAYS WITH] 9 = BLOWING SNOW
X = TORNADO
MAX 32 OR BELOW: 2 0.01 INCH OR MORE: 2
MAX 90 OR ABOVE: 0 0.10 INCH OR MORE: 1
MIN 32 OR BELOW: 14 0.50 INCH OR MORE: 0
MIN 0 OR BELOW: 0 1.00 INCH OR MORE: 0
[HDD (BASE 65) ]
TOTAL THIS MO. 550 CLEAR (SCALE 0-3) 24
DPTR FM NORMAL -50 PTCLDY (SCALE 4-7) 4
TOTAL FM JUL 1 1634 CLOUDY (SCALE 8-10) 3
DPTR FM NORMAL 33
[CDD (BASE 65) ]
TOTAL THIS MO. 0
DPTR FM NORMAL 0 [PRESSURE DATA]
TOTAL FM JAN 1 0 HIGHEST SLP 30.47 ON 26
DPTR FM NORMAL 0 LOWEST SLP 29.58 ON 2
[REMARKS]
#FINAL-01-23#