000
CXUS54 KMAF 011920
CF6MAF
PRELIMINARY LOCAL CLIMATOLOGICAL DATA (WS FORM: F-6)
STATION: MIDLAND INTERNATIONAL AIRPORT
MONTH: SEPTEMBER
YEAR: 2022
LATITUDE: 31 57 N
LONGITUDE: 102 11 W
TEMPERATURE IN F: :PCPN: SNOW: WIND :SUNSHINE: SKY :PK WND
================================================================================
1 2 3 4 5 6A 6B 7 8 9 10 11 12 13 14 15 16 17 18
12Z AVG MX 2MIN
DY MAX MIN AVG DEP HDD CDD WTR SNW DPTH SPD SPD DIR MIN PSBL S-S WX SPD DR
================================================================================
1 76 69 73 -7 0 8 0.05 0.0 0 5.4 14 190 M M 7 1 17 190
2 85 70 78 -2 0 13 0.02 0.0 0 7.6 20 150 M M 5 13 23 160
3 86 68 77 -3 0 12 0.00 0.0 0 4.8 22 110 M M 2 138 27 110
4 88 65 77 -2 0 12 0.00 0.0 0 4.1 12 80 M M 0 18 16 130
5 90 68 79 0 0 14 0.00 0.0 0 8.4 20 130 M M 1 23 140
6 92 68 80 1 0 15 0.00 0.0 0 6.4 15 230 M M 1 19 230
7 90 64 77 -1 0 12 0.00 0.0 0 9.0 20 40 M M 0 26 80
8 88 62 75 -3 0 10 0.00 0.0 0 3.7 14 80 M M 0 8 16 110
9 90 64 77 -1 0 12 0.00 0.0 0 5.3 16 190 M M 0 8 20 180
10 92 67 80 2 0 15 T 0.0 0 8.8 22 10 M M 3 8 29 20
11 77 61 69 -8 0 4 T 0.0 0 10.6 24 50 M M 4 3 28 50
12 87 65 76 -1 0 11 0.00 0.0 0 8.7 16 210 M M 2 8 25 200
13 90 65 78 1 0 13 0.00 0.0 0 10.2 18 150 M M 1 18 23 170
14 87 65 76 -1 0 11 0.57 0.0 0 12.0 32 330 M M 3 138 39 330
15 87 64 76 0 0 11 0.00 0.0 0 10.9 20 160 M M 0 18 24 160
16 91 66 79 3 0 14 0.00 0.0 0 11.8 18 160 M M 1 18 22 160
17 91 68 80 4 0 15 0.00 0.0 0 13.3 22 150 M M 0 27 170
18 90 66 78 2 0 13 0.00 0.0 0 12.7 23 180 M M 0 30 170
19 89 69 79 4 0 14 0.00 0.0 0 12.7 21 160 M M 3 29 160
20 91 67 79 4 0 14 0.00 0.0 0 11.5 23 160 M M 1 29 170
21 90 65 78 3 0 13 0.00 0.0 0 9.2 20 170 M M 0 25 160
22 90 67 79 5 0 14 0.00 0.0 0 8.6 18 130 M M 0 24 130
23 89 58 74 0 0 9 0.00 0.0 0 9.7 23 170 M M 0 33 160
24 91 62 77 3 0 12 0.00 0.0 0 7.9 17 180 M M 0 22 180
25 89 62 76 2 0 11 0.00 0.0 0 7.7 20 90 M M 2 23 100
26 85 65 75 2 0 10 0.00 0.0 0 9.7 18 100 M M 0 23 80
27 86 59 73 0 0 8 0.00 0.0 0 7.1 15 170 M M 0 19 120
28 86 55 71 -2 0 6 0.00 0.0 0 6.7 17 180 M M 0 8 22 160
29 86 57 72 0 0 7 0.00 0.0 0 9.0 16 140 M M 0 8 20 210
30 88 56 72 0 0 7 0.00 0.0 0 9.6 20 160 M M 0 8 27 150
================================================================================
SM 2637 1927 0 340 0.64 0.0 263.1 M 36
================================================================================
AV 87.9 64.2 8.8 FASTST M M 1 MAX(MPH)
MISC ----> 32 330 39 330
================================================================================
NOTES:
# LAST OF SEVERAL OCCURRENCES
COLUMN 17 PEAK WIND IN M.P.H.
PRELIMINARY LOCAL CLIMATOLOGICAL DATA (WS FORM: F-6) , PAGE 2
STATION: MIDLAND INTERNATIONAL AIRPORT
MONTH: SEPTEMBER
YEAR: 2022
LATITUDE: 31 57 N
LONGITUDE: 102 11 W
[TEMPERATURE DATA] [PRECIPITATION DATA] SYMBOLS USED IN COLUMN 16
AVERAGE MONTHLY: 76.1 TOTAL FOR MONTH: 0.64 1 = FOG OR MIST
DPTR FM NORMAL: -0.1 DPTR FM NORMAL: -1.02 2 = FOG REDUCING VISIBILITY
HIGHEST: 92 ON 10, 6 GRTST 24HR 0.57 ON 14-14 TO 1/4 MILE OR LESS
LOWEST: 55 ON 28 3 = THUNDER
SNOW, ICE PELLETS, HAIL 4 = ICE PELLETS
TOTAL MONTH: 0.0 INCH 5 = HAIL
GRTST 24HR 0.0 6 = FREEZING RAIN OR DRIZZLE
GRTST DEPTH: 0 7 = DUSTSTORM OR SANDSTORM:
VSBY 1/2 MILE OR LESS
8 = SMOKE OR HAZE
[NO. OF DAYS WITH] [WEATHER - DAYS WITH] 9 = BLOWING SNOW
X = TORNADO
MAX 32 OR BELOW: 0 0.01 INCH OR MORE: 3
MAX 90 OR ABOVE: 13 0.10 INCH OR MORE: 1
MIN 32 OR BELOW: 0 0.50 INCH OR MORE: 1
MIN 0 OR BELOW: 0 1.00 INCH OR MORE: 0
[HDD (BASE 65) ]
TOTAL THIS MO. 0 CLEAR (SCALE 0-3) 27
DPTR FM NORMAL -7 PTCLDY (SCALE 4-7) 3
TOTAL FM JUL 1 0 CLOUDY (SCALE 8-10) 0
DPTR FM NORMAL 0
[CDD (BASE 65) ]
TOTAL THIS MO. 340
DPTR FM NORMAL -3 [PRESSURE DATA]
TOTAL FM JAN 1 2788 HIGHEST SLP 30.22 ON 28
DPTR FM NORMAL 258 LOWEST SLP 29.65 ON 9
[REMARKS]
#FINAL-09-22#