000
CXUS52 KTAE 010900
CF6MAI
PRELIMINARY LOCAL CLIMATOLOGICAL DATA (WS FORM: F-6)
STATION: MARIANNA
MONTH: DECEMBER
YEAR: 2022
LATITUDE: 30 50 N
LONGITUDE: 85 11 W
TEMPERATURE IN F: :PCPN: SNOW: WIND :SUNSHINE: SKY :PK WND
================================================================================
1 2 3 4 5 6A 6B 7 8 9 10 11 12 13 14 15 16 17 18
12Z AVG MX 2MIN
DY MAX MIN AVG DEP HDD CDD WTR SNW DPTH SPD SPD DIR MIN PSBL S-S WX SPD DR
================================================================================
1 61 39 50 -6 15 0 0.00 0.0 0 7.9 17 40 M M 0 23 40
2 74 42 58 2 7 0 0.00 0.0 0 4.7 10 180 M M 0 20 200
3 80 49 65 9 0 0 0.01 0.0 0 4.5 14 200 M M 5 1 20 190
4 70 56 63 7 2 0 0.06 0.0 0 2.8 9 310 M M 10 1 10 310
5 76 50 63 8 2 0 0.00 0.0 0 2.3 8 180 M M 5 2 11 170
6 81 62 72 17 0 7 0.00 0.0 0 4.8 13 190 M M 5 12 16 240
7 82 61 72 17 0 7 0.00 0.0 0 2.8 12 250 M M 6 12 17 290
8 79 55 67 12 0 2 0.02 0.0 0 2.3 12 250 M M 5 12 14 260
9 77 53 65 10 0 0 0.00 M M 2.5 17 340 M M 4 12 27 210
10 63 57 60 5 5 0 0.00 0.0 0 1.7 7 60 M M 10 12 M M
11 69 60 65 11 0 0 0.01 0.0 M 2.9 7 50 M M 6 13 90
12 72 60 66 12 0 1 0.01 0.0 M 5.6 15 60 M M 9 1 18 60
13 70 59 65 11 0 0 0.00 0.0 0 8.9 14 100 M M 10 19 80
14 74 57 66 12 0 1 0.22 0.0 M 10.0 20 180 M M 9 13 28 160
15 71 44 58 4 7 0 0.79 0.0 M 9.9 21 230 M M 3 13 32 220
16 62 37 50 -4 15 0 0.00 0.0 M 4.1 16 270 M M 0 21 290
17 63 37 50 -4 15 0 0.00 0.0 M 4.6 15 310 M M 4 20 220
18 57 33 45 -9 20 0 0.00 0.0 M 6.4 15 10 M M 0 20 350
19 59 28 44 -9 21 0 0.02 0.0 M 4.7 14 70 M M 2 16 70
20 51 46 49 -4 16 0 0.44 0.0 M 11.8 22 70 M M 10 13 27 70
21 50 44 47 -6 18 0 0.00 0.0 M 10.4 17 40 M M 10 1 22 60
22 54 47 51 -2 14 0 0.02 0.0 0 4.4 13 50 M M 10 1 14 60
23 55 21 38 -15 27 0 0.01 0.0 0 14.8 30 330 M M 2 1 37 330
24 33 17 25 -28 40 0 0.00 0.0 0 8.5 17 340 M M 0 23 310
25 44 19 32 -21 33 0 0.00 0.0 0 4.4 15 350 M M 0 22 170
26 50 18 34 -18 31 0 0.00 0.0 0 1.3 8 350 M M 0 11 100
27 56 27 42 -10 23 0 0.00 0.0 0 1.8 10 60 M M 0 13 60
28 66 25 46 -6 19 0 0.00 0.0 0 3.9 13 70 M M 4 17 140
29 75 45 60 8 5 0 0.00 0.0 0 5.0 13 150 M M 4 19 200
30 74 44 59 7 6 0 0.25 0.0 0 5.8 16 290 M M 4 1 24 140
31 77 58 68 16 0 3 0.01 M M 7.1 20 200 M M 4 1 26 190
================================================================================
SM 2025 1350 341 21 1.87 0.0 172.6 M 141
================================================================================
AV 65.3 43.5 5.6 FASTST M M 5 MAX(MPH)
MISC ----> 30 330 37 330
================================================================================
NOTES:
# LAST OF SEVERAL OCCURRENCES
COLUMN 17 PEAK WIND IN M.P.H.
PRELIMINARY LOCAL CLIMATOLOGICAL DATA (WS FORM: F-6) , PAGE 2
STATION: MARIANNA
MONTH: DECEMBER
YEAR: 2022
LATITUDE: 30 50 N
LONGITUDE: 85 11 W
[TEMPERATURE DATA] [PRECIPITATION DATA] SYMBOLS USED IN COLUMN 16
AVERAGE MONTHLY: 54.4 TOTAL FOR MONTH: 1.87 1 = FOG OR MIST
DPTR FM NORMAL: 0.5 DPTR FM NORMAL: -2.94 2 = FOG REDUCING VISIBILITY
HIGHEST: 82 ON 7 GRTST 24HR 1.01 ON 14-15 TO 1/4 MILE OR LESS
LOWEST: 17 ON 24 3 = THUNDER
SNOW, ICE PELLETS, HAIL 4 = ICE PELLETS
TOTAL MONTH: 0.0 INCH 5 = HAIL
GRTST 24HR 0.0 6 = FREEZING RAIN OR DRIZZLE
GRTST DEPTH: 0 7 = DUSTSTORM OR SANDSTORM:
VSBY 1/2 MILE OR LESS
8 = SMOKE OR HAZE
[NO. OF DAYS WITH] [WEATHER - DAYS WITH] 9 = BLOWING SNOW
X = TORNADO
MAX 32 OR BELOW: 0 0.01 INCH OR MORE: 13
MAX 90 OR ABOVE: 0 0.10 INCH OR MORE: 4
MIN 32 OR BELOW: 7 0.50 INCH OR MORE: 1
MIN 0 OR BELOW: 0 1.00 INCH OR MORE: 0
[HDD (BASE 65) ]
TOTAL THIS MO. 341 CLEAR (SCALE 0-3) 10
DPTR FM NORMAL -21 PTCLDY (SCALE 4-7) 13
TOTAL FM JUL 1 560 CLOUDY (SCALE 8-10) 8
DPTR FM NORMAL -46
[CDD (BASE 65) ]
TOTAL THIS MO. 21
DPTR FM NORMAL 4 [PRESSURE DATA]
TOTAL FM JAN 1 2703 HIGHEST SLP 30.49 ON 24
DPTR FM NORMAL -51 LOWEST SLP 29.71 ON 15
[REMARKS]
#FINAL-12-22#