000
CXUS53 KABR 011200
CF6MBG
PRELIMINARY LOCAL CLIMATOLOGICAL DATA (WS FORM: F-6)
STATION: MOBRIDGE SD
MONTH: JANUARY
YEAR: 2024
LATITUDE: 45 32 N
LONGITUDE: 100 25 W
TEMPERATURE IN F: :PCPN: SNOW: WIND :SUNSHINE: SKY :PK WND
================================================================================
1 2 3 4 5 6A 6B 7 8 9 10 11 12 13 14 15 16 17 18
12Z AVG MX 2MIN
DY MAX MIN AVG DEP HDD CDD WTR SNW DPTH SPD SPD DIR MIN PSBL S-S WX SPD DR
================================================================================
1 33 14 24 6 41 0 0.00 0.0 1 7.7 16 310 M M M 21 320
2 35 20 28 10 37 0 0.00 0.0 1 5.2 15 310 M M M 22 320
3 28 20 24 7 41 0 0.00 0.0 T 7.0 20 20 M M M 24 20
4 30 20 25 8 40 0 0.00 0.0 T 12.3 22 170 M M M 29 180
5 31 27 29 12 36 0 0.03 T T 4.0 10 310 M M M 14 320
6 29 22 26 9 39 0 T T T 9.2 20 330 M M M 29 340
7 23 11 17 0 48 0 T T T 11.0 17 130 M M M 22 140
8 19 5 12 -5 53 0 0.02 T T 6.7 15 330 M M 7 8 21 330
9 20 0 10 -7 55 0 0.04 T T 8.3 17 160 M M 4 1 20 160
10 30 3 17 0 48 0 0.04 T T 14.6 30 320 M M 2 1 37 320
11 3 -7 -2 -19 67 0 0.00 0.0 T 12.7 23 320 M M 0 30 320
12 -3 -12 -7 -23 72 0 T T T 16.1 29 320 M M 4 8 39 330
13 -11 -24 -17 -33 82 0 T T T 24.1 37 310 M M 4 8 49 310
14 -7 -20 -13 -29 78 0 0.00 0.0 T 15.4 25 320 M M 3 32 320
15 -2 -15 -8 -24 73 0 T T T 22.1 35 310 M M 0 46 310
16 19 -8 6 -10 59 0 0.00 0.0 T 11.7 23 310 M M 2 31 300
17 20 4 12 -4 53 0 0.00 0.0 T 6.5 15 290 M M 2 19 300
18 5 -3 1 -15 64 0 0.11 1.0 1 15.1 26 310 M M 7 89 34 310
19 5 -2 2 -14 63 0 T T 1 12.6 26 310 M M 7 9 35 320
20 11 -7 2 -14 63 0 0.00 0.0 1 16.4 30 150 M M 3 8 37 160
21 29 11 20 4 45 0 T 0.0 1 7.4 18 150 M M 3 6 23 150
22 27 13 20 4 45 0 0.00 0.0 1 6.3 13 110 M M 8 18 16 100
23 28 21 25 9 40 0 0.00 0.0 1 13.9 18 160 M M 10 1 26 160
24 29 19 24 8 41 0 T T 1 5.2 13 170 M M 8 12 15 170
25 30 15 23 6 42 0 0.00 0.0 1 2.1 9 130 M M 4 12 11 140
26 34 15 25 8 40 0 0.00 0.0 T 4.1 10 150 M M 4 1 12 150
27 35 13 24 7 41 0 0.00 0.0 T 3.5 10 130 M M 0 12 130
28 42 20 31 14 34 0 0.00 0.0 T 6.0 13 130 M M 0 13 130
29 49 28 39 22 26 0 0.00 0.0 0 6.3 16 320 M M 0 21 300
30 41 23 32 15 33 0 0.00 0.0 0 6.0 12 130 M M 1 12 13 140
31 51 26 39 22 26 0 0.00 0.0 0 0.6 9 340 M M 0 12 340
================================================================================
SM 713 252 1525 0 0.24 1.0 300.1 M 83
================================================================================
AV 23.0 8.1 9.7 FASTST M M 3 MAX(MPH)
MISC ----> 37 310 49 310
================================================================================
NOTES:
# LAST OF SEVERAL OCCURRENCES
COLUMN 17 PEAK WIND IN M.P.H.
PRELIMINARY LOCAL CLIMATOLOGICAL DATA (WS FORM: F-6) , PAGE 2
STATION: MOBRIDGE SD
MONTH: JANUARY
YEAR: 2024
LATITUDE: 45 32 N
LONGITUDE: 100 25 W
[TEMPERATURE DATA] [PRECIPITATION DATA] SYMBOLS USED IN COLUMN 16
AVERAGE MONTHLY: 15.6 TOTAL FOR MONTH: 0.24 1 = FOG OR MIST
DPTR FM NORMAL: -1.2 DPTR FM NORMAL: -0.14 2 = FOG REDUCING VISIBILITY
HIGHEST: 51 ON 31 GRTST 24HR 0.11 ON 18-18 TO 1/4 MILE OR LESS
LOWEST: -24 ON 13 3 = THUNDER
SNOW, ICE PELLETS, HAIL 4 = ICE PELLETS
TOTAL MONTH: 1.0 INCH 5 = HAIL
GRTST 24HR 1.0 ON 18-18 6 = FREEZING RAIN OR DRIZZLE
GRTST DEPTH: 1 ON 25,24 7 = DUSTSTORM OR SANDSTORM:
VSBY 1/2 MILE OR LESS
8 = SMOKE OR HAZE
[NO. OF DAYS WITH] [WEATHER - DAYS WITH] 9 = BLOWING SNOW
X = TORNADO
MAX 32 OR BELOW: 23 0.01 INCH OR MORE: 5
MAX 90 OR ABOVE: 0 0.10 INCH OR MORE: 1
MIN 32 OR BELOW: 31 0.50 INCH OR MORE: 0
MIN 0 OR BELOW: 10 1.00 INCH OR MORE: 0
[HDD (BASE 65) ]
TOTAL THIS MO. 1525 CLEAR (SCALE 0-3) 13
DPTR FM NORMAL 29 PTCLDY (SCALE 4-7) 9
TOTAL FM JUL 1 4018 CLOUDY (SCALE 8-10) 9
DPTR FM NORMAL -438
[CDD (BASE 65) ]
TOTAL THIS MO. 0
DPTR FM NORMAL 0 [PRESSURE DATA]
TOTAL FM JAN 1 0 HIGHEST SLP 30.65 ON 19
DPTR FM NORMAL 0 LOWEST SLP 29.31 ON 10
[REMARKS]
#FINAL-01-24#