000
CXUS56 KHNX 080753
CF6MCE
PRELIMINARY LOCAL CLIMATOLOGICAL DATA (WS FORM: F-6)
STATION: MERCED CA AIRPORT
MONTH: DECEMBER
YEAR: 2021
LATITUDE: 37 16 N
LONGITUDE: 120 36 W
TEMPERATURE IN F: :PCPN: SNOW: WIND :SUNSHINE: SKY :PK WND
================================================================================
1 2 3 4 5 6A 6B 7 8 9 10 11 12 13 14 15 16 17 18
12Z AVG MX 2MIN
DY MAX MIN AVG DEP HDD CDD WTR SNW DPTH SPD SPD DIR MIN PSBL S-S WX SPD DR
================================================================================
1 71 39 55 7 10 0 0.00 0.0 0 0.4 5 270 M M 0 18 6 280
2 69 39 54 6 11 0 0.00 0.0 0 2.7 7 310 M M 1 128 9 310
3 65 40 53 5 12 0 0.00 0.0 0 3.1 8 340 M M 6 128 10 340
4 56 48 52 4 13 0 0.00 0.0 0 5.7 12 340 M M 9 128 14 340
5 52 47 50 3 15 0 0.00 0.0 0 2.7 7 120 M M 10 1 9 120
6 49 47 48 1 17 0 0.00 0.0 0 3.1 9 120 M M 10 18 11 130
7 53 41 47 0 18 0 0.01 0.0 0 2.1 8 90 M M 10 128 9 90
8 60 42 51 4 14 0 0.00 0.0 0 3.1 12 130 M M 7 18 13 140
9 57 41 49 3 16 0 0.22 0.0 0 3.2 9 340 M M 7 1 13 30
10 56 32 44 -2 21 0 0.00 0.0 0 3.1 10 330 M M 0 1 14 320
11 57 30 44 -2 21 0 0.00 0.0 0 3.8 12 120 M M 1 128 15 130
12 58 35 47 1 18 0 0.00 0.0 0 4.7 14 120 M M 8 18 18 120
13 56 50 53 7 12 0 0.50 0.0 0 20.9 36 130 M M 10 1 45 120
14 56 33 45 -1 20 0 0.80 0.0 0 5.3 30 140 M M 6 1 37 140
15 54 34 44 -2 21 0 0.00 0.0 0 11.3 24 120 M M 6 12 30 120
16 50 42 46 0 19 0 0.19 0.0 0 10.9 25 130 M M 7 18 33 130
17 49 42 46 0 19 0 0.00 0.0 0 2.7 10 350 M M 9 1 12 350
18 49 36 43 -2 22 0 0.00 0.0 0 1.8 8 180 M M 8 12 10 180
19 45 29 37 -8 28 0 0.00 0.0 0 2.7 9 310 M M 9 12 10 320
20 43 38 41 -4 24 0 0.00 0.0 0 1.4 8 130 M M 10 128 10 110
21 45 36 41 -4 24 0 0.00 0.0 0 2.0 12 140 M M 8 18 14 210
22 54 40 47 2 18 0 0.14 0.0 0 6.8 17 150 M M 9 18 23 160
23 58 50 54 9 11 0 0.60 0.0 0 9.9 22 140 M M 8 1 32 230
24 59 38 49 4 16 0 0.01 0.0 0 4.6 18 330 M M 8 1 23 330
25 53 36 45 0 20 0 0.53 0.0 0 6.9 20 140 M M 8 18 27 140
26 53 33 43 -2 22 0 0.00 0.0 0 5.2 12 180 M M 4 17 140
27 49 39 44 -1 21 0 0.61 0.0 0 7.3 23 130 M M 8 12 26 130
28 49 35 42 -3 23 0 0.00 0.0 0 2.7 10 120 M M 7 12 13 120
29 52 40 46 1 19 0 0.19 0.0 0 9.8 21 130 M M 9 1 27 130
30 55 37 46 1 19 0 0.00 0.0 0 4.5 15 340 M M 6 12 18 340
31 52 34 43 -2 22 0 0.00 0.0 0 7.2 17 330 M M 6 12 22 340
================================================================================
SM 1684 1203 566 0 3.80 0.0 161.6 M 215
================================================================================
AV 54.3 38.8 5.2 FASTST M M 7 MAX(MPH)
MISC ----> 36 130 45 120
================================================================================
NOTES:
# LAST OF SEVERAL OCCURRENCES
COLUMN 17 PEAK WIND IN M.P.H.
PRELIMINARY LOCAL CLIMATOLOGICAL DATA (WS FORM: F-6) , PAGE 2
STATION: MERCED CA AIRPORT
MONTH: DECEMBER
YEAR: 2021
LATITUDE: 37 16 N
LONGITUDE: 120 36 W
[TEMPERATURE DATA] [PRECIPITATION DATA] SYMBOLS USED IN COLUMN 16
AVERAGE MONTHLY: 46.6 TOTAL FOR MONTH: 3.80 1 = FOG OR MIST
DPTR FM NORMAL: 0.6 DPTR FM NORMAL: 1.89 2 = FOG REDUCING VISIBILITY
HIGHEST: 71 ON 1 GRTST 24HR 1.25 ON 13-14 TO 1/4 MILE OR LESS
LOWEST: 29 ON 19 3 = THUNDER
SNOW, ICE PELLETS, HAIL 4 = ICE PELLETS
TOTAL MONTH: 0.0 INCH 5 = HAIL
GRTST 24HR 0.0 6 = FREEZING RAIN OR DRIZZLE
GRTST DEPTH: 0 7 = DUSTSTORM OR SANDSTORM:
VSBY 1/2 MILE OR LESS
8 = SMOKE OR HAZE
[NO. OF DAYS WITH] [WEATHER - DAYS WITH] 9 = BLOWING SNOW
X = TORNADO
MAX 32 OR BELOW: 0 0.01 INCH OR MORE: 11
MAX 90 OR ABOVE: 0 0.10 INCH OR MORE: 9
MIN 32 OR BELOW: 3 0.50 INCH OR MORE: 5
MIN 0 OR BELOW: 0 1.00 INCH OR MORE: 0
[HDD (BASE 65) ]
TOTAL THIS MO. 566 CLEAR (SCALE 0-3) 4
DPTR FM NORMAL -23 PTCLDY (SCALE 4-7) 15
TOTAL FM JUL 1 949 CLOUDY (SCALE 8-10) 12
DPTR FM NORMAL -83
[CDD (BASE 65) ]
TOTAL THIS MO. 0
DPTR FM NORMAL 0 [PRESSURE DATA]
TOTAL FM JAN 1 1981 HIGHEST SLP 30.33 ON 17
DPTR FM NORMAL 398 LOWEST SLP 29.69 ON 24
[REMARKS]
#FINAL-12-21#