000
CXUS56 KHNX 011146
CF6MCE
PRELIMINARY LOCAL CLIMATOLOGICAL DATA (WS FORM: F-6)
STATION: MERCED CA AIRPORT
MONTH: MARCH
YEAR: 2020
LATITUDE: 37 16 N
LONGITUDE: 120 36 W
TEMPERATURE IN F: :PCPN: SNOW: WIND :SUNSHINE: SKY :PK WND
================================================================================
1 2 3 4 5 6A 6B 7 8 9 10 11 12 13 14 15 16 17 18
12Z AVG MX 2MIN
DY MAX MIN AVG DEP HDD CDD WTR SNW DPTH SPD SPD DIR MIN PSBL S-S WX SPD DR
================================================================================
1 54 37 46 -6 19 0 T 0.0 0 4.0 9 330 M M 6 11 340
2 69 31 50 -2 15 0 0.00 0.0 0 5.0 13 350 M M 0 16 350
3 71 35 53 1 12 0 0.00 0.0 0 2.6 10 100 M M 0 12 100
4 77 39 58 6 7 0 0.00 0.0 0 2.2 6 160 M M 0 8 280
5 79 41 60 8 5 0 0.00 0.0 0 2.9 12 340 M M 0 1 15 340
6 72 46 59 6 6 0 0.00 0.0 0 6.6 15 320 M M 0 1 19 320
7 61 46 54 1 11 0 0.05 0.0 0 4.5 12 160 M M 8 1 15 120
8 62 44 53 0 12 0 0.00 0.0 0 2.8 13 130 M M 6 12 16 140
9 68 47 58 5 7 0 0.00 0.0 0 4.5 10 360 M M 1 12 360
10 67 49 58 5 7 0 0.03 0.0 0 7.4 15 330 M M 4 19 180
11 73 46 60 7 5 0 0.10 0.0 0 3.8 9 310 M M 3 12 13 350
12 77 43 60 7 5 0 0.00 0.0 0 4.5 13 330 M M 0 1 19 360
13 72 47 60 7 5 0 0.00 0.0 0 8.2 22 270 M M 1 18 27 270
14 66 49 58 5 7 0 T 0.0 0 6.6 17 150 M M 9 22 150
15 58 49 54 1 11 0 0.35 0.0 0 10.1 20 140 M M 10 18 25 140
16 51 38 45 -9 20 0 1.07 0.0 0 8.0 15 320 M M 8 1 20 310
17 58 37 48 -6 17 0 0.00 0.0 0 5.4 14 270 M M 4 1 19 250
18 61 33 47 -7 18 0 0.00 0.0 0 4.8 12 330 M M 4 17 300
19 60 40 50 -4 15 0 0.00 0.0 0 4.3 13 40 M M 6 16 40
20 64 36 50 -4 15 0 0.00 0.0 0 2.9 10 140 M M 0 15 160
21 65 44 55 1 10 0 0.06 0.0 0 3.2 10 140 M M 6 1 12 140
22 69 44 57 3 8 0 0.06 0.0 0 3.3 14 180 M M 4 1 19 170
23 64 50 57 3 8 0 0.15 0.0 0 7.2 18 130 M M 8 1 22 120
24 60 48 54 0 11 0 0.13 0.0 0 4.1 14 130 M M 9 17 130
25 58 43 51 -3 14 0 0.07 0.0 0 4.8 16 300 M M 9 13 21 270
26 60 33 47 -8 18 0 0.00 0.0 0 4.8 16 340 M M 2 1 20 340
27 63 33 48 -7 17 0 0.00 0.0 0 3.4 9 260 M M 1 1 12 270
28 61 42 52 -3 13 0 0.03 0.0 0 3.3 7 300 M M 7 18 10 300
29 66 47 57 2 8 0 0.01 0.0 0 2.2 9 310 M M 5 12 12 300
30 69 42 56 1 9 0 0.00 0.0 0 5.1 14 340 M M 1 1 17 340
31 75 48 62 7 3 0 0.00 0.0 0 8.9 16 340 M M 1 20 330
================================================================================
SM 2030 1307 338 0 2.11 0.0 151.4 M 123
================================================================================
AV 65.5 42.2 4.9 FASTST M M 4 MAX(MPH)
MISC ----> # 22 270 # 27 270
================================================================================
NOTES:
# LAST OF SEVERAL OCCURRENCES
COLUMN 17 PEAK WIND IN M.P.H.
PRELIMINARY LOCAL CLIMATOLOGICAL DATA (WS FORM: F-6) , PAGE 2
STATION: MERCED CA AIRPORT
MONTH: MARCH
YEAR: 2020
LATITUDE: 37 16 N
LONGITUDE: 120 36 W
[TEMPERATURE DATA] [PRECIPITATION DATA] SYMBOLS USED IN COLUMN 16
AVERAGE MONTHLY: 53.8 TOTAL FOR MONTH: 2.11 1 = FOG OR MIST
DPTR FM NORMAL: 0.2 DPTR FM NORMAL: 0.04 2 = FOG REDUCING VISIBILITY
HIGHEST: 79 ON 5 GRTST 24HR 1.07 ON 16-16 TO 1/4 MILE OR LESS
LOWEST: 31 ON 2 3 = THUNDER
SNOW, ICE PELLETS, HAIL 4 = ICE PELLETS
TOTAL MONTH: 0.0 INCH 5 = HAIL
GRTST 24HR 0.0 6 = FREEZING RAIN OR DRIZZLE
GRTST DEPTH: 0 7 = DUSTSTORM OR SANDSTORM:
VSBY 1/2 MILE OR LESS
8 = SMOKE OR HAZE
[NO. OF DAYS WITH] [WEATHER - DAYS WITH] 9 = BLOWING SNOW
X = TORNADO
MAX 32 OR BELOW: 0 0.01 INCH OR MORE: 12
MAX 90 OR ABOVE: 0 0.10 INCH OR MORE: 5
MIN 32 OR BELOW: 1 0.50 INCH OR MORE: 1
MIN 0 OR BELOW: 0 1.00 INCH OR MORE: 1
[HDD (BASE 65) ]
TOTAL THIS MO. 338 CLEAR (SCALE 0-3) 14
DPTR FM NORMAL -16 PTCLDY (SCALE 4-7) 11
TOTAL FM JUL 1 2170 CLOUDY (SCALE 8-10) 6
DPTR FM NORMAL -354
[CDD (BASE 65) ]
TOTAL THIS MO. 0
DPTR FM NORMAL 0 [PRESSURE DATA]
TOTAL FM JAN 1 0 HIGHEST SLP 30.31 ON 30
DPTR FM NORMAL 0 LOWEST SLP 29.65 ON 13
[REMARKS]
#FINAL-03-20#