000
CXUS52 KFFC 011447
CLMMCN
CLIMATE REPORT
NATIONAL WEATHER SERVICE PEACHTREE CITY GA
1047 AM EDT SUN OCT 01 2023
...................................
...THE MACON CLIMATE SUMMARY FOR THE MONTH OF SEPTEMBER 2023...
CLIMATE NORMAL PERIOD: 1991 TO 2020
CLIMATE RECORD PERIOD: 1899 TO 2023
WEATHER OBSERVED NORMAL DEPART LAST YEAR`S
VALUE DATE(S) VALUE FROM VALUE DATE(S)
NORMAL
................................................................
TEMPERATURE (F)
RECORD
HIGH 105 09/08/1925
LOW 35 09/30/1967
HIGHEST 95 09/12 MM MM 98 09/22
LOWEST 53 09/25 MM MM 48 09/24
AVG. MAXIMUM 87.6 87.6 -0.0 85.9
AVG. MINIMUM 63.3 64.8 -1.5 62.8
MEAN 75.4 76.2 -0.8 74.3
DAYS MAX >= 90 13 11.1 1.9 9
DAYS MAX <= 32 0 0.0 0.0 0
DAYS MIN <= 32 0 0.0 0.0 0
DAYS MIN <= 0 0 0.0 0.0 0
PRECIPITATION (INCHES)
RECORD
MAXIMUM 12.66 2004
MINIMUM 0.02 2019
TOTALS 0.95 3.66 -2.71
DAILY AVG. 0.03 0.12 -0.09 0.07
DAYS >= .01 7 7.1 -0.1 6
DAYS >= .10 3 4.2 -1.2 3
DAYS >= .50 1 1.8 -0.8 1
DAYS >= 1.00 0 1.1 -1.1 1
GREATEST
24 HR. TOTAL 0.53 09/13 TO 09/14 1.54 09/04 TO 09/04
DEGREE DAYS
HEATING TOTAL 0 3 -3 5
SINCE 7/1 0 0 0 MM
COOLING TOTAL 320 338 -18 293
SINCE 1/1 2202 2190 12 MM
................................................................
WIND (MPH)
AVERAGE WIND SPEED 4.3
HIGHEST WIND SPEED/DIRECTION 24/070 DATE 09/07
HIGHEST GUST SPEED/DIRECTION 32/110 DATE 09/07
SKY COVER
POSSIBLE SUNSHINE (PERCENT) MM
AVERAGE SKY COVER 0.29
NUMBER OF DAYS FAIR 19
NUMBER OF DAYS PC 8
NUMBER OF DAYS CLOUDY 3
AVERAGE RH (PERCENT) 73
WEATHER CONDITIONS. NUMBER OF DAYS WITH
THUNDERSTORM 6 MIXED PRECIP 0
HEAVY RAIN 1 RAIN 3
LIGHT RAIN 7 FREEZING RAIN 0
LT FREEZING RAIN 0 HAIL 0
HEAVY SNOW 0 SNOW 0
LIGHT SNOW 0 SLEET 0
FOG 19 FOG W/VIS <= 1/4 MILE 1
HAZE 2
- INDICATES NEGATIVE NUMBERS.
R INDICATES RECORD WAS SET OR TIED.
MM INDICATES DATA IS MISSING.
T INDICATES TRACE AMOUNT.
$$