000
CXUS53 KDMX 041529
CF6MCW
PRELIMINARY LOCAL CLIMATOLOGICAL DATA (WS FORM: F-6)
STATION: MASON CITY IA
MONTH: JULY
YEAR: 2020
LATITUDE: 43 9 N
LONGITUDE: 93 20 W
TEMPERATURE IN F: :PCPN: SNOW: WIND :SUNSHINE: SKY :PK WND
================================================================================
1 2 3 4 5 6A 6B 7 8 9 10 11 12 13 14 15 16 17 18
12Z AVG MX 2MIN
DY MAX MIN AVG DEP HDD CDD WTR SNW DPTH SPD SPD DIR MIN PSBL S-S WX SPD DR
================================================================================
1 85 68 77 5 0 12 0.00 0.0 0 8.5 21 90 M M 2 27 90
2 87 64 76 4 0 11 0.00 0.0 0 5.5 12 130 M M 1 12 16 90
3 88 63 76 4 0 11 0.00 0.0 0 2.8 10 70 M M 1 8 14 80
4 90 66 78 6 0 13 0.00 0.0 0 2.2 10 210 M M 1 1 14 220
5 89 65 77 5 0 12 0.00 0.0 0 3.9 13 220 M M 0 1 16 170
6 89 68 79 7 0 14 0.00 0.0 0 6.8 16 250 M M 1 22 210
7 88 67 78 6 0 13 0.00 0.0 0 6.3 17 280 M M 1 1 26 240
8 93 68 81 9 0 16 0.00 0.0 0 9.3 22 180 M M 1 1 27 180
9 84 61 73 1 0 8 2.43 0.0 0 7.1 39 240 M M 3 123 61 250
10 84 64 74 2 0 9 0.00 0.0 0 7.1 15 270 M M 0 21 290
11 85 63 74 2 0 9 0.09 0.0 0 6.2 43 30 M M 2 3 62 30
12 82 59 71 -1 0 6 0.00 0.0 0 6.2 17 340 M M 0 22 350
13 85 56 71 -1 0 6 0.00 0.0 0 9.5 23 170 0 0 0 35 170
14 86 65 76 4 0 11 T 0.0 0 9.5 21 350 M M 6 26 330
15 70 50 60 -12 5 0 0.03 0.0 0 5.3 13 10 M M 5 18 10
16 83 44 64 -8 1 0 0.00 0.0 0 5.8 15 170 M M 1 12 24 160
17 87 63 75 3 0 10 0.00 0.0 0 10.2 18 170 M M 3 1 24 170
18 91 69 80 8 0 15 0.81 0.0 0 12.8 31 10 M M 3 13 43 10
19 83 64 74 2 0 9 0.00 0.0 0 10.9 22 320 M M 1 27 330
20 80 59 70 -2 0 5 0.00 0.0 0 3.0 8 150 M M 2 11 150
21 81 61 71 -1 0 6 0.19 0.0 0 7.1 20 310 M M 4 13 25 290
22 77 57 67 -5 0 2 0.00 0.0 0 7.9 15 310 M M 1 23 320
23 82 55 69 -3 0 4 0.00 0.0 0 6.0 13 130 M M 1 1 19 130
24 89 65 77 5 0 12 0.00 0.0 0 10.6 18 170 M M 1 25 180
25 91 73 82 10 0 17 0.00 0.0 0 9.9 17 180 M M 1 25 180
26 83 68 76 5 0 11 0.04 0.0 0 8.1 15 330 M M 5 1 20 330
27 83 59 71 0 0 6 0.00 0.0 0 7.1 20 290 M M 0 26 290
28 87 65 76 5 0 11 T 0.0 0 11.5 25 240 M M 5 34 230
29 83 62 73 2 0 8 0.00 0.0 0 4.4 12 40 M M 2 15 40
30 79 57 68 -3 0 3 0.00 0.0 0 8.6 17 20 M M 0 25 30
31 81 55 68 -3 0 3 0.00 0.0 0 4.9 12 350 M M 0 15 350
================================================================================
SM 2625 1923 6 273 3.59 0.0 225.0 0 54
================================================================================
AV 84.7 62.0 7.3 FASTST 0 0 2 MAX(MPH)
MISC ----> # 43 30 # 62 30
================================================================================
NOTES:
# LAST OF SEVERAL OCCURRENCES
COLUMN 17 PEAK WIND IN M.P.H.
PRELIMINARY LOCAL CLIMATOLOGICAL DATA (WS FORM: F-6) , PAGE 2
STATION: MASON CITY IA
MONTH: JULY
YEAR: 2020
LATITUDE: 43 9 N
LONGITUDE: 93 20 W
[TEMPERATURE DATA] [PRECIPITATION DATA] SYMBOLS USED IN COLUMN 16
AVERAGE MONTHLY: 73.4 TOTAL FOR MONTH: 3.59 1 = FOG OR MIST
DPTR FM NORMAL: 1.6 DPTR FM NORMAL: -1.11 2 = FOG REDUCING VISIBILITY
HIGHEST: 93 ON 8 GRTST 24HR 2.43 ON 9- 9 TO 1/4 MILE OR LESS
LOWEST: 44 ON 16 3 = THUNDER
SNOW, ICE PELLETS, HAIL 4 = ICE PELLETS
TOTAL MONTH: 0.0 INCH 5 = HAIL
GRTST 24HR 0.0 6 = FREEZING RAIN OR DRIZZLE
GRTST DEPTH: 0 7 = DUSTSTORM OR SANDSTORM:
VSBY 1/2 MILE OR LESS
8 = SMOKE OR HAZE
[NO. OF DAYS WITH] [WEATHER - DAYS WITH] 9 = BLOWING SNOW
X = TORNADO
MAX 32 OR BELOW: 0 0.01 INCH OR MORE: 6
MAX 90 OR ABOVE: 4 0.10 INCH OR MORE: 3
MIN 32 OR BELOW: 0 0.50 INCH OR MORE: 2
MIN 0 OR BELOW: 0 1.00 INCH OR MORE: 1
[HDD (BASE 65) ]
TOTAL THIS MO. 6 CLEAR (SCALE 0-3) 25
DPTR FM NORMAL -3 PTCLDY (SCALE 4-7) 6
TOTAL FM JUL 1 6 CLOUDY (SCALE 8-10) 0
DPTR FM NORMAL -3
[CDD (BASE 65) ]
TOTAL THIS MO. 273
DPTR FM NORMAL 52 [PRESSURE DATA]
TOTAL FM JAN 1 520 HIGHEST SLP 30.14 ON 23
DPTR FM NORMAL 126 LOWEST SLP 29.70 ON 18
[REMARKS]
#FINAL-07-20#