000
CXUS54 KMAF 011110
CF6MDD
PRELIMINARY LOCAL CLIMATOLOGICAL DATA (WS FORM: F-6)
STATION: MIDLAND AIRPARK
MONTH: APRIL
YEAR: 2022
LATITUDE: 32 2 N
LONGITUDE: 102 6 W
TEMPERATURE IN F: :PCPN: SNOW: WIND :SUNSHINE: SKY :PK WND
================================================================================
1 2 3 4 5 6A 6B 7 8 9 10 11 12 13 14 15 16 17 18
12Z AVG MX 2MIN
DY MAX MIN AVG DEP HDD CDD WTR SNW DPTH SPD SPD DIR MIN PSBL S-S WX SPD DR
================================================================================
1 85 53 69 M 0 4 M M M 14.3 22 220 M M 0 8 30 220
2 81 43 62 M 3 0 M M M 6.6 14 140 M M 0 17 190
3 92 55 74 M 0 9 0.03 M M 12.5 21 140 M M 0 31 200
4 77 54 66 M 0 1 M M M 7.1 14 60 M M 3 20 170
5 92 54 73 M 0 8 M M M 14.8 24 250 M M 0 36 240
6 76 50 63 M 2 0 M M M 13.0 25 30 M M 0 8 36 20
7 69 41 55 M 10 0 M M M 6.6 10 40 M M 0 18 40
8 72 41 57 M 8 0 M M M 5.1 9 80 M M 0 M M
9 88 45 67 M 0 2 M M M 11.4 18 180 M M 0 28 200
10 90 62 76 M 0 11 M M M 15.4 25 250 M M 0 32 250
11 89 66 78 M 0 13 M M M 11.9 20 280 M M 0 28 280
12 91 66 79 M 0 14 M M M 16.5 25 240 M M 0 8 41 240
13 75 55 65 M 0 0 M M M 10.9 20 300 M M 0 29 300
14 85 50 68 M 0 3 M M M 10.2 21 200 M M 0 32 200
15 94 61 78 M 0 13 M M M 13.8 21 240 M M 0 30 240
16 77 58 68 M 0 3 M M M 10.6 18 360 M M 0 8 25 10
17 91 50 71 M 0 6 M M M 8.5 20 310 M M 0 30 340
18 81 50 66 M 0 1 M M M 13.3 20 80 M M 1 28 80
19 77 60 69 M 0 4 M M M 18.5 24 180 M M 6 31 170
20 96 63 80 M 0 15 M M M 15.2 21 250 M M 2 1 29 270
21 95 66 81 M 0 16 M M M 14.0 24 160 M M 1 1 32 160
22 88 71 80 M 0 15 M M M 24.8 33 160 M M 5 8 45 170
23 92 66 79 M 0 14 M M M 14.4 32 170 M M 1 8 41 170
24 79 57 68 M 0 3 M M M 11.6 20 60 M M 3 26 80
25 71 55 63 M 2 0 M M M 16.4 28 60 M M 3 36 60
26 74 46 60 M 5 0 M M M 10.1 15 140 M M 2 24 140
27 83 60 72 M 0 7 M M M 16.5 22 170 M M 4 30 170
28 95 64 80 M 0 15 M M M 15.4 21 160 M M 0 29 170
29 94 66 80 M 0 15 M M M 12.7 20 280 M M 0 29 250
30 83 57 70 M 0 5 M M M 12.5 22 60 M M 0 8 30 40
================================================================================
SM 2532 1685 30 197 0.03 M 384.5 M 31
================================================================================
AV 84.4 56.2 12.8 FASTST M M 1 MAX(MPH)
MISC ----> 33 160 45 170
================================================================================
NOTES:
# LAST OF SEVERAL OCCURRENCES
COLUMN 17 PEAK WIND IN M.P.H.
PRELIMINARY LOCAL CLIMATOLOGICAL DATA (WS FORM: F-6) , PAGE 2
STATION: MIDLAND AIRPARK
MONTH: APRIL
YEAR: 2022
LATITUDE: 32 2 N
LONGITUDE: 102 6 W
[TEMPERATURE DATA] [PRECIPITATION DATA] SYMBOLS USED IN COLUMN 16
AVERAGE MONTHLY: 70.3 TOTAL FOR MONTH: 0.03 1 = FOG OR MIST
DPTR FM NORMAL: 0.0 DPTR FM NORMAL: M 2 = FOG REDUCING VISIBILITY
HIGHEST: 96 ON 20 GRTST 24HR 0.03 ON 3- 3 TO 1/4 MILE OR LESS
LOWEST: 41 ON 8, 7 3 = THUNDER
SNOW, ICE PELLETS, HAIL 4 = ICE PELLETS
TOTAL MONTH: M 5 = HAIL
GRTST 24HR M ON M 6 = FREEZING RAIN OR DRIZZLE
GRTST DEPTH: M ON M 7 = DUSTSTORM OR SANDSTORM:
VSBY 1/2 MILE OR LESS
8 = SMOKE OR HAZE
[NO. OF DAYS WITH] [WEATHER - DAYS WITH] 9 = BLOWING SNOW
X = TORNADO
MAX 32 OR BELOW: 0 0.01 INCH OR MORE: 1
MAX 90 OR ABOVE: 11 0.10 INCH OR MORE: 0
MIN 32 OR BELOW: 0 0.50 INCH OR MORE: 0
MIN 0 OR BELOW: 0 1.00 INCH OR MORE: 0
[HDD (BASE 65) ]
TOTAL THIS MO. 30 CLEAR (SCALE 0-3) 27
DPTR FM NORMAL M PTCLDY (SCALE 4-7) 3
TOTAL FM JUL 1 2033 CLOUDY (SCALE 8-10) 0
DPTR FM NORMAL M
[CDD (BASE 65) ]
TOTAL THIS MO. 197
DPTR FM NORMAL M [PRESSURE DATA]
TOTAL FM JAN 1 235 HIGHEST SLP M ON M
DPTR FM NORMAL M LOWEST SLP M ON M
[REMARKS]
#FINAL-04-22#