000
CXUS56 KPDT 011810
CF6MEH
PRELIMINARY LOCAL CLIMATOLOGICAL DATA (WS FORM: F-6)
STATION: MEACHAM OR
MONTH: MAY
YEAR: 2022
LATITUDE: 45 30 N
LONGITUDE: 118 24 W
TEMPERATURE IN F: :PCPN: SNOW: WIND :SUNSHINE: SKY :PK WND
================================================================================
1 2 3 4 5 6A 6B 7 8 9 10 11 12 13 14 15 16 17 18
12Z AVG MX 2MIN
DY MAX MIN AVG DEP HDD CDD WTR SNW DPTH SPD SPD DIR MIN PSBL S-S WX SPD DR
================================================================================
1 49 32 41 -3 24 0 0.09 M M 0.3 6 280 M M 8 1 11 280
2 47 33 40 -4 25 0 0.51 M M 1.9 8 310 M M 7 12 23 240
3 54 32 43 -2 22 0 0.01 M M 2.6 8 290 M M 7 1 14 320
4 72 30 51 6 14 0 0.00 M M 0.8 8 100 M M 0 15 80
5 55 42 49 4 16 0 0.38 M M 0.3 6 260 M M 6 1 13 260
6 61 38 50 4 15 0 0.66 M M 1.5 8 270 M M 9 1 22 290
7 45 32 39 -7 26 0 0.26 M M M M M M M M M M
8 44 30 37 -9 28 0 0.03 M M 1.1 8 270 M M 8 1 14 270
9 44 27 36 -10 29 0 0.02 M M 0.9 5 99 M M 8 1 M M
10 50 24 37 -9 28 0 0.00 M M 1.6 8 270 M M 1 17 320
11 51 23 37 -10 28 0 0.00 M M 1.4 8 260 M M 2 13 330
12 54 27 41 -6 24 0 0.61 M M 1.2 7 270 M M 8 1 20 99
13 51 27 39 -8 26 0 0.03 M M 0.7 6 10 M M 7 12 20
14 57 40 49 2 16 0 0.87 M M 0.1 6 350 M M 8 1 9 10
15 73 37 55 7 10 0 0.08 M M 1.0 9 90 M M 4 1 21 100
16 58 37 48 0 17 0 0.00 M M 1.2 8 270 M M 8 16 290
17 58 32 45 -3 20 0 0.00 M M 1.1 7 260 M M 3 15 310
18 59 37 48 0 17 0 0.07 M M 1.7 9 280 M M 9 21 310
19 46 34 40 -8 25 0 0.03 M M 4.1 10 280 M M 7 8 25 270
20 54 28 41 -8 24 0 0.00 M M 1.6 8 30 M M 4 14 20
21 55 27 41 -8 24 0 0.00 M M 1.9 10 40 M M 3 18 50
22 58 28 43 -6 22 0 0.00 M M 1.7 8 40 M M 2 13 340
23 61 32 47 -2 18 0 0.01 M M 2.5 8 290 M M 5 17 280
24 62 35 49 0 16 0 T M M 0.8 8 270 M M 5 13 270
25 67 45 56 6 9 0 0.00 M M 1.5 8 280 M M 3 15 290
26 70 39 55 5 10 0 0.17 M M 1.8 8 270 M M 2 1 17 250
27 59 42 51 1 14 0 0.33 M M 0.5 8 310 M M 8 1 17 290
28 57 40 49 -1 16 0 0.57 M M 0.7 9 90 M M 9 1 16 90
29 43 36 40 -10 25 0 1.53 M M 3.5 12 280 M M 10 1 23 260
30 42 34 38 -12 27 0 0.18 M M 0.6 6 290 M M 10 1 11 310
31 60 32 46 -5 19 0 0.18 M M 1.2 6 60 M M 8 1 11 10
================================================================================
SM 1716 1032 634 0 6.62 M 41.8 M 179
================================================================================
AV 55.4 33.3 1.4 FASTST M M 6 MAX(MPH)
MISC ----> 12 280 25 270
================================================================================
NOTES:
# LAST OF SEVERAL OCCURRENCES
COLUMN 17 PEAK WIND IN M.P.H.
PRELIMINARY LOCAL CLIMATOLOGICAL DATA (WS FORM: F-6) , PAGE 2
STATION: MEACHAM OR
MONTH: MAY
YEAR: 2022
LATITUDE: 45 30 N
LONGITUDE: 118 24 W
[TEMPERATURE DATA] [PRECIPITATION DATA] SYMBOLS USED IN COLUMN 16
AVERAGE MONTHLY: 44.3 TOTAL FOR MONTH: 6.62 1 = FOG OR MIST
DPTR FM NORMAL: -3.4 DPTR FM NORMAL: 3.07 2 = FOG REDUCING VISIBILITY
HIGHEST: 73 ON 15 GRTST 24HR 1.99 ON 28-29 TO 1/4 MILE OR LESS
LOWEST: 23 ON 11 3 = THUNDER
SNOW, ICE PELLETS, HAIL 4 = ICE PELLETS
TOTAL MONTH: M 5 = HAIL
GRTST 24HR M ON M 6 = FREEZING RAIN OR DRIZZLE
GRTST DEPTH: M ON M 7 = DUSTSTORM OR SANDSTORM:
VSBY 1/2 MILE OR LESS
8 = SMOKE OR HAZE
[NO. OF DAYS WITH] [WEATHER - DAYS WITH] 9 = BLOWING SNOW
X = TORNADO
MAX 32 OR BELOW: 0 0.01 INCH OR MORE: 21
MAX 90 OR ABOVE: 0 0.10 INCH OR MORE: 12
MIN 32 OR BELOW: 16 0.50 INCH OR MORE: 6
MIN 0 OR BELOW: 0 1.00 INCH OR MORE: 1
[HDD (BASE 65) ]
TOTAL THIS MO. 634 CLEAR (SCALE 0-3) 7
DPTR FM NORMAL 98 PTCLDY (SCALE 4-7) 17
TOTAL FM JUL 1 7778 CLOUDY (SCALE 8-10) 7
DPTR FM NORMAL 9
[CDD (BASE 65) ]
TOTAL THIS MO. 0
DPTR FM NORMAL 0 [PRESSURE DATA]
TOTAL FM JAN 1 0 HIGHEST SLP M ON M
DPTR FM NORMAL 0 LOWEST SLP 29.60 ON 6
[REMARKS]
#FINAL-05-22#