000
CXUS54 KMEG 032233
CF6MEM
PRELIMINARY LOCAL CLIMATOLOGICAL DATA (WS FORM: F-6)
STATION: MEMPHIS
MONTH: JULY
YEAR: 2021
LATITUDE: 35 3 N
LONGITUDE: 89 59 W
TEMPERATURE IN F: :PCPN: SNOW: WIND :SUNSHINE: SKY :PK WND
================================================================================
1 2 3 4 5 6A 6B 7 8 9 10 11 12 13 14 15 16 17 18
12Z AVG MX 2MIN
DY MAX MIN AVG DEP HDD CDD WTR SNW DPTH SPD SPD DIR MIN PSBL S-S WX SPD DR
================================================================================
1 87 72 80 -2 0 15 0.81 0.0 0 M M M M M 9 13 M M
2 85 69 77 -5 0 12 0.01 0.0 0 M M M M M 6 1 M M
3 84 66 75 -7 0 10 0.00 0.0 0 M M M M M 0 M M
4 87 65 76 -6 0 11 0.00 0.0 0 M M M M M 0 8 M M
5 90 71 81 -1 0 16 0.00 0.0 0 M M M M M 4 8 M M
6 92 74 83 1 0 18 0.00 0.0 0 6.3 17 150 M M 5 24 150
7 90 73 82 0 0 17 0.00 0.0 0 6.4 M M M M 5 M M
8 92 74 83 0 0 18 0.00 0.0 0 8.3 17 190 M M 6 24 260
9 82 73 78 -5 0 13 1.89 0.0 0 7.7 18 190 M M 8 13 M M
10 88 73 81 -2 0 16 T 0.0 0 9.7 17 200 M M 7 26 250
11 83 70 77 -6 0 12 0.89 0.0 0 8.1 21 60 M M 7 13 30 60
12 86 72 79 -4 0 14 T 0.0 0 9.6 17 190 M M 7 M M
13 88 73 81 -2 0 16 0.06 0.0 0 7.2 14 270 M M 5 18 34 180
14 90 73 82 -1 0 17 0.00 0.0 0 8.8 14 200 M M 4 25 270
15 91 74 83 0 0 18 0.00 0.0 0 8.7 17 180 M M 3 23 260
16 89 73 81 -2 0 16 0.15 0.0 0 9.1 25 180 M M 5 13 30 170
17 86 73 80 -3 0 15 0.01 0.0 0 6.2 10 220 M M 7 1 26 150
18 82 73 78 -5 0 13 0.38 0.0 0 6.1 14 170 M M 9 1 51 90
19 85 73 79 -4 0 14 0.17 0.0 0 7.8 20 70 M M 9 1 25 80
20 88 72 80 -3 0 15 0.08 0.0 0 8.9 18 30 M M 6 23 50
21 91 75 83 0 0 18 0.00 0.0 0 8.8 16 60 M M 5 21 40
22 91 76 84 1 0 19 0.75 0.0 0 6.2 24 160 M M 5 138 29 160
23 91 75 83 0 0 18 0.03 0.0 0 3.4 14 310 M M 5 8 19 300
24 95 76 86 3 0 21 0.00 0.0 0 4.0 10 280 M M 3 8 19 230
25 95 78 87 4 0 22 0.00 0.0 0 4.3 13 250 M M 3 3 20 260
26 93 79 86 3 0 21 0.50 0.0 0 5.0 17 60 M M 5 13 20 60
27 96 77 87 4 0 22 T 0.0 0 4.6 20 50 M M 6 3 34 90
28 96 78 87 4 0 22 0.00 0.0 0 4.3 15 300 M M 2 21 320
29 94 77 86 3 0 21 0.00 0.0 0 3.4 10 260 M M 3 30 90
30 96 77 87 4 0 22 0.00 0.0 0 4.2 12 270 M M 8 29 260
31 96 79 88 5 0 23 0.00 0.0 0 5.8 15 290 M M 3 23 180
================================================================================
SM 2779 2283 0 525 5.73 0.0 172.9 M 160
================================================================================
AV 89.6 73.6 6.6 FASTST M M 5 MAX(MPH)
MISC ----> 25 180 51 90
================================================================================
NOTES:
# LAST OF SEVERAL OCCURRENCES
COLUMN 17 PEAK WIND IN M.P.H.
PRELIMINARY LOCAL CLIMATOLOGICAL DATA (WS FORM: F-6) , PAGE 2
STATION: MEMPHIS
MONTH: JULY
YEAR: 2021
LATITUDE: 35 3 N
LONGITUDE: 89 59 W
[TEMPERATURE DATA] [PRECIPITATION DATA] SYMBOLS USED IN COLUMN 16
AVERAGE MONTHLY: 81.6 TOTAL FOR MONTH: 5.73 1 = FOG OR MIST
DPTR FM NORMAL: -1.2 DPTR FM NORMAL: 0.91 2 = FOG REDUCING VISIBILITY
HIGHEST: 96 ON 31,30 GRTST 24HR 1.89 ON 9- 9 TO 1/4 MILE OR LESS
LOWEST: 65 ON 4 3 = THUNDER
SNOW, ICE PELLETS, HAIL 4 = ICE PELLETS
TOTAL MONTH: 0.0 INCH 5 = HAIL
GRTST 24HR 0.0 6 = FREEZING RAIN OR DRIZZLE
GRTST DEPTH: 0 7 = DUSTSTORM OR SANDSTORM:
VSBY 1/2 MILE OR LESS
8 = SMOKE OR HAZE
[NO. OF DAYS WITH] [WEATHER - DAYS WITH] 9 = BLOWING SNOW
X = TORNADO
MAX 32 OR BELOW: 0 0.01 INCH OR MORE: 13
MAX 90 OR ABOVE: 17 0.10 INCH OR MORE: 8
MIN 32 OR BELOW: 0 0.50 INCH OR MORE: 5
MIN 0 OR BELOW: 0 1.00 INCH OR MORE: 1
[HDD (BASE 65) ]
TOTAL THIS MO. 0 CLEAR (SCALE 0-3) 6
DPTR FM NORMAL 0 PTCLDY (SCALE 4-7) 22
TOTAL FM JUL 1 0 CLOUDY (SCALE 8-10) 3
DPTR FM NORMAL 0
[CDD (BASE 65) ]
TOTAL THIS MO. 525
DPTR FM NORMAL -25 [PRESSURE DATA]
TOTAL FM JAN 1 1199 HIGHEST SLP 30.22 ON 14
DPTR FM NORMAL -135 LOWEST SLP 29.83 ON 11
[REMARKS]
#FINAL-07-21#