000
CXUS53 KGRB 021221
CF6MFI
PRELIMINARY LOCAL CLIMATOLOGICAL DATA (WS FORM: F-6)
STATION: MARSHFIELD WI
MONTH: JULY
YEAR: 2022
LATITUDE: 44 37 N
LONGITUDE: 90 11 W
TEMPERATURE IN F: :PCPN: SNOW: WIND :SUNSHINE: SKY :PK WND
================================================================================
1 2 3 4 5 6A 6B 7 8 9 10 11 12 13 14 15 16 17 18
12Z AVG MX 2MIN
DY MAX MIN AVG DEP HDD CDD WTR SNW DPTH SPD SPD DIR MIN PSBL S-S WX SPD DR
================================================================================
1 77 54 66 -2 0 1 0.00 0.0 0 7.6 16 290 M M 0 25 290
2 80 51 66 -2 0 1 T 0.0 0 4.2 17 330 M M 3 23 340
3 81 53 67 -1 0 2 T 0.0 0 3.1 10 170 M M 5 1 15 180
4 73 61 67 -1 0 2 0.49 0.0 0 4.6 24 230 M M 7 12 35 240
5 87 64 76 7 0 11 0.00 0.0 0 5.0 18 70 M M 7 12 26 70
6 76 65 71 2 0 6 T 0.0 0 7.0 15 90 M M 9 23 110
7 84 63 74 5 0 9 0.00 0.0 0 3.3 9 220 M M 7 1 12 230
8 76 59 68 -1 0 3 0.19 0.0 0 9.0 21 60 M M 7 1 27 50
9 80 55 68 -1 0 3 0.00 0.0 0 4.9 10 120 M M 1 20 80
10 81 57 69 0 0 4 0.29 0.0 0 7.1 18 180 M M 3 138 27 190
11 83 62 73 4 0 8 0.81 0.0 0 8.6 24 330 M M 6 1238 35 320
12 80 59 70 1 0 5 0.13 0.0 0 8.9 20 30 M M 3 13 28 40
13 77 58 68 -1 0 3 0.00 0.0 0 5.6 13 50 M M 5 18 30
14 79 56 68 -1 0 3 0.00 0.0 0 6.4 13 170 M M 3 20 190
15 76 58 67 -2 0 2 1.36 0.0 0 6.7 24 160 M M 7 13 33 160
16 78 61 70 1 0 5 0.00 0.0 0 3.2 10 170 M M 6 12 14 90
17 84 60 72 3 0 7 0.00 0.0 0 2.0 9 110 M M 0 12 16 130
18 88 61 75 6 0 10 0.00 0.0 0 5.6 14 270 M M 0 1 22 270
19 83 70 77 8 0 12 T 0.0 0 10.4 22 190 M M 2 1 31 180
20 80 65 73 4 0 8 T 0.0 0 12.0 26 300 M M 5 1 37 310
21 83 59 71 2 0 6 0.00 0.0 0 9.0 20 310 M M 1 29 300
22 87 55 71 2 0 6 0.00 0.0 0 6.9 16 280 M M 2 25 290
23 85 62 74 5 0 9 0.37 0.0 0 4.6 16 80 M M 2 13 25 50
24 77 57 67 -2 0 2 0.02 0.0 0 10.3 21 310 M M 5 13 28 310
25 74 50 62 -7 3 0 0.00 0.0 0 5.9 16 320 M M 1 23 320
26 80 53 67 -2 0 2 T 0.0 0 4.3 10 250 M M 4 16 230
27 79 60 70 1 0 5 T 0.0 0 8.5 17 350 M M 5 28 350
28 74 55 65 -4 0 0 0.00 0.0 0 10.7 21 310 M M 4 28 290
29 77 54 66 -3 0 1 0.00 0.0 0 7.4 17 340 M M 2 23 340
30 81 53 67 -2 0 2 0.00 0.0 0 4.6 13 210 M M 1 17 220
31 83 57 70 1 0 5 0.05 0.0 0 8.3 21 180 M M 3 1 28 210
================================================================================
SM 2483 1807 3 143 3.71 0.0 205.7 M 116
================================================================================
AV 80.1 58.3 6.6 FASTST M M 4 MAX(MPH)
MISC ----> 26 300 37 310
================================================================================
NOTES:
# LAST OF SEVERAL OCCURRENCES
COLUMN 17 PEAK WIND IN M.P.H.
PRELIMINARY LOCAL CLIMATOLOGICAL DATA (WS FORM: F-6) , PAGE 2
STATION: MARSHFIELD WI
MONTH: JULY
YEAR: 2022
LATITUDE: 44 37 N
LONGITUDE: 90 11 W
[TEMPERATURE DATA] [PRECIPITATION DATA] SYMBOLS USED IN COLUMN 16
AVERAGE MONTHLY: 69.2 TOTAL FOR MONTH: 3.71 1 = FOG OR MIST
DPTR FM NORMAL: 0.2 DPTR FM NORMAL: 0.67 2 = FOG REDUCING VISIBILITY
HIGHEST: 88 ON 18 GRTST 24HR 1.36 ON 15-15 TO 1/4 MILE OR LESS
LOWEST: 50 ON 25 3 = THUNDER
SNOW, ICE PELLETS, HAIL 4 = ICE PELLETS
TOTAL MONTH: 0.0 INCH 5 = HAIL
GRTST 24HR 0.0 6 = FREEZING RAIN OR DRIZZLE
GRTST DEPTH: 0 7 = DUSTSTORM OR SANDSTORM:
VSBY 1/2 MILE OR LESS
8 = SMOKE OR HAZE
[NO. OF DAYS WITH] [WEATHER - DAYS WITH] 9 = BLOWING SNOW
X = TORNADO
MAX 32 OR BELOW: 0 0.01 INCH OR MORE: 9
MAX 90 OR ABOVE: 0 0.10 INCH OR MORE: 7
MIN 32 OR BELOW: 0 0.50 INCH OR MORE: 2
MIN 0 OR BELOW: 0 1.00 INCH OR MORE: 1
[HDD (BASE 65) ]
TOTAL THIS MO. 3 CLEAR (SCALE 0-3) 14
DPTR FM NORMAL -20 PTCLDY (SCALE 4-7) 16
TOTAL FM JUL 1 3 CLOUDY (SCALE 8-10) 1
DPTR FM NORMAL -28
[CDD (BASE 65) ]
TOTAL THIS MO. 143
DPTR FM NORMAL -4 [PRESSURE DATA]
TOTAL FM JAN 1 275 HIGHEST SLP 30.28 ON 9
DPTR FM NORMAL 30 LOWEST SLP 29.47 ON 20
[REMARKS]
#FINAL-07-22#