000
CXUS53 KFSD 070118 CCB
CF6MHE
PRELIMINARY LOCAL CLIMATOLOGICAL DATA (WS FORM: F-6)
STATION: MITCHELL SD
MONTH: DECEMBER
YEAR: 2021
LATITUDE: 43 46 N
LONGITUDE: 98 2 W
TEMPERATURE IN F: :PCPN: SNOW: WIND :SUNSHINE: SKY :PK WND
================================================================================
1 2 3 4 5 6A 6B 7 8 9 10 11 12 13 14 15 16 17 18
12Z AVG MX 2MIN
DY MAX MIN AVG DEP HDD CDD WTR SNW DPTH SPD SPD DIR MIN PSBL S-S WX SPD DR
================================================================================
1 66 36 51 23 14 0 0.00 0.0 0 12.0 24 260 M M 0 34 280
2 55 35 45 18 20 0 T 0.0 0 6.8 13 330 M M 1 15 340
3 46 29 38 11 27 0 0.00 0.0 0 10.5 22 340 M M 4 27 340
4 39 32 36 10 29 0 0.00 0.0 0 12.6 32 140 M M 9 41 150
5 44 26 35 9 30 0 T T 0 21.6 39 320 M M 6 54 330
6 27 6 17 -9 48 0 T T 0 15.0 33 330 M M 3 43 320
7 25 12 19 -6 46 0 T T 0 9.0 14 350 M M 4 1 19 350
8 40 12 26 1 39 0 0.00 0.0 0 13.5 25 150 M M 1 36 130
9 49 28 39 14 26 0 0.00 0.0 0 9.3 29 340 M M 3 39 340
10 31 26 29 5 36 0 0.72 8.3 3 8.7 20 360 M M 10 1 23 20
11 30 18 24 0 41 0 0.00 0.0 8 13.8 21 260 M M 0 28 260
12 40 13 27 3 38 0 0.00 0.0 7 9.2 18 170 M M 0 23 170
13 35 16 26 3 39 0 0.00 0.0 5 5.8 15 150 M M 0 19 150
14 38 22 30 7 35 0 0.00 0.0 4 11.5 17 160 M M 0 21 150
15 43 22 33 10 32 0 0.26 T 3 18.5 48 320 M M 6 12369 63 320
16 29 18 24 1 41 0 0.00 0.0 2 12.7 32 310 M M 2 42 300
17 31 17 24 2 41 0 T T 2 15.9 28 130 M M 9 1 34 140
18 17 7 12 -10 53 0 0.02 0.2 2 12.0 25 320 M M 7 1 30 310
19 37 10 24 2 41 0 0.00 0.0 2 13.8 28 170 M M 0 37 160
20 27 13 20 -2 45 0 0.00 0.0 2 12.5 25 350 M M 4 31 360
21 31 14 23 2 42 0 0.00 0.0 2 14.4 36 320 M M 2 45 320
22 39 20 30 9 35 0 0.00 0.0 2 5.7 12 160 M M 2 14 150
23 41 21 31 10 34 0 0.00 0.0 1 9.2 21 160 M M 0 28 170
24 50 19 35 14 30 0 0.00 0.0 1 14.3 23 350 M M 0 33 210
25 32 11 22 1 43 0 0.00 0.0 T 8.7 21 40 M M 1 24 50
26 34 10 22 2 43 0 T T T 11.1 26 110 M M 8 1 35 110
27 34 9 22 2 43 0 0.00 0.0 T 14.1 39 300 M M 2 58 310
28 25 0 13 -7 52 0 T T 0 14.7 26 320 M M 5 32 330
29 19 -1 9 -11 56 0 0.00 0.0 0 5.8 16 150 M M 4 20 140
30 32 3 18 -2 47 0 0.00 0.0 0 6.5 16 170 M M 3 21 170
31 14 -7 4 -16 61 0 0.09 1.5 0 17.1 26 340 M M 9 1 33 360
================================================================================
SM 1100 497 1207 0 1.09 10.0 366.3 M 105
================================================================================
AV 35.5 16.0 11.8 FASTST M M 3 MAX(MPH)
MISC ----> 48 320 63 320
================================================================================
NOTES:
# LAST OF SEVERAL OCCURRENCES
-COLUMN 17 PEAK WIND IN M.P.H.
-PRECIPITATION AMOUNTS IN COLUMNS 7,8 AND 9 ARE THE OFFICIAL
PRECIPITATION AMOUNTS FOR MITCHELL, SD.
-SNOW DEPTH IN COLUMN 9 IS RECORDED AT 6 AM CST (12Z).
PRELIMINARY LOCAL CLIMATOLOGICAL DATA (WS FORM: F-6) , PAGE 2
STATION: MITCHELL SD
MONTH: DECEMBER
YEAR: 2021
LATITUDE: 43 46 N
LONGITUDE: 98 2 W
[TEMPERATURE DATA] [PRECIPITATION DATA] SYMBOLS USED IN COLUMN 16
AVERAGE MONTHLY: 25.8 TOTAL FOR MONTH: 1.09 1 = FOG OR MIST
DPTR FM NORMAL: 2.8 DPTR FM NORMAL: 0.60 2 = FOG REDUCING VISIBILITY
HIGHEST: 66 ON 1 GRTST 24HR 0.72 ON 10-10 TO 1/4 MILE OR LESS
LOWEST: -7 ON 31 3 = THUNDER
SNOW, ICE PELLETS, HAIL 4 = ICE PELLETS
TOTAL MONTH: 10.0 INCHES 5 = HAIL
GRTST 24HR 8.3 ON 10-10 6 = FREEZING RAIN OR DRIZZLE
GRTST DEPTH: 8 ON 11 7 = DUSTSTORM OR SANDSTORM:
VSBY 1/2 MILE OR LESS
8 = SMOKE OR HAZE
[NO. OF DAYS WITH] [WEATHER - DAYS WITH] 9 = BLOWING SNOW
X = TORNADO
MAX 32 OR BELOW: 14 0.01 INCH OR MORE: 4
MAX 90 OR ABOVE: 0 0.10 INCH OR MORE: 2
MIN 32 OR BELOW: 29 0.50 INCH OR MORE: 1
MIN 0 OR BELOW: 3 1.00 INCH OR MORE: 0
[HDD (BASE 65) ]
TOTAL THIS MO. 1207 CLEAR (SCALE 0-3) 17
DPTR FM NORMAL -95 PTCLDY (SCALE 4-7) 10
TOTAL FM JUL 1 2348 CLOUDY (SCALE 8-10) 4
DPTR FM NORMAL -475
[CDD (BASE 65) ]
TOTAL THIS MO. 0
DPTR FM NORMAL 0 [PRESSURE DATA]
TOTAL FM JAN 1 1135 HIGHEST SLP 30.51 ON 18
DPTR FM NORMAL 256 LOWEST SLP 29.19 ON 15
[REMARKS]
RECORD DAILY MAXIMUM TEMPERATURE WAS ESTABLISHED ON THE 1ST WITH A HIGH OF 66
DEGREES. THE PREVIOUS RECORD WAS 62 IN 1962.
RECORD DAILY PRECIPITATION WAS ESTABLISHED ON THE 10TH WITH 0.72 INCHES.
THE PREVIOUS RECORD WAS 0.15 INCHES IN 1989.
RECORD DAILY SNOWFALL WAS ESTABLISHED ON THE 10TH WITH 8.3 INCHES.
THE PREVIOUS RECORD WAS 6.0 INCHES IN 1970.
#FINAL-12-21#