000
CXUS53 KIND 010600
CF6MIE
PRELIMINARY LOCAL CLIMATOLOGICAL DATA (WS FORM: F-6)
STATION: MUNCIE IN
MONTH: MAY
YEAR: 2021
LATITUDE: 40 13 N
LONGITUDE: 85 23 W
TEMPERATURE IN F: :PCPN: SNOW: WIND :SUNSHINE: SKY :PK WND
================================================================================
1 2 3 4 5 6A 6B 7 8 9 10 11 12 13 14 15 16 17 18
12Z AVG MX 2MIN
DY MAX MIN AVG DEP HDD CDD WTR SNW DPTH SPD SPD DIR MIN PSBL S-S WX SPD DR
================================================================================
1 75 35 55 -5 10 0 0.00 M M 10.8 23 220 M M 0 34 220
2 80 61 71 11 0 6 0.01 M M 13.1 22 220 M M 3 34 250
3 72 58 65 5 0 0 0.34 M M 7.5 14 260 M M 9 1 20 270
4 67 51 59 -2 6 0 0.04 M M 10.1 20 340 M M 8 18 26 340
5 62 44 53 -8 12 0 0.00 M M 12.0 22 350 M M 4 29 330
6 64 40 52 -9 13 0 0.18 M M 6.1 17 330 M M 5 1 25 280
7 63 38 51 -11 14 0 0.05 M M 8.7 25 340 M M 4 138 35 260
8 59 35 47 -15 18 0 0.12 M M 5.6 13 320 M M 2 19 360
9 48 38 43 -19 22 0 1.56 M M 14.9 30 90 M M 9 13 38 90
10 62 34 48 -14 17 0 0.03 M M 5.2 17 340 M M 4 18 22 350
11 58 42 50 -13 15 0 0.03 M M 9.1 20 360 M M 5 1 27 360
12 64 37 51 -12 14 0 0.00 M M 6.9 21 40 M M 0 28 70
13 69 39 54 -10 11 0 0.00 M M 1.7 12 350 M M 1 18 360
14 72 42 57 -7 8 0 0.00 M M 2.3 12 360 M M 0 16 360
15 75 46 61 -3 4 0 0.00 M M 3.7 15 210 M M 3 22 210
16 72 56 64 0 1 0 T M M 4.3 12 210 M M 6 17 210
17 64 58 61 -4 4 0 0.11 M M 6.9 14 130 M M 8 1 19 160
18 79 59 69 4 0 4 0.00 M M 7.3 15 140 M M 5 18 22 130
19 82 62 72 7 0 7 0.00 M M 7.3 18 190 M M 3 27 190
20 88 62 75 9 0 10 0.00 M M 6.0 14 190 M M 1 21 200
21 87 66 77 11 0 12 0.00 M M 6.9 16 220 M M 0 22 190
22 87 61 74 8 0 9 0.00 M M 5.1 15 300 M M 0 21 250
23 87 63 75 8 0 10 0.00 M M 6.5 18 300 M M 3 29 310
24 90 66 78 11 0 13 0.00 M M 5.1 14 270 M M 3 19 260
25 91 69 80 13 0 15 T M M 8.8 22 250 M M 3 30 230
26 81 64 73 5 0 8 0.19 M M 7.6 20 270 M M 4 1 24 270
27 82 58 70 2 0 5 T M M 5.2 15 50 M M 0 19 110
28 65 47 56 -12 9 0 0.44 M M 12.5 36 80 M M 10 18 45 80
29 65 46 56 -12 9 0 T M M 13.7 23 40 M M 6 8 31 40
30 71 41 56 -13 9 0 0.00 M M 5.5 15 30 M M 0 24 30
31 72 49 61 -8 4 0 0.00 M M 2.6 9 220 M M 1 14 210
================================================================================
SM 2253 1567 200 99 3.10 M 229.0 M 110
================================================================================
AV 72.7 50.5 7.4 FASTST M M 4 MAX(MPH)
MISC ----> 36 80 45 80
================================================================================
NOTES:
# LAST OF SEVERAL OCCURRENCES
COLUMN 17 PEAK WIND IN M.P.H.
PRELIMINARY LOCAL CLIMATOLOGICAL DATA (WS FORM: F-6) , PAGE 2
STATION: MUNCIE IN
MONTH: MAY
YEAR: 2021
LATITUDE: 40 13 N
LONGITUDE: 85 23 W
[TEMPERATURE DATA] [PRECIPITATION DATA] SYMBOLS USED IN COLUMN 16
AVERAGE MONTHLY: 61.6 TOTAL FOR MONTH: 3.10 1 = FOG OR MIST
DPTR FM NORMAL: -2.8 DPTR FM NORMAL: -1.26 2 = FOG REDUCING VISIBILITY
HIGHEST: 91 ON 25 GRTST 24HR 1.68 ON 8- 9 TO 1/4 MILE OR LESS
LOWEST: 34 ON 10 3 = THUNDER
SNOW, ICE PELLETS, HAIL 4 = ICE PELLETS
TOTAL MONTH: M 5 = HAIL
GRTST 24HR M ON M 6 = FREEZING RAIN OR DRIZZLE
GRTST DEPTH: M ON M 7 = DUSTSTORM OR SANDSTORM:
VSBY 1/2 MILE OR LESS
8 = SMOKE OR HAZE
[NO. OF DAYS WITH] [WEATHER - DAYS WITH] 9 = BLOWING SNOW
X = TORNADO
MAX 32 OR BELOW: 0 0.01 INCH OR MORE: 12
MAX 90 OR ABOVE: 2 0.10 INCH OR MORE: 7
MIN 32 OR BELOW: 0 0.50 INCH OR MORE: 1
MIN 0 OR BELOW: 0 1.00 INCH OR MORE: 1
[HDD (BASE 65) ]
TOTAL THIS MO. 200 CLEAR (SCALE 0-3) 15
DPTR FM NORMAL 76 PTCLDY (SCALE 4-7) 12
TOTAL FM JUL 1 4935 CLOUDY (SCALE 8-10) 4
DPTR FM NORMAL -312
[CDD (BASE 65) ]
TOTAL THIS MO. 99
DPTR FM NORMAL -7 [PRESSURE DATA]
TOTAL FM JAN 1 129 HIGHEST SLP M ON M
DPTR FM NORMAL 2 LOWEST SLP 29.57 ON 3
[REMARKS]
#FINAL-05-21#