000
CXUS53 KIND 011621
CLMMIE
CLIMATE REPORT
NATIONAL WEATHER SERVICE INDIANAPOLIS IN
1121 AM EST FRI MAR 01 2024
...................................
...THE MUNCIE IN CLIMATE SUMMARY FOR THE MONTH OF FEBRUARY 2024...
CLIMATE NORMAL PERIOD 1991 TO 2020
CLIMATE RECORD PERIOD 9999 TO 9999
WEATHER OBSERVED NORMAL DEPART LAST YEAR`S
VALUE DATE(S) VALUE FROM VALUE DATE(S)
NORMAL
................................................................
TEMPERATURE (F)
HIGHEST 70 02/26 67 02/23
LOWEST 14 02/17 10 02/01
02/18
02/19
AVG. MAXIMUM 49.5 39.9 9.6 50.4
AVG. MINIMUM 29.6 23.9 5.7 29.7
MEAN 39.5 31.9 7.6 40.1
DAYS MAX >= 90 0 0.0 0.0 0
DAYS MAX <= 32 2 8.9 -6.9 2
DAYS MIN <= 32 20 23.3 -3.3 16
DAYS MIN <= 0 0 1.7 -1.7 0
PRECIPITATION (INCHES)
TOTALS 0.72R 2.27 -1.55 2.73
DAILY AVG. 0.02 NAN NAN 0.10
DAYS >= .01 5 9.8 -4.8 6
DAYS >= .10 3 5.1 -2.1 5
DAYS >= .50 0 1.5 -1.5 3
DAYS >= 1.00 0 0.4 -0.4 1
GREATEST
24 HR. TOTAL 0.33 02/22 TO 02/22
DEGREE DAYS
HEATING TOTAL 732 927 -195 693
SINCE 7/1 3365 4093 -728 MM
COOLING TOTAL 0 0 0 0
SINCE 1/1 0 0 0 MM
................................................................
WIND (MPH)
AVERAGE WIND SPEED 9.0
HIGHEST WIND SPEED/DIRECTION 30/290 DATE 02/28
HIGHEST GUST SPEED/DIRECTION 42/290 DATE 02/15
42/290 02/28
SKY COVER
AVERAGE SKY COVER 0.29
AVERAGE RH (PERCENT) 64
WEATHER CONDITIONS. NUMBER OF DAYS WITH
THUNDERSTORM 2 MIXED PRECIP 0
HEAVY RAIN 1 RAIN 2
LIGHT RAIN 6 FREEZING RAIN 0
LT FREEZING RAIN 0 HAIL 0
HEAVY SNOW 0 SNOW 1
LIGHT SNOW 2 SLEET 0
FOG 13 FOG W/VIS <= 1/4 MILE 2
HAZE 7
- INDICATES NEGATIVE NUMBERS.
R INDICATES RECORD WAS SET OR TIED.
MM INDICATES DATA IS MISSING.
T INDICATES TRACE AMOUNT.
$$