000
CXUS53 KDMX 051457
CF6MIW
PRELIMINARY LOCAL CLIMATOLOGICAL DATA (WS FORM: F-6)
STATION: MARSHALLTOWN IA
MONTH: JANUARY
YEAR: 2024
LATITUDE: 42 6 N
LONGITUDE: 92 55 W
TEMPERATURE IN F: :PCPN: SNOW: WIND :SUNSHINE: SKY :PK WND
================================================================================
1 2 3 4 5 6A 6B 7 8 9 10 11 12 13 14 15 16 17 18
12Z AVG MX 2MIN
DY MAX MIN AVG DEP HDD CDD WTR SNW DPTH SPD SPD DIR MIN PSBL S-S WX SPD DR
================================================================================
1 29 20 25 5 40 0 0.00 0.0 M 7.4 13 260 M M 7 21 240
2 39 22 31 11 34 0 0.00 0.0 M 9.7 15 290 M M 7 1 21 210
3 36 22 29 9 36 0 0.00 0.0 M 8.1 16 340 M M 7 1 22 340
4 34 21 28 8 37 0 0.00 0.0 M 3.9 10 200 M M 6 14 10
5 36 20 28 9 37 0 0.00 0.0 M 7.9 16 170 M M 2 1 21 160
6 33 29 31 12 34 0 M M M 3.8 12 290 M M 10 18 15 280
7 31 20 26 7 39 0 M M M 9.5 20 300 M M 5 1 26 300
8 36 24 30 11 35 0 M M M 17.6 25 70 M M 7 1 33 70
9 32 22 27 8 38 0 M M M 23.2 32 340 M M 10 129 42 350
10 27 19 23 4 42 0 M M M 10.6 21 290 M M 8 1 25 290
11 25 5 15 -4 50 0 M M M 10.9 24 20 M M 7 18 31 10
12 20 8 14 -5 51 0 M M M 27.9 36 350 M M 10 128 46 330
13 8 -15 -3 -22 68 0 M M M 27.1 35 300 M M 10 189 43 310
14 -7 -17 -12 -30 77 0 0.00 0.0 M 16.0 30 300 M M 6 8 37 290
15 -1 -15 -8 -26 73 0 0.00 0.0 M 11.6 22 270 M M 1 28 290
16 6 -10 -2 -20 67 0 0.00 0.0 M 14.3 28 270 M M 0 33 270
17 20 -3 9 -9 56 0 M M M 7.5 14 260 M M 5 1 19 230
18 19 5 12 -6 53 0 M M M 10.8 23 340 M M 10 189 31 340
19 5 -9 -2 -20 67 0 0.00 0.0 M 14.4 21 290 M M 3 8 26 320
20 7 -14 -3 -21 68 0 0.00 0.0 M 6.7 13 310 M M 0 14 310
21 25 -6 10 -8 55 0 0.00 0.0 M 14.6 25 160 M M 3 34 160
22 34 25 30 12 35 0 0.00 0.0 M 10.4 18 220 M M 5 1 27 180
23 35 32 34 15 31 0 0.03 M M 7.8 14 110 M M 10 126 16 110
24 36 32 34 15 31 0 0.00 0.0 M 4.5 10 100 M M 10 12 13 90
25 36 33 35 16 30 0 0.48 0.0 M 3.9 8 60 M M 10 12 9 120
26 38 34 36 17 29 0 0.30 0.0 M 5.6 12 340 M M 10 12 14 340
27 37 32 35 16 30 0 0.00 0.0 M 9.3 15 320 M M 10 1 19 330
28 34 29 32 13 33 0 0.00 0.0 M 7.6 17 330 M M 10 12 22 330
29 48 25 37 18 28 0 0.00 0.0 M 8.2 17 320 M M 2 12 23 330
30 40 34 37 18 28 0 T M M 10.5 17 330 M M 9 1 24 330
31 53 31 42 23 23 0 0.00 0.0 M 8.4 17 230 M M 4 12 21 230
================================================================================
SM 851 455 1355 0 0.81 0.0 339.7 M 204
================================================================================
AV 27.5 14.7 11.0 FASTST M M 7 MAX(MPH)
MISC ----> 36 350 46 330
================================================================================
NOTES:
# LAST OF SEVERAL OCCURRENCES
COLUMN 17 PEAK WIND IN M.P.H.
PRELIMINARY LOCAL CLIMATOLOGICAL DATA (WS FORM: F-6) , PAGE 2
STATION: MARSHALLTOWN IA
MONTH: JANUARY
YEAR: 2024
LATITUDE: 42 6 N
LONGITUDE: 92 55 W
[TEMPERATURE DATA] [PRECIPITATION DATA] SYMBOLS USED IN COLUMN 16
AVERAGE MONTHLY: 21.1 TOTAL FOR MONTH: 0.81 1 = FOG OR MIST
DPTR FM NORMAL: 2.2 DPTR FM NORMAL: 0.04 2 = FOG REDUCING VISIBILITY
HIGHEST: 53 ON 31 GRTST 24HR 0.48 ON 25-25 TO 1/4 MILE OR LESS
LOWEST: -17 ON 14 3 = THUNDER
SNOW, ICE PELLETS, HAIL 4 = ICE PELLETS
TOTAL MONTH: 0.0 INCH 5 = HAIL
GRTST 24HR 0.0 6 = FREEZING RAIN OR DRIZZLE
GRTST DEPTH: M ON M 7 = DUSTSTORM OR SANDSTORM:
VSBY 1/2 MILE OR LESS
8 = SMOKE OR HAZE
[NO. OF DAYS WITH] [WEATHER - DAYS WITH] 9 = BLOWING SNOW
X = TORNADO
MAX 32 OR BELOW: 15 0.01 INCH OR MORE: 3
MAX 90 OR ABOVE: 0 0.10 INCH OR MORE: 2
MIN 32 OR BELOW: 28 0.50 INCH OR MORE: 0
MIN 0 OR BELOW: 8 1.00 INCH OR MORE: 0
[HDD (BASE 65) ]
TOTAL THIS MO. 1355 CLEAR (SCALE 0-3) 7
DPTR FM NORMAL -74 PTCLDY (SCALE 4-7) 12
TOTAL FM JUL 1 3458 CLOUDY (SCALE 8-10) 12
DPTR FM NORMAL -716
[CDD (BASE 65) ]
TOTAL THIS MO. 0
DPTR FM NORMAL 0 [PRESSURE DATA]
TOTAL FM JAN 1 0 HIGHEST SLP 30.75 ON 20
DPTR FM NORMAL 0 LOWEST SLP 29.32 ON 9
[REMARKS]
#FINAL-01-24#