420
CXUS54 KTSA 011153
CF6MKO
PRELIMINARY LOCAL CLIMATOLOGICAL DATA (WS FORM: F-6)
STATION: MUSKOGEE OKLAHOMA
MONTH: MARCH
YEAR: 2021
LATITUDE: 35 40 N
LONGITUDE: 95 22 W
TEMPERATURE IN F: :PCPN: SNOW: WIND :SUNSHINE: SKY :PK WND
================================================================================
1 2 3 4 5 6A 6B 7 8 9 10 11 12 13 14 15 16 17 18
12Z AVG MX 2MIN
DY MAX MIN AVG DEP HDD CDD WTR SNW DPTH SPD SPD DIR MIN PSBL S-S WX SPD DR
================================================================================
1 60 35 48 1 17 0 0.00 0.0 M 8.4 16 20 M M 0 23 10
2 62 33 48 1 17 0 0.00 0.0 M 5.2 12 230 M M 0 19 180
3 69 33 51 3 14 0 0.00 0.0 M 7.8 17 210 M M 0 21 200
4 72 38 55 7 10 0 0.00 0.0 M 7.6 15 110 M M 0 22 100
5 59 38 49 1 16 0 0.12 0.0 M 9.6 22 110 M M 8 1 27 90
6 62 30 46 -2 19 0 0.00 0.0 M 4.7 9 150 M M 0 12 13 180
7 68 35 52 3 13 0 0.00 0.0 M 8.5 20 190 M M 0 29 200
8 70 40 55 6 10 0 0.00 0.0 M 9.9 20 160 M M 0 31 190
9 70 52 61 11 4 0 0.00 0.0 M 14.1 26 180 M M 3 39 170
10 76 62 69 19 0 4 0.00 0.0 M 17.5 30 200 M M 7 42 200
11 75 53 64 14 1 0 T 0.0 M 10.4 25 200 M M 9 36 200
12 75 52 64 14 1 0 0.06 0.0 M 4.2 13 170 M M 10 1 18 160
13 70 56 63 12 2 0 T 0.0 M 12.4 23 120 M M 7 1 34 110
14 63 49 56 5 9 0 0.73 0.0 M 11.2 24 130 M M 8 123 35 130
15 71 46 59 7 6 0 0.00 0.0 M 11.9 28 260 M M 1 1 36 230
16 75 40 58 6 7 0 0.00 0.0 M 8.1 16 150 M M 0 23 150
17 75 39 57 5 8 0 0.12 0.0 M 14.4 30 320 M M 7 13 43 300
18 52 38 45 -7 20 0 T 0.0 M 17.6 26 330 M M 10 37 330
19 63 37 50 -3 15 0 0.00 0.0 M 10.0 18 360 M M 0 26 340
20 63 38 51 -2 14 0 0.00 0.0 M 8.8 16 140 M M 0 8 27 120
21 71 41 56 3 9 0 0.00 0.0 M 11.3 22 150 M M 0 8 32 170
22 63 51 57 3 8 0 0.77 0.0 M 12.8 29 230 M M 5 1 40 240
23 64 47 56 2 9 0 0.01 0.0 M 13.5 24 240 M M 5 34 250
24 63 39 51 -3 14 0 0.26 0.0 M 8.7 28 40 M M 1 13 39 320
25 59 43 51 -3 14 0 0.27 0.0 M 8.0 23 30 M M 7 1 28 30
26 74 43 59 4 6 0 0.00 0.0 M 9.1 22 130 M M 0 1 30 130
27 80 52 66 11 0 1 T 0.0 M 12.2 28 340 M M 3 39 340
28 66 43 55 0 10 0 0.00 0.0 M 8.3 18 350 M M 0 23 350
29 75 43 59 3 6 0 0.00 0.0 M 13.1 22 180 M M 0 36 180
30 72 54 63 7 2 0 0.00 0.0 M 13.6 26 350 M M 6 8 34 360
31 63 43 53 -3 12 0 T 0.0 M 12.0 26 10 M M 4 34 20
================================================================================
SM 2100 1343 293 5 2.34 0.0 324.9 M 101
================================================================================
AV 67.7 43.3 10.5 FASTST M M 3 MAX(MPH)
MISC ----> # 30 200 43 300
================================================================================
NOTES:
# LAST OF SEVERAL OCCURRENCES
COLUMN 17 PEAK WIND IN M.P.H.
PRELIMINARY LOCAL CLIMATOLOGICAL DATA (WS FORM: F-6) , PAGE 2
STATION: MUSKOGEE OKLAHOMA
MONTH: MARCH
YEAR: 2021
LATITUDE: 35 40 N
LONGITUDE: 95 22 W
[TEMPERATURE DATA] [PRECIPITATION DATA] SYMBOLS USED IN COLUMN 16
AVERAGE MONTHLY: 55.5 TOTAL FOR MONTH: 2.34 1 = FOG OR MIST
DPTR FM NORMAL: 3.8 DPTR FM NORMAL: -1.43 2 = FOG REDUCING VISIBILITY
HIGHEST: 80 ON 27 GRTST 24HR 0.78 ON 22-23 TO 1/4 MILE OR LESS
LOWEST: 30 ON 6 3 = THUNDER
SNOW, ICE PELLETS, HAIL 4 = ICE PELLETS
TOTAL MONTH: 0.0 INCH 5 = HAIL
GRTST 24HR 0.0 6 = FREEZING RAIN OR DRIZZLE
GRTST DEPTH: M ON M 7 = DUSTSTORM OR SANDSTORM:
VSBY 1/2 MILE OR LESS
8 = SMOKE OR HAZE
[NO. OF DAYS WITH] [WEATHER - DAYS WITH] 9 = BLOWING SNOW
X = TORNADO
MAX 32 OR BELOW: 0 0.01 INCH OR MORE: 8
MAX 90 OR ABOVE: 0 0.10 INCH OR MORE: 6
MIN 32 OR BELOW: 1 0.50 INCH OR MORE: 2
MIN 0 OR BELOW: 0 1.00 INCH OR MORE: 0
[HDD (BASE 65) ]
TOTAL THIS MO. 293 CLEAR (SCALE 0-3) 18
DPTR FM NORMAL -129 PTCLDY (SCALE 4-7) 9
TOTAL FM JUL 1 3266 CLOUDY (SCALE 8-10) 4
DPTR FM NORMAL -15
[CDD (BASE 65) ]
TOTAL THIS MO. 5
DPTR FM NORMAL -4 [PRESSURE DATA]
TOTAL FM JAN 1 5 HIGHEST SLP 30.51 ON 31
DPTR FM NORMAL -5 LOWEST SLP 29.50 ON 23
[REMARKS]
#FINAL-03-21#