000
CXUS53 KMPX 011537
CF6MKT
PRELIMINARY LOCAL CLIMATOLOGICAL DATA (WS FORM: F-6)
STATION: MANKATO MN
MONTH: AUGUST
YEAR: 2020
LATITUDE: 44 13 N
LONGITUDE: 93 55 W
TEMPERATURE IN F: :PCPN: SNOW: WIND :SUNSHINE: SKY :PK WND
================================================================================
1 2 3 4 5 6A 6B 7 8 9 10 11 12 13 14 15 16 17 18
12Z AVG MX 2MIN
DY MAX MIN AVG DEP HDD CDD WTR SNW DPTH SPD SPD DIR MIN PSBL S-S WX SPD DR
================================================================================
1 80 59 70 -2 0 5 T M M 4.1 15 340 M M 5 8 M M
2 73 60 67 -5 0 2 0.00 M M 10.1 18 360 M M 4 25 360
3 72 54 63 -9 2 0 0.00 M M 4.5 9 80 M M 3 M M
4 74 49 62 -10 3 0 0.00 M M 1.8 6 160 M M 0 1 M M
5 73 56 65 -7 0 0 0.00 M M 7.5 13 220 M M 7 18 210
6 78 62 70 -1 0 5 0.00 M M 11.8 18 150 M M 8 24 150
7 81 66 74 3 0 9 0.02 M M 11.6 16 160 M M 4 23 150
8 83 66 75 4 0 10 0.50 M M 8.9 26 320 M M 5 138 35 330
9 85 68 77 6 0 12 0.04 M M 10.2 30 120 M M 2 40 120
10 76 60 68 -3 0 3 0.03 M M 7.3 17 320 M M 3 M M
11 81 57 69 -2 0 4 0.00 M M 6.3 10 150 M M 0 M M
12 79 62 71 0 0 6 0.96 M M 12.3 22 140 M M 4 13 36 320
13 86 69 78 7 0 13 0.00 M M 10.5 14 190 M M 5 1 21 190
14 84 63 74 4 0 9 0.28 M M 12.9 21 160 M M 2 13 30 160
15 75 57 66 -4 0 1 T M M 5.2 8 220 M M 0 M M
16 83 60 72 2 0 7 0.00 M M 4.0 7 60 M M 1 M M
17 76 62 69 -1 0 4 0.00 M M 9.7 21 320 M M 2 28 320
18 77 55 66 -4 0 1 0.00 M M 1.6 6 50 M M 0 M M
19 81 56 69 -1 0 4 0.00 M M 8.4 14 190 M M 0 18 200
20 83 61 72 2 0 7 0.00 M M 8.9 15 180 M M 0 20 200
21 85 64 75 6 0 10 1.18 M M 9.8 17 350 M M 2 13 32 350
22 84 63 74 5 0 9 0.26 M M 6.3 12 200 M M 2 3 16 200
23 88 66 77 8 0 12 M M M 5.2 8 150 M M 1 1 M M
24 88 69 79 10 0 14 T M M 7.7 18 330 M M 0 1 29 10
25 88 68 78 10 0 13 0.00 M M 7.9 14 160 M M 0 1 18 160
26 90 69 80 12 0 15 T M M 9.6 15 220 M M 1 25 210
27 85 67 76 8 0 11 T M M 5.9 10 40 M M 2 M M
28 82 62 72 4 0 7 0.21 M M 12.9 29 310 M M 3 37 320
29 75 56 66 -2 0 1 0.00 M M 7.5 14 320 M M 1 22 320
30 75 55 65 -2 0 0 T M M 8.3 12 140 M M 2 21 180
31 72 55 64 -3 1 0 0.64 M M 9.2 22 310 M M 4 13 32 300
================================================================================
SM 2492 1896 6 194 4.12 M 247.9 M 73
================================================================================
AV 80.4 61.2 8.0 FASTST M M 2 MAX(MPH)
MISC ----> 30 120 40 120
================================================================================
NOTES:
# LAST OF SEVERAL OCCURRENCES
COLUMN 17 PEAK WIND IN M.P.H.
PRELIMINARY LOCAL CLIMATOLOGICAL DATA (WS FORM: F-6) , PAGE 2
STATION: MANKATO MN
MONTH: AUGUST
YEAR: 2020
LATITUDE: 44 13 N
LONGITUDE: 93 55 W
[TEMPERATURE DATA] [PRECIPITATION DATA] SYMBOLS USED IN COLUMN 16
AVERAGE MONTHLY: 70.8 TOTAL FOR MONTH: 4.12 1 = FOG OR MIST
DPTR FM NORMAL: 0.9 DPTR FM NORMAL: -0.06 2 = FOG REDUCING VISIBILITY
HIGHEST: 90 ON 26 GRTST 24HR 1.18 ON 21-21 TO 1/4 MILE OR LESS
LOWEST: 49 ON 4 3 = THUNDER
SNOW, ICE PELLETS, HAIL 4 = ICE PELLETS
TOTAL MONTH: M 5 = HAIL
GRTST 24HR M ON M 6 = FREEZING RAIN OR DRIZZLE
GRTST DEPTH: M ON M 7 = DUSTSTORM OR SANDSTORM:
VSBY 1/2 MILE OR LESS
8 = SMOKE OR HAZE
[NO. OF DAYS WITH] [WEATHER - DAYS WITH] 9 = BLOWING SNOW
X = TORNADO
MAX 32 OR BELOW: 0 0.01 INCH OR MORE: 10
MAX 90 OR ABOVE: 1 0.10 INCH OR MORE: 7
MIN 32 OR BELOW: 0 0.50 INCH OR MORE: 4
MIN 0 OR BELOW: 0 1.00 INCH OR MORE: 1
[HDD (BASE 65) ]
TOTAL THIS MO. 6 CLEAR (SCALE 0-3) 20
DPTR FM NORMAL -18 PTCLDY (SCALE 4-7) 11
TOTAL FM JUL 1 6 CLOUDY (SCALE 8-10) 0
DPTR FM NORMAL -25
[CDD (BASE 65) ]
TOTAL THIS MO. 194
DPTR FM NORMAL 18 [PRESSURE DATA]
TOTAL FM JAN 1 746 HIGHEST SLP M ON M
DPTR FM NORMAL 154 LOWEST SLP M ON M
[REMARKS]
#FINAL-08-20#