000
CXUS52 KMLB 010632
CF6MLB
PRELIMINARY LOCAL CLIMATOLOGICAL DATA (WS FORM: F-6)
STATION: MELBOURNE
MONTH: APRIL
YEAR: 2021
LATITUDE: 28 6 N
LONGITUDE: 80 39 W
TEMPERATURE IN F: :PCPN: SNOW: WIND :SUNSHINE: SKY :PK WND
================================================================================
1 2 3 4 5 6A 6B 7 8 9 10 11 12 13 14 15 16 17 18
12Z AVG MX 2MIN
DY MAX MIN AVG DEP HDD CDD WTR SNW DPTH SPD SPD DIR MIN PSBL S-S WX SPD DR
================================================================================
1 80 61 71 3 0 6 T 0.0 0 12.9 25 360 M M 5 1 30 10
2 68 50 59 -9 6 0 0.00 0.0 0 16.8 31 10 M M 4 38 360
3 72 50 61 -7 4 0 0.00 0.0 0 13.2 21 50 M M 9 25 40
4 74 53 64 -4 1 0 0.00 0.0 0 9.7 17 50 M M 2 22 40
5 75 52 64 -5 1 0 0.00 0.0 0 6.7 15 60 M M 0 18 60
6 79 53 66 -3 0 1 0.00 0.0 0 7.1 14 80 M M 1 19 70
7 80 56 68 -1 0 3 0.00 0.0 0 7.1 15 100 M M 1 18 110
8 81 57 69 0 0 4 0.00 0.0 0 8.6 20 150 M M 1 25 150
9 82 60 71 2 0 6 0.00 0.0 0 7.9 16 140 M M 1 8 22 100
10 87 65 76 7 0 11 T 0.0 0 11.7 35 300 M M 2 3 45 300
11 76 63 70 0 0 5 1.61 0.0 0 8.0 38 340 M M 5 123 48 350
12 81 60 71 1 0 6 0.00 0.0 0 8.0 16 30 M M 2 20 350
13 86 56 71 1 0 6 0.00 0.0 0 8.7 20 10 M M 0 27 20
14 81 70 76 6 0 11 0.00 0.0 0 10.4 18 120 M M 0 23 110
15 88 64 76 6 0 11 0.00 0.0 0 8.8 26 280 M M 1 34 270
16 83 65 74 4 0 9 0.00 0.0 0 8.2 15 100 M M 5 1 18 120
17 89 69 79 8 0 14 0.00 0.0 0 10.9 22 260 M M 2 18 27 240
18 89 72 81 10 0 16 0.00 0.0 0 8.5 22 20 M M 5 27 20
19 78 70 74 3 0 9 0.65 0.0 0 6.2 15 310 M M 7 13 20 230
20 77 69 73 2 0 8 0.45 0.0 0 6.4 24 220 M M 7 138 30 220
21 85 67 76 5 0 11 0.00 0.0 0 7.7 16 310 M M 5 22 310
22 77 58 68 -4 0 3 0.00 0.0 0 11.8 21 360 M M 0 24 10
23 77 68 73 1 0 8 0.00 0.0 0 12.9 17 90 M M 3 22 70
24 85 72 79 7 0 14 T 0.0 0 12.7 22 140 M M 3 28 140
25 87 70 79 7 0 14 0.05 0.0 0 10.8 24 310 M M 3 138 29 310
26 82 62 72 0 0 7 T 0.0 0 10.8 17 80 M M 2 22 70
27 81 72 77 5 0 12 0.00 0.0 0 12.0 17 80 M M 1 22 110
28 82 72 77 4 0 12 0.00 0.0 0 11.3 18 110 M M 2 22 110
29 85 73 79 6 0 14 0.00 0.0 0 10.5 20 120 M M 5 25 120
30 91 72 82 9 0 17 0.00 0.0 0 8.5 17 270 M M 3 26 260
================================================================================
SM 2438 1901 12 238 2.76 0.0 294.8 M 87
================================================================================
AV 81.3 63.4 9.8 FASTST M M 3 MAX(MPH)
MISC ----> 38 340 48 350
================================================================================
NOTES:
# LAST OF SEVERAL OCCURRENCES
COLUMN 17 PEAK WIND IN M.P.H.
PRELIMINARY LOCAL CLIMATOLOGICAL DATA (WS FORM: F-6) , PAGE 2
STATION: MELBOURNE
MONTH: APRIL
YEAR: 2021
LATITUDE: 28 6 N
LONGITUDE: 80 39 W
[TEMPERATURE DATA] [PRECIPITATION DATA] SYMBOLS USED IN COLUMN 16
AVERAGE MONTHLY: 72.3 TOTAL FOR MONTH: 2.76 1 = FOG OR MIST
DPTR FM NORMAL: 1.9 DPTR FM NORMAL: 0.63 2 = FOG REDUCING VISIBILITY
HIGHEST: 91 ON 30 GRTST 24HR 1.61 ON 10-11 TO 1/4 MILE OR LESS
LOWEST: 50 ON 3, 2 3 = THUNDER
SNOW, ICE PELLETS, HAIL 4 = ICE PELLETS
TOTAL MONTH: 0.0 INCH 5 = HAIL
GRTST 24HR 0.0 6 = FREEZING RAIN OR DRIZZLE
GRTST DEPTH: 0 7 = DUSTSTORM OR SANDSTORM:
VSBY 1/2 MILE OR LESS
8 = SMOKE OR HAZE
[NO. OF DAYS WITH] [WEATHER - DAYS WITH] 9 = BLOWING SNOW
X = TORNADO
MAX 32 OR BELOW: 0 0.01 INCH OR MORE: 4
MAX 90 OR ABOVE: 1 0.10 INCH OR MORE: 3
MIN 32 OR BELOW: 0 0.50 INCH OR MORE: 2
MIN 0 OR BELOW: 0 1.00 INCH OR MORE: 1
[HDD (BASE 65) ]
TOTAL THIS MO. 12 CLEAR (SCALE 0-3) 18
DPTR FM NORMAL -4 PTCLDY (SCALE 4-7) 11
TOTAL FM JUL 1 410 CLOUDY (SCALE 8-10) 1
DPTR FM NORMAL -165
[CDD (BASE 65) ]
TOTAL THIS MO. 238
DPTR FM NORMAL 60 [PRESSURE DATA]
TOTAL FM JAN 1 618 HIGHEST SLP M ON M
DPTR FM NORMAL 243 LOWEST SLP 29.66 ON 11
[REMARKS]
#FINAL-04-21#