000
CXUS54 KTSA 011112
CF6MLC
PRELIMINARY LOCAL CLIMATOLOGICAL DATA (WS FORM: F-6)
STATION: MCALESTER OKLAHOMA
MONTH: SEPTEMBER
YEAR: 2021
LATITUDE: 34 52 N
LONGITUDE: 95 47 W
TEMPERATURE IN F: :PCPN: SNOW: WIND :SUNSHINE: SKY :PK WND
================================================================================
1 2 3 4 5 6A 6B 7 8 9 10 11 12 13 14 15 16 17 18
12Z AVG MX 2MIN
DY MAX MIN AVG DEP HDD CDD WTR SNW DPTH SPD SPD DIR MIN PSBL S-S WX SPD DR
================================================================================
1 99 71 85 6 0 20 0.00 0.0 M 2.8 12 100 M M 1 3 20 100
2 95 74 85 6 0 20 0.00 0.0 M 4.5 12 210 M M 1 19 210
3 95 76 86 8 0 21 0.00 0.0 M 6.6 13 220 M M 1 18 210
4 98 74 86 8 0 21 0.02 0.0 M 6.4 22 340 M M 7 3 30 350
5 88 67 78 0 0 13 0.22 0.0 M 4.6 13 10 M M 6 13 19 360
6 92 63 78 0 0 13 0.00 0.0 M 2.4 10 220 M M 1 13 240
7 93 61 77 0 0 12 0.00 0.0 M 4.6 15 230 M M 2 22 220
8 89 61 75 -2 0 10 0.10 0.0 M 7.4 20 10 M M 3 13 30 20
9 93 55 74 -3 0 9 0.00 0.0 M 1.8 9 30 M M 1 17 30
10 92 62 77 1 0 12 0.00 0.0 M 5.6 17 220 M M 2 8 23 210
11 91 69 80 4 0 15 0.00 0.0 M 6.4 15 210 M M 1 24 170
12 90 65 78 2 0 13 0.00 0.0 M 5.3 12 140 M M 2 21 120
13 90 63 77 2 0 12 0.00 0.0 M 5.0 15 210 M M 4 27 220
14 92 70 81 6 0 16 0.00 0.0 M 5.0 12 150 M M 2 19 170
15 93 65 79 4 0 14 0.00 0.0 M 3.5 14 360 M M 3 23 30
16 93 66 80 6 0 15 0.00 0.0 M 2.0 9 110 M M 2 16 40
17 92 65 79 5 0 14 0.00 0.0 M 3.3 13 30 M M 3 21 10
18 95 66 81 7 0 16 0.00 0.0 M 4.0 16 10 M M 2 24 20
19 92 66 79 6 0 14 0.00 0.0 M 2.9 16 360 M M 2 21 350
20 99 72 86 13 0 21 0.00 0.0 M 7.0 17 220 M M 1 28 170
21 82 58 70 -3 0 5 T 0.0 M 13.9 26 10 M M 2 39 20
22 82 48 65 -7 0 0 0.00 0.0 M 3.9 17 20 M M 1 29 10
23 85 44 65 -7 0 0 0.00 0.0 M 1.3 10 220 M M 1 16 160
24 87 48 68 -4 0 3 0.00 0.0 M 2.8 15 230 M M 1 21 220
25 91 51 71 0 0 6 0.00 0.0 M 1.5 8 360 M M 2 12 350
26 93 59 76 5 0 11 0.00 0.0 M 5.7 20 210 M M 1 30 220
27 92 65 79 9 0 14 0.00 0.0 M 6.6 20 210 M M 1 27 200
28 94 61 78 8 0 13 0.00 0.0 M 4.5 15 210 M M 1 23 200
29 84 69 77 7 0 12 0.09 0.0 M 4.8 13 160 M M 6 1 22 130
30 87 65 76 7 0 11 1.12 0.0 M 4.1 25 340 M M 6 13 36 330
================================================================================
SM 2738 1899 0 376 1.55 0.0 140.2 M 69
================================================================================
AV 91.3 63.3 4.7 FASTST M M 2 MAX(MPH)
MISC ----> 26 10 39 20
================================================================================
NOTES:
# LAST OF SEVERAL OCCURRENCES
COLUMN 17 PEAK WIND IN M.P.H.
PRELIMINARY LOCAL CLIMATOLOGICAL DATA (WS FORM: F-6) , PAGE 2
STATION: MCALESTER OKLAHOMA
MONTH: SEPTEMBER
YEAR: 2021
LATITUDE: 34 52 N
LONGITUDE: 95 47 W
[TEMPERATURE DATA] [PRECIPITATION DATA] SYMBOLS USED IN COLUMN 16
AVERAGE MONTHLY: 77.3 TOTAL FOR MONTH: 1.55 1 = FOG OR MIST
DPTR FM NORMAL: 3.0 DPTR FM NORMAL: -2.11 2 = FOG REDUCING VISIBILITY
HIGHEST: 99 ON 20, 1 GRTST 24HR 1.12 ON 30-30 TO 1/4 MILE OR LESS
LOWEST: 44 ON 23 3 = THUNDER
SNOW, ICE PELLETS, HAIL 4 = ICE PELLETS
TOTAL MONTH: 0.0 INCH 5 = HAIL
GRTST 24HR 0.0 6 = FREEZING RAIN OR DRIZZLE
GRTST DEPTH: M ON M 7 = DUSTSTORM OR SANDSTORM:
VSBY 1/2 MILE OR LESS
8 = SMOKE OR HAZE
[NO. OF DAYS WITH] [WEATHER - DAYS WITH] 9 = BLOWING SNOW
X = TORNADO
MAX 32 OR BELOW: 0 0.01 INCH OR MORE: 5
MAX 90 OR ABOVE: 22 0.10 INCH OR MORE: 3
MIN 32 OR BELOW: 0 0.50 INCH OR MORE: 1
MIN 0 OR BELOW: 0 1.00 INCH OR MORE: 1
[HDD (BASE 65) ]
TOTAL THIS MO. 0 CLEAR (SCALE 0-3) 25
DPTR FM NORMAL -14 PTCLDY (SCALE 4-7) 5
TOTAL FM JUL 1 0 CLOUDY (SCALE 8-10) 0
DPTR FM NORMAL -13
[CDD (BASE 65) ]
TOTAL THIS MO. 376
DPTR FM NORMAL 81 [PRESSURE DATA]
TOTAL FM JAN 1 2005 HIGHEST SLP 30.35 ON 22
DPTR FM NORMAL -25 LOWEST SLP 29.74 ON 20
[REMARKS]
#FINAL-09-21#