000
CXUS53 KDVN 011759
CF6MLI
PRELIMINARY LOCAL CLIMATOLOGICAL DATA (WS FORM: F-6)
STATION: MOLINE IL
MONTH: FEBRUARY
YEAR: 2024
LATITUDE: 41 27 N
LONGITUDE: 90 31 W
TEMPERATURE IN F: :PCPN: SNOW: WIND :SUNSHINE: SKY :PK WND
================================================================================
1 2 3 4 5 6A 6B 7 8 9 10 11 12 13 14 15 16 17 18
12Z AVG MX 2MIN
DY MAX MIN AVG DEP HDD CDD WTR SNW DPTH SPD SPD DIR MIN PSBL S-S WX SPD DR
================================================================================
1 57 34 46 22 19 0 0.00 0.0 0 5.5 17 70 M M 1 1 22 70
2 42 32 37 13 28 0 0.00 0.0 0 11.7 21 90 M M 8 26 90
3 49 33 41 17 24 0 0.00 0.0 0 12.6 18 90 M M 6 24 100
4 51 29 40 16 25 0 0.00 0.0 0 9.0 20 70 M M 1 18 25 60
5 54 23 39 15 26 0 0.00 0.0 0 3.5 10 80 M M 0 1 11 330
6 52 22 37 12 28 0 0.00 0.0 0 4.7 12 90 M M 0 128 18 90
7 51 29 40 15 25 0 0.00 0.0 0 9.5 21 160 M M 0 18 31 160
8 67 42 55 30 10 0 0.00 0.0 0 16.2 31 210 M M 2 44 210
9 53 35 44 18 21 0 0.00 0.0 0 10.3 20 280 M M 0 25 280
10 44 29 37 11 28 0 0.00 0.0 0 10.6 22 320 M M 1 30 330
11 44 24 34 8 31 0 0.00 0.0 0 3.2 13 330 M M 1 15 330
12 48 19 34 8 31 0 0.00 0.0 0 4.1 14 300 M M 0 19 270
13 45 24 35 8 30 0 0.00 0.0 0 3.0 9 40 M M 2 12 220
14 53 18 36 9 29 0 0.01 0.0 0 6.4 17 150 M M 1 25 150
15 50 33 42 14 23 0 0.08 0.0 0 14.3 26 300 M M 6 1 35 300
16 33 15 24 -4 41 0 0.05 0.6 0 12.2 26 310 M M 7 18 38 300
17 32 10 21 -7 44 0 0.00 0.0 T 15.6 26 240 M M 0 37 240
18 48 23 36 7 29 0 0.00 0.0 0 10.5 18 260 M M 0 28 250
19 55 18 37 8 28 0 0.00 0.0 0 5.2 14 160 M M 0 19 190
20 61 30 46 16 19 0 0.00 0.0 0 6.0 22 220 M M 0 31 230
21 61 44 53 23 12 0 0.00 0.0 0 6.8 17 200 M M 2 24 200
22 66 41 54 24 11 0 0.00 0.0 0 7.1 20 300 M M 2 28 300
23 58 30 44 13 21 0 0.00 0.0 0 13.5 26 280 M M 4 38 310
24 41 20 31 0 34 0 0.00 0.0 0 7.9 16 190 M M 2 23 190
25 67 33 50 18 15 0 0.00 0.0 0 4.2 12 260 M M 0 19 170
26 76 27 52 20 13 0 0.00 0.0 0 9.1 24 190 M M 0 36 170
27 79 26 53 21 12 0 0.12 0.0 0 10.3 36 310 M M 1 3 49 300
28 32 14 23 -10 42 0 T T 0 18.7 36 300 M M 3 47 310
29 51 13 32 -1 33 0 0.00 0.0 0 10.1 21 200 M M 0 29 210
================================================================================
SM 1520 770 732 0 0.26 0.6 261.8 M 50
================================================================================
AV 52.4 26.6 9.0 FASTST M M 2 MAX(MPH)
MISC ----> # 36 310 49 300
================================================================================
NOTES:
# LAST OF SEVERAL OCCURRENCES
COLUMN 17 PEAK WIND IN M.P.H.
PRELIMINARY LOCAL CLIMATOLOGICAL DATA (WS FORM: F-6) , PAGE 2
STATION: MOLINE IL
MONTH: FEBRUARY
YEAR: 2024
LATITUDE: 41 27 N
LONGITUDE: 90 31 W
[TEMPERATURE DATA] [PRECIPITATION DATA] SYMBOLS USED IN COLUMN 16
AVERAGE MONTHLY: 39.5 TOTAL FOR MONTH: 0.26 1 = FOG OR MIST
DPTR FM NORMAL: 11.8 DPTR FM NORMAL: -1.57 2 = FOG REDUCING VISIBILITY
HIGHEST: 79 ON 27 GRTST 24HR 0.12 ON 27-27 TO 1/4 MILE OR LESS
LOWEST: 10 ON 17 3 = THUNDER
SNOW, ICE PELLETS, HAIL 4 = ICE PELLETS
TOTAL MONTH: 0.6 INCH 5 = HAIL
GRTST 24HR 0.6 ON 16-16 6 = FREEZING RAIN OR DRIZZLE
GRTST DEPTH: T 7 = DUSTSTORM OR SANDSTORM:
VSBY 1/2 MILE OR LESS
8 = SMOKE OR HAZE
[NO. OF DAYS WITH] [WEATHER - DAYS WITH] 9 = BLOWING SNOW
X = TORNADO
MAX 32 OR BELOW: 2 0.01 INCH OR MORE: 4
MAX 90 OR ABOVE: 0 0.10 INCH OR MORE: 1
MIN 32 OR BELOW: 21 0.50 INCH OR MORE: 0
MIN 0 OR BELOW: 0 1.00 INCH OR MORE: 0
[HDD (BASE 65) ]
TOTAL THIS MO. 732 CLEAR (SCALE 0-3) 24
DPTR FM NORMAL -312 PTCLDY (SCALE 4-7) 5
TOTAL FM JUL 1 3863 CLOUDY (SCALE 8-10) 0
DPTR FM NORMAL -852
[CDD (BASE 65) ]
TOTAL THIS MO. 0
DPTR FM NORMAL 0 [PRESSURE DATA]
TOTAL FM JAN 1 0 HIGHEST SLP 30.45 ON 29
DPTR FM NORMAL 0 LOWEST SLP 29.19 ON 27
[REMARKS]
#FINAL-02-24#
NOTE: SUPPLEMENTAL CLIMATE DATA WAS USED FROM A NEARBY
CLIMATOLOGICALLY REPRESENTATIVE STATION.
PARAMETER DATE
--------- ----
SNW 2/16