000
CXUS55 KBYZ 011000
CF6MLS
PRELIMINARY LOCAL CLIMATOLOGICAL DATA (WS FORM: F-6)
STATION: MILES CITY MT
MONTH: JULY
YEAR: 2022
LATITUDE: 46 25 N
LONGITUDE: 105 53 W
TEMPERATURE IN F: :PCPN: SNOW: WIND :SUNSHINE: SKY :PK WND
================================================================================
1 2 3 4 5 6A 6B 7 8 9 10 11 12 13 14 15 16 17 18
12Z AVG MX 2MIN
DY MAX MIN AVG DEP HDD CDD WTR SNW DPTH SPD SPD DIR MIN PSBL S-S WX SPD DR
================================================================================
1 87 50 69 -1 0 4 T M M 6.2 31 350 M M M 3 39 360
2 89 56 73 2 0 8 T M M 6.6 21 50 M M M 24 30
3 90 60 75 4 0 10 0.20 M M 12.4 38 20 M M M 3 49 10
4 83 59 71 0 0 6 0.05 M M 8.8 20 30 M M M 3 24 340
5 83 62 73 1 0 8 0.20 M M 8.8 32 70 M M M 13 38 70
6 89 63 76 4 0 11 0.00 M M 8.9 46 10 M M 1 56 360
7 85 59 72 0 0 7 0.00 M M 8.0 16 310 M M 0 20 130
8 95 66 81 8 0 16 0.00 M M 11.1 25 20 M M 0 1 32 20
9 94 65 80 7 0 15 0.08 M M 13.6 48 330 M M 0 138 58 340
10 86 59 73 0 0 8 0.03 M M 13.3 29 310 M M 2 3 36 320
11 85 55 70 -4 0 5 0.00 M M 7.1 17 300 M M 1 24 250
12 90 57 74 0 0 9 0.00 M M 6.9 14 90 M M 0 18 90
13 100 66 83 9 0 18 0.00 M M 13.1 23 250 M M 0 3 32 210
14 97 65 81 7 0 16 0.00 M M 8.1 20 290 M M 0 23 270
15 98 61 80 6 0 15 0.00 M M 10.1 48 290 M M 1 57 300
16 100 63 82 7 0 17 T M M 7.4 17 310 M M 0 22 250
17 106 67 87 12 0 22 T M M 8.0 26 300 M M 0 33 300
18 102 63 83 8 0 18 T M M 12.1 40 330 M M 1 38 61 230
19 88 58 73 -2 0 8 0.00 M M 18.2 39 300 M M 0 51 290
20 93 58 76 1 0 11 0.00 M M 12.3 29 300 M M 0 37 310
21 96 63 80 4 0 15 0.00 M M 11.0 24 290 M M 0 33 290
22 101 62 82 6 0 17 0.00 M M 11.0 23 360 M M 0 29 350
23 87 64 76 0 0 11 0.00 M M 10.7 35 20 M M 1 41 30
24 90 58 74 -2 0 9 0.00 M M 9.3 20 70 M M 1 26 80
25 90 64 77 1 0 12 0.05 M M 7.5 23 20 M M 2 38 28 10
26 85 59 72 -4 0 7 0.00 M M 7.7 15 320 M M 5 23 310
27 84 61 73 -3 0 8 T M M 8.7 23 360 M M 4 33 360
28 86 53 70 -6 0 5 0.00 M M 6.6 13 140 M M 1 21 140
29 95 62 79 3 0 14 0.00 M M 7.3 15 150 M M 0 19 150
30 100 62 81 5 0 16 T M M 11.5 24 320 M M 0 30 320
31 91 60 76 0 0 11 0.00 M M 6.8 14 140 M M 0 18 180
================================================================================
SM 2845 1880 0 357 0.61 M 299.1 M 20
================================================================================
AV 91.8 60.6 9.6 FASTST M M 1 MAX(MPH)
MISC ----> # 48 330 61 230
================================================================================
NOTES:
# LAST OF SEVERAL OCCURRENCES
COLUMN 17 PEAK WIND IN M.P.H.
PRELIMINARY LOCAL CLIMATOLOGICAL DATA (WS FORM: F-6) , PAGE 2
STATION: MILES CITY MT
MONTH: JULY
YEAR: 2022
LATITUDE: 46 25 N
LONGITUDE: 105 53 W
[TEMPERATURE DATA] [PRECIPITATION DATA] SYMBOLS USED IN COLUMN 16
AVERAGE MONTHLY: 76.2 TOTAL FOR MONTH: 0.61 1 = FOG OR MIST
DPTR FM NORMAL: 2.0 DPTR FM NORMAL: -0.90 2 = FOG REDUCING VISIBILITY
HIGHEST: 106 ON 17 GRTST 24HR 0.20 ON 3- 3 TO 1/4 MILE OR LESS
LOWEST: 50 ON 1 3 = THUNDER
SNOW, ICE PELLETS, HAIL 4 = ICE PELLETS
TOTAL MONTH: M 5 = HAIL
GRTST 24HR M ON M 6 = FREEZING RAIN OR DRIZZLE
GRTST DEPTH: M ON M 7 = DUSTSTORM OR SANDSTORM:
VSBY 1/2 MILE OR LESS
8 = SMOKE OR HAZE
[NO. OF DAYS WITH] [WEATHER - DAYS WITH] 9 = BLOWING SNOW
X = TORNADO
MAX 32 OR BELOW: 0 0.01 INCH OR MORE: 6
MAX 90 OR ABOVE: 18 0.10 INCH OR MORE: 2
MIN 32 OR BELOW: 0 0.50 INCH OR MORE: 0
MIN 0 OR BELOW: 0 1.00 INCH OR MORE: 0
[HDD (BASE 65) ]
TOTAL THIS MO. 0 CLEAR (SCALE 0-3) 24
DPTR FM NORMAL -10 PTCLDY (SCALE 4-7) 2
TOTAL FM JUL 1 0 CLOUDY (SCALE 8-10) 5
DPTR FM NORMAL -7
[CDD (BASE 65) ]
TOTAL THIS MO. 357
DPTR FM NORMAL 63 [PRESSURE DATA]
TOTAL FM JAN 1 439 HIGHEST SLP 30.16 ON 11
DPTR FM NORMAL 32 LOWEST SLP 29.45 ON 18
[REMARKS]
#FINAL-07-22#