000
CXUS51 KCAR 010700
CF6MLT
PRELIMINARY LOCAL CLIMATOLOGICAL DATA (WS FORM: F-6)
STATION: MILLINOCKET ME
MONTH: FEBRUARY
YEAR: 2023
LATITUDE: 45 39 N
LONGITUDE: 68 41 W
TEMPERATURE IN F: :PCPN: SNOW: WIND :SUNSHINE: SKY :PK WND
================================================================================
1 2 3 4 5 6A 6B 7 8 9 10 11 12 13 14 15 16 17 18
12Z AVG MX 2MIN
DY MAX MIN AVG DEP HDD CDD WTR SNW DPTH SPD SPD DIR MIN PSBL S-S WX SPD DR
================================================================================
1 19 -14 3 -11 62 0 0.00 M M 2.3 8 280 M M 1 14 290
2 26 -4 11 -4 54 0 0.00 M M 2.5 10 230 M M 8 1 23 260
3 27 -20 4 -11 61 0 T M M 17.4 30 300 M M 6 19 47 290
4 -1 -20 -10 -25 75 0 T M M 14.7 29 300 M M 4 9 58 270
5 18 -3 8 -7 57 0 T M M 1.6 7 200 M M 10 15 210
6 32 14 23 8 42 0 0.00 M M 5.9 17 40 M M 7 32 40
7 27 0 14 -1 51 0 0.02 M M 4.0 13 50 M M 1 1 21 150
8 41 24 33 17 32 0 T M M 7.6 23 300 M M 7 8 35 310
9 35 17 26 10 39 0 0.35 M M 4.8 18 300 M M 3 12 28 310
10 38 24 31 15 34 0 0.20 M M 7.0 26 310 M M 10 16 41 280
11 30 15 23 7 42 0 0.00 M M 7.1 22 300 M M 3 33 290
12 37 13 25 8 40 0 0.00 M M 1.7 7 320 M M 9 8 11 290
13 35 23 29 12 36 0 0.00 M M 4.6 13 80 M M 10 18 70
14 32 12 22 5 43 0 0.01 M M 2.2 8 30 M M 8 1 11 50
15 41 5 23 6 42 0 0.01 M M 2.6 9 170 M M 5 1 19 160
16 49 34 42 24 23 0 0.00 M M 7.0 20 290 M M 4 1 38 280
17 35 11 23 5 42 0 0.14 M M 9.7 17 360 M M 9 168 28 350
18 25 -1 12 -6 53 0 0.00 M M 4.3 16 310 M M 3 26 290
19 38 22 30 11 35 0 0.00 M M 4.0 12 150 M M 6 20 180
20 45 30 38 19 27 0 0.00 M M 5.2 21 300 M M 5 31 300
21 30 15 23 4 42 0 0.00 M M 4.0 21 310 M M 1 8 28 300
22 29 15 22 2 43 0 0.00 M M 6.7 18 310 M M 2 8 30 310
23 15 6 11 -9 54 0 0.09 M M 7.1 15 40 M M 9 18 23 50
24 14 2 8 -12 57 0 0.10 M M 8.9 18 360 M M 7 1 29 340
25 13 -7 3 -18 62 0 0.00 M M 3.6 13 310 M M 2 19 300
26 15 -15 0 -21 65 0 T M M 1.7 8 140 M M 3 1 13 160
27 24 -10 7 -15 58 0 T M M 0.9 10 330 M M 6 1 15 330
28 27 7 17 -5 48 0 0.14 M M 5.5 17 100 M M 8 1 24 110
================================================================================
SM 796 195 1319 0 1.06 M 154.6 M 157
================================================================================
AV 28.4 7.0 5.5 FASTST M M 6 MAX(MPH)
MISC ----> 30 300 58 270
================================================================================
NOTES:
# LAST OF SEVERAL OCCURRENCES
COLUMN 17 PEAK WIND IN M.P.H.
PRELIMINARY LOCAL CLIMATOLOGICAL DATA (WS FORM: F-6) , PAGE 2
STATION: MILLINOCKET ME
MONTH: FEBRUARY
YEAR: 2023
LATITUDE: 45 39 N
LONGITUDE: 68 41 W
[TEMPERATURE DATA] [PRECIPITATION DATA] SYMBOLS USED IN COLUMN 16
AVERAGE MONTHLY: 17.7 TOTAL FOR MONTH: 1.06 1 = FOG OR MIST
DPTR FM NORMAL: 0.1 DPTR FM NORMAL: -1.07 2 = FOG REDUCING VISIBILITY
HIGHEST: 49 ON 16 GRTST 24HR 0.54 ON 9-10 TO 1/4 MILE OR LESS
LOWEST: -20 ON 4, 3 3 = THUNDER
SNOW, ICE PELLETS, HAIL 4 = ICE PELLETS
TOTAL MONTH: M 5 = HAIL
GRTST 24HR M ON M 6 = FREEZING RAIN OR DRIZZLE
GRTST DEPTH: M ON M 7 = DUSTSTORM OR SANDSTORM:
VSBY 1/2 MILE OR LESS
8 = SMOKE OR HAZE
[NO. OF DAYS WITH] [WEATHER - DAYS WITH] 9 = BLOWING SNOW
X = TORNADO
MAX 32 OR BELOW: 18 0.01 INCH OR MORE: 9
MAX 90 OR ABOVE: 0 0.10 INCH OR MORE: 5
MIN 32 OR BELOW: 27 0.50 INCH OR MORE: 0
MIN 0 OR BELOW: 10 1.00 INCH OR MORE: 0
[HDD (BASE 65) ]
TOTAL THIS MO. 1319 CLEAR (SCALE 0-3) 8
DPTR FM NORMAL -8 PTCLDY (SCALE 4-7) 14
TOTAL FM JUL 1 5145 CLOUDY (SCALE 8-10) 6
DPTR FM NORMAL -818
[CDD (BASE 65) ]
TOTAL THIS MO. 0
DPTR FM NORMAL 0 [PRESSURE DATA]
TOTAL FM JAN 1 0 HIGHEST SLP 30.56 ON 25
DPTR FM NORMAL 0 LOWEST SLP 29.45 ON 3
[REMARKS]
#FINAL-02-23#