000
CXUS51 KCAR 011956
CLMMLT
CLIMATE REPORT
NATIONAL WEATHER SERVICE CARIBOU ME
256 PM EST MON JAN 01 2024
...................................
...THE MILLINOCKET ME CLIMATE SUMMARY FOR THE MONTH OF DECEMBER 2023...
CLIMATE NORMAL PERIOD: 1991 TO 2020
CLIMATE RECORD PERIOD: 1903 TO 2023
WEATHER OBSERVED NORMAL DEPART LAST YEAR`S
VALUE DATE(S) VALUE FROM VALUE DATE(S)
NORMAL
................................................................
TEMPERATURE (F)
RECORD
HIGH 62 12/11/1907
LOW -35 12/31/1917
HIGHEST 59 12/18 MM MM 52 12/03
LOWEST -2 12/06 MM MM 8 12/28
AVG. MAXIMUM 36.1 31.0 5.1 35.3
AVG. MINIMUM 21.8 15.1 6.7 21.7
MEAN 29.0 23.0 6.0 28.5
DAYS MAX >= 90 0 0.0 0.0 0
DAYS MAX <= 32 9 16.6 -7.6 12
DAYS MIN <= 32 27 29.1 -2.1 29
DAYS MIN <= 0 1 2.9 -1.9 0
PRECIPITATION (INCHES)
RECORD
MAXIMUM 5.94 2003
MINIMUM 1.91 2001
TOTALS 3.64 0.19
DAILY AVG. 0.12 0.11 0.01 0.11
DAYS >= .01 10 12.3 -2.3 6
DAYS >= .10 6 7.1 -1.1 4
DAYS >= .50 2 2.5 -0.5 3
DAYS >= 1.00 1 0.8 0.2 1
SNOWFALL (INCHES)
RECORDS
TOTAL MM MM
TOTALS MM MM MM MM
SINCE 7/1 MM MM MM MM
SNOWDEPTH AVG. MM MM
DAYS >= 1.0 MM MM MM MM
GREATEST
SNOW DEPTH MM MM MM
24 HR TOTAL MM MM
DEGREE DAYS
HEATING TOTAL 1110 1300 -190 1093
SINCE 7/1 2642 3100 -458 MM
COOLING TOTAL 0 0 0 0
SINCE 1/1 419 293 126 MM
................................................................
WIND (MPH)
AVERAGE WIND SPEED 5.0
HIGHEST WIND SPEED/DIRECTION 25/130 DATE 12/18
HIGHEST GUST SPEED/DIRECTION 50/110 DATE 12/18
SKY COVER
POSSIBLE SUNSHINE (PERCENT) MM
AVERAGE SKY COVER 0.63
NUMBER OF DAYS FAIR 8
NUMBER OF DAYS PC 7
NUMBER OF DAYS CLOUDY 16
AVERAGE RH (PERCENT) 75
WEATHER CONDITIONS. NUMBER OF DAYS WITH
THUNDERSTORM 0 MIXED PRECIP 0
HEAVY RAIN 3 RAIN 3
LIGHT RAIN 10 FREEZING RAIN 0
LT FREEZING RAIN 2 HAIL 0
HEAVY SNOW 0 SNOW 1
LIGHT SNOW 6 SLEET 2
FOG 17 FOG W/VIS <= 1/4 MILE 2
HAZE 2
- INDICATES NEGATIVE NUMBERS.
* INDICATES RECORD WAS SET OR TIED.
MM INDICATES DATA IS MISSING.
T INDICATES TRACE AMOUNT.
$$