000
CXUS55 KBOU 010900
CF6MNH
PRELIMINARY LOCAL CLIMATOLOGICAL DATA (WS FORM: F-6)
STATION: ELBERT 6W CO
MONTH: APRIL
YEAR: 2021
LATITUDE: 39 13 N
LONGITUDE: 104 38 W
TEMPERATURE IN F: :PCPN: SNOW: WIND :SUNSHINE: SKY :PK WND
================================================================================
1 2 3 4 5 6A 6B 7 8 9 10 11 12 13 14 15 16 17 18
12Z AVG MX 2MIN
DY MAX MIN AVG DEP HDD CDD WTR SNW DPTH SPD SPD DIR MIN PSBL S-S WX SPD DR
================================================================================
1 61 23 42 M 23 0 0.00 M M 10.0 17 170 M M 0 24 170
2 64 34 49 M 16 0 0.00 M M 6.9 15 210 M M 0 20 40
3 68 34 51 M 14 0 0.00 M M 7.7 15 170 M M 0 18 160
4 70 39 55 M 10 0 0.00 M M 6.0 16 290 M M 1 21 320
5 70 37 54 M 11 0 0.00 M M 9.2 21 160 M M 0 26 160
6 54 27 41 M 24 0 0.10 M M 11.4 24 10 M M 4 32 330
7 50 23 37 M 28 0 0.00 M M 8.9 16 350 M M 4 12 24 350
8 61 32 47 M 18 0 0.00 M M 7.7 16 320 M M 2 24 270
9 41 25 33 M 32 0 0.00 M M 10.3 18 360 M M 3 1 29 350
10 59 27 43 M 22 0 0.00 M M 6.5 14 190 M M 1 16 120
11 52 25 39 M 26 0 0.00 M M 8.3 13 20 M M 1 23 20
12 43 18 31 M 34 0 0.00 M M 6.8 17 10 M M 6 23 10
13 43 27 35 M 30 0 0.03 M M 11.6 24 170 M M 7 31 170
14 43 27 35 M 30 0 0.00 M M 9.1 18 130 M M 9 26 130
15 32 25 29 M 36 0 0.12 M M 13.1 21 150 M M 10 12 26 150
16 28 21 25 M 40 0 0.05 M M 10.7 15 330 M M 10 1 17 340
17 32 21 27 M 38 0 0.00 M M 6.5 10 320 M M 8 M M
18 46 21 34 M 31 0 0.00 M M 8.7 15 330 M M 1 22 330
19 45 16 31 M 34 0 0.05 M M 8.6 13 40 M M 7 12 30 290
20 27 7 17 M 48 0 0.03 M M 5.0 13 M M M 6 1 28 M
21 34 21 28 M 37 0 0.00 M M 11.5 20 170 M M 7 1 26 180
22 50 19 35 M 30 0 0.00 M M 9.3 18 150 M M 3 25 10
23 50 32 41 M 24 0 0.00 M M 6.8 12 210 M M 5 20 90
24 61 30 46 M 19 0 0.00 M M 11.0 21 170 M M 1 26 170
25 72 32 52 M 13 0 0.00 M M 13.3 29 240 M M 0 37 250
26 70 46 58 M 7 0 0.00 M M 14.3 26 240 M M 0 33 220
27 50 34 42 M 23 0 0.93 M M 8.7 20 330 M M 6 123 28 300
28 46 32 39 M 26 0 0.03 M M 11.5 17 320 M M 7 12 23 320
29 59 32 46 M 19 0 0.00 M M 8.2 12 160 M M 0 16 320
30 70 41 56 M 9 0 0.00 M M 9.3 17 170 M M 0 21 170
================================================================================
SM 1551 828 752 0 1.34 M 277.0 M 109
================================================================================
AV 51.7 27.6 9.2 FASTST M M 4 MAX(MPH)
MISC ----> 29 240 37 250
================================================================================
NOTES:
# LAST OF SEVERAL OCCURRENCES
COLUMN 17 PEAK WIND IN M.P.H.
PRELIMINARY LOCAL CLIMATOLOGICAL DATA (WS FORM: F-6) , PAGE 2
STATION: ELBERT 6W CO
MONTH: APRIL
YEAR: 2021
LATITUDE: 39 13 N
LONGITUDE: 104 38 W
[TEMPERATURE DATA] [PRECIPITATION DATA] SYMBOLS USED IN COLUMN 16
AVERAGE MONTHLY: 39.7 TOTAL FOR MONTH: 1.34 1 = FOG OR MIST
DPTR FM NORMAL: 0.0 DPTR FM NORMAL: M 2 = FOG REDUCING VISIBILITY
HIGHEST: 72 ON 25 GRTST 24HR 0.93 ON 27-27 TO 1/4 MILE OR LESS
LOWEST: 7 ON 20 3 = THUNDER
SNOW, ICE PELLETS, HAIL 4 = ICE PELLETS
TOTAL MONTH: M 5 = HAIL
GRTST 24HR M ON M 6 = FREEZING RAIN OR DRIZZLE
GRTST DEPTH: M ON M 7 = DUSTSTORM OR SANDSTORM:
VSBY 1/2 MILE OR LESS
8 = SMOKE OR HAZE
[NO. OF DAYS WITH] [WEATHER - DAYS WITH] 9 = BLOWING SNOW
X = TORNADO
MAX 32 OR BELOW: 4 0.01 INCH OR MORE: 8
MAX 90 OR ABOVE: 0 0.10 INCH OR MORE: 3
MIN 32 OR BELOW: 23 0.50 INCH OR MORE: 1
MIN 0 OR BELOW: 0 1.00 INCH OR MORE: 0
[HDD (BASE 65) ]
TOTAL THIS MO. 752 CLEAR (SCALE 0-3) 15
DPTR FM NORMAL M PTCLDY (SCALE 4-7) 12
TOTAL FM JUL 1 6797 CLOUDY (SCALE 8-10) 3
DPTR FM NORMAL M
[CDD (BASE 65) ]
TOTAL THIS MO. 0
DPTR FM NORMAL M [PRESSURE DATA]
TOTAL FM JAN 1 0 HIGHEST SLP M ON M
DPTR FM NORMAL M LOWEST SLP M ON M
[REMARKS]
#FINAL-04-21#