000
CXUS56 KSTO 080534
CF6MOD
PRELIMINARY LOCAL CLIMATOLOGICAL DATA (WS FORM: F-6)
STATION: MODESTO CA
MONTH: NOVEMBER
YEAR: 2022
LATITUDE: 37 37 N
LONGITUDE: 120 57 W
TEMPERATURE IN F: :PCPN: SNOW: WIND :SUNSHINE: SKY :PK WND
================================================================================
1 2 3 4 5 6A 6B 7 8 9 10 11 12 13 14 15 16 17 18
12Z AVG MX 2MIN
DY MAX MIN AVG DEP HDD CDD WTR SNW DPTH SPD SPD DIR MIN PSBL S-S WX SPD DR
================================================================================
1 65 44 55 -5 10 0 0.24 M M 5.6 28 290 M M 2 1 33 290
2 58 44 51 -8 14 0 0.07 M M 2.7 20 300 M M 5 22 300
3 59 41 50 -9 15 0 0.00 M M 11.7 23 310 M M 2 31 310
4 63 36 50 -8 15 0 0.00 M M 2.3 7 120 M M 0 8 9 130
5 63 42 53 -5 12 0 0.00 M M 4.6 9 110 M M 8 10 110
6 62 52 57 -1 8 0 0.03 M M 5.8 12 110 M M 7 18 16 150
7 59 48 54 -3 11 0 0.23 M M 5.8 17 310 M M 8 1 21 310
8 56 45 51 -6 14 0 0.58 M M 7.9 15 140 M M 7 1 22 130
9 56 41 49 -8 16 0 0.04 M M 3.5 9 210 M M 5 18 14 200
10 58 40 49 -7 16 0 0.00 M M 6.6 14 310 M M 1 1 18 320
11 60 35 48 -8 17 0 0.00 M M 1.1 6 110 M M 0 18 7 130
12 58 37 48 -8 17 0 0.00 M M 5.4 18 310 M M 3 18 22 320
13 60 38 49 -6 16 0 0.00 M M 10.0 21 320 M M 0 26 310
14 60 33 47 -8 18 0 0.00 M M 2.9 8 110 M M 0 18 9 320
15 63 37 50 -4 15 0 0.00 M M 5.6 15 290 M M 0 1 18 300
16 63 33 48 -6 17 0 0.00 M M 2.2 9 260 M M 0 1 11 280
17 60 33 47 -7 18 0 0.00 M M 2.2 8 310 M M 1 18 10 280
18 62 35 49 -4 16 0 0.00 M M 4.0 15 310 M M 0 18 18 300
19 62 37 50 -3 15 0 0.00 M M 4.0 12 310 M M 0 18 15 300
20 64 32 48 -5 17 0 0.00 M M 0.6 6 310 M M 0 18 8 320
21 63 31 47 -5 18 0 0.00 M M 1.0 6 120 M M 0 18 7 330
22 62 31 47 -5 18 0 0.00 0.0 M 1.2 9 320 M M 0 18 13 330
23 63 34 49 -3 16 0 0.00 0.0 M 1.1 8 330 M M 0 18 11 310
24 64 35 50 -2 15 0 0.00 0.0 M 2.1 7 120 M M 0 18 10 100
25 67 36 52 1 13 0 0.00 M M 2.3 8 300 M M 0 18 9 310
26 64 39 52 1 13 0 0.00 M M 4.1 14 330 M M 0 18 17 330
27 63 34 49 -2 16 0 0.00 M M 2.0 8 330 M M 0 18 10 320
28 63 34 49 -1 16 0 0.00 M M 7.9 21 310 M M 1 18 26 310
29 57 34 46 -4 19 0 0.00 M M 3.6 15 300 M M 0 18 20 310
30 60 30 45 -5 20 0 0.00 M M 4.0 10 160 M M 2 18 14 150
================================================================================
SM 1837 1121 461 0 1.19 0.0 123.8 M 52
================================================================================
AV 61.2 37.4 4.1 FASTST M M 2 MAX(MPH)
MISC ----> 28 290 33 290
================================================================================
NOTES:
# LAST OF SEVERAL OCCURRENCES
COLUMN 17 PEAK WIND IN M.P.H.
PRELIMINARY LOCAL CLIMATOLOGICAL DATA (WS FORM: F-6) , PAGE 2
STATION: MODESTO CA
MONTH: NOVEMBER
YEAR: 2022
LATITUDE: 37 37 N
LONGITUDE: 120 57 W
[TEMPERATURE DATA] [PRECIPITATION DATA] SYMBOLS USED IN COLUMN 16
AVERAGE MONTHLY: 49.3 TOTAL FOR MONTH: 1.19 1 = FOG OR MIST
DPTR FM NORMAL: -5.2 DPTR FM NORMAL: 0.12 2 = FOG REDUCING VISIBILITY
HIGHEST: 67 ON 25 GRTST 24HR 0.62 ON 8- 9 TO 1/4 MILE OR LESS
LOWEST: 30 ON 30 3 = THUNDER
SNOW, ICE PELLETS, HAIL 4 = ICE PELLETS
TOTAL MONTH: 0.0 INCH 5 = HAIL
GRTST 24HR 0.0 6 = FREEZING RAIN OR DRIZZLE
GRTST DEPTH: M ON M 7 = DUSTSTORM OR SANDSTORM:
VSBY 1/2 MILE OR LESS
8 = SMOKE OR HAZE
[NO. OF DAYS WITH] [WEATHER - DAYS WITH] 9 = BLOWING SNOW
X = TORNADO
MAX 32 OR BELOW: 0 0.01 INCH OR MORE: 6
MAX 90 OR ABOVE: 0 0.10 INCH OR MORE: 3
MIN 32 OR BELOW: 4 0.50 INCH OR MORE: 1
MIN 0 OR BELOW: 0 1.00 INCH OR MORE: 0
[HDD (BASE 65) ]
TOTAL THIS MO. 461 CLEAR (SCALE 0-3) 23
DPTR FM NORMAL 143 PTCLDY (SCALE 4-7) 7
TOTAL FM JUL 1 523 CLOUDY (SCALE 8-10) 0
DPTR FM NORMAL 133
[CDD (BASE 65) ]
TOTAL THIS MO. 0
DPTR FM NORMAL -2 [PRESSURE DATA]
TOTAL FM JAN 1 1922 HIGHEST SLP 30.39 ON 16
DPTR FM NORMAL 299 LOWEST SLP 29.55 ON 8
[REMARKS]
#FINAL-11-22#