000
CXUS56 KSTO 151111
CF6MOD
PRELIMINARY LOCAL CLIMATOLOGICAL DATA (WS FORM: F-6)
STATION: MODESTO CA
MONTH: JANUARY
YEAR: 2022
LATITUDE: 37 37 N
LONGITUDE: 120 57 W
TEMPERATURE IN F: :PCPN: SNOW: WIND :SUNSHINE: SKY :PK WND
================================================================================
1 2 3 4 5 6A 6B 7 8 9 10 11 12 13 14 15 16 17 18
12Z AVG MX 2MIN
DY MAX MIN AVG DEP HDD CDD WTR SNW DPTH SPD SPD DIR MIN PSBL S-S WX SPD DR
================================================================================
1 50 33 42 -4 23 0 0.00 0.0 M 4.4 14 290 M M 0 1 17 300
2 52 29 41 -5 24 0 0.00 M M 3.2 10 160 M M 0 1 14 160
3 54 31 43 -3 22 0 0.00 M M 6.0 12 140 M M 1 1 16 140
4 59 41 50 4 15 0 0.00 0.0 M 3.5 9 110 M M 4 1 11 140
5 63 46 55 9 10 0 0.00 0.0 M 3.1 12 330 M M 6 1 14 320
6 57 51 54 7 11 0 0.00 0.0 M 1.6 8 340 M M 10 1 10 330
7 57 45 51 4 14 0 T M M 2.9 8 90 M M 8 1 10 90
8 53 39 46 -1 19 0 0.00 M M 5.5 13 310 M M 7 12 15 300
9 59 35 47 0 18 0 0.00 0.0 M 1.8 8 100 M M 2 12 9 90
10 60 38 49 2 16 0 0.00 0.0 M 2.8 10 280 M M 1 18 12 290
11 61 34 48 1 17 0 0.00 0.0 M 2.1 7 150 M M 1 12 8 120
12 60 35 48 1 17 0 0.00 0.0 M 3.1 8 170 M M 0 128 10 180
13 61 40 51 4 14 0 0.00 0.0 M 2.8 9 330 M M 0 128 12 340
14 58 37 48 1 17 0 0.00 M M 4.1 13 110 M M 5 128 14 110
15 60 39 50 3 15 0 0.00 M M 1.3 10 160 M M 5 128 15 140
16 63 43 53 6 12 0 0.00 M M 3.1 8 310 M M 3 18 10 120
17 62 41 52 5 13 0 0.00 M M 1.2 6 80 M M 4 18 8 280
18 61 41 51 4 14 0 0.00 M M 2.9 14 310 M M 1 18 15 320
19 60 37 49 1 16 0 0.00 M M 3.3 12 320 M M 1 12 14 320
20 63 36 50 2 15 0 0.00 0.0 M 2.1 8 170 M M 0 18 10 160
21 66 43 55 7 10 0 0.00 0.0 M 14.2 28 330 M M 0 1 35 320
22 57 33 45 -3 20 0 0.00 0.0 M 3.2 18 300 M M 0 18 22 290
23 60 36 48 0 17 0 0.00 0.0 M 2.0 6 330 M M 4 128 8 320
24 63 32 48 0 17 0 0.00 0.0 M 2.4 9 330 M M 0 18 11 320
25 61 36 49 1 16 0 0.00 M M 3.2 8 110 M M 2 128 12 290
26 63 32 48 0 17 0 0.00 M M 4.2 10 290 M M 0 18 13 300
27 64 33 49 0 16 0 0.00 0.0 M 1.2 7 310 M M 0 18 8 180
28 63 34 49 0 16 0 0.00 M M 1.2 6 100 M M 0 18 7 120
29 63 33 48 -1 17 0 0.00 0.0 M 2.8 10 330 M M 0 18 12 330
30 63 31 47 -2 18 0 0.00 0.0 M 2.2 7 120 M M 0 18 9 140
31 59 37 48 -1 17 0 0.00 0.0 M 4.1 14 330 M M 0 18 17 310
================================================================================
SM 1855 1151 503 0 T 0.0 101.5 M 65
================================================================================
AV 59.8 37.1 3.3 FASTST M M 2 MAX(MPH)
MISC ----> 28 330 35 320
================================================================================
NOTES:
# LAST OF SEVERAL OCCURRENCES
COLUMN 17 PEAK WIND IN M.P.H.
PRELIMINARY LOCAL CLIMATOLOGICAL DATA (WS FORM: F-6) , PAGE 2
STATION: MODESTO CA
MONTH: JANUARY
YEAR: 2022
LATITUDE: 37 37 N
LONGITUDE: 120 57 W
[TEMPERATURE DATA] [PRECIPITATION DATA] SYMBOLS USED IN COLUMN 16
AVERAGE MONTHLY: 48.5 TOTAL FOR MONTH: T 1 = FOG OR MIST
DPTR FM NORMAL: 1.0 DPTR FM NORMAL: -2.57 2 = FOG REDUCING VISIBILITY
HIGHEST: 66 ON 21 GRTST 24HR 0.27 ON 3- 4 TO 1/4 MILE OR LESS
LOWEST: 29 ON 2 3 = THUNDER
SNOW, ICE PELLETS, HAIL 4 = ICE PELLETS
TOTAL MONTH: 0.0 INCH 5 = HAIL
GRTST 24HR 0.0 6 = FREEZING RAIN OR DRIZZLE
GRTST DEPTH: M ON M 7 = DUSTSTORM OR SANDSTORM:
VSBY 1/2 MILE OR LESS
8 = SMOKE OR HAZE
[NO. OF DAYS WITH] [WEATHER - DAYS WITH] 9 = BLOWING SNOW
X = TORNADO
MAX 32 OR BELOW: 0 0.01 INCH OR MORE: 0
MAX 90 OR ABOVE: 0 0.10 INCH OR MORE: 0
MIN 32 OR BELOW: 5 0.50 INCH OR MORE: 0
MIN 0 OR BELOW: 0 1.00 INCH OR MORE: 0
[HDD (BASE 65) ]
TOTAL THIS MO. 503 CLEAR (SCALE 0-3) 22
DPTR FM NORMAL -41 PTCLDY (SCALE 4-7) 8
TOTAL FM JUL 1 1451 CLOUDY (SCALE 8-10) 1
DPTR FM NORMAL -28
[CDD (BASE 65) ]
TOTAL THIS MO. 0
DPTR FM NORMAL 0 [PRESSURE DATA]
TOTAL FM JAN 1 0 HIGHEST SLP 30.47 ON 10
DPTR FM NORMAL 0 LOWEST SLP 29.92 ON 7
[REMARKS]
#FINAL-01-22#